{"id":5223,"date":"2024-11-05T16:57:23","date_gmt":"2024-11-05T15:57:23","guid":{"rendered":"https:\/\/etev7e.pef.czu.cz\/zs2223\/?post_type=product&#038;p=5223"},"modified":"2024-11-05T16:57:23","modified_gmt":"2024-11-05T15:57:23","slug":"napajeci-adapter","status":"publish","type":"product","link":"https:\/\/etev7e.pef.czu.cz\/zs2223\/produkt\/napajeci-adapter\/","title":{"rendered":"Nap\u00e1jec\u00ed adapt\u00e9r"},"content":{"rendered":"<p>Nap\u00e1jec\u00ed adapt\u00e9r do z\u00e1suvky zna\u010dky apple bez nab\u00edjec\u00edho kabelu. S univerz\u00e1ln\u00ed koncovkou USB-C a maxim\u00e1ln\u00edm v\u00fdkonem 20W. Vhodn\u00fd pro mobiln\u00ed telefony, tablety i notebooky.<\/p>\n","protected":false},"excerpt":{"rendered":"<p>Nap\u00e1jec\u00ed adapt\u00e9r do z\u00e1suvky bez nab\u00edjec\u00edho kabelu, USB C, 20W<\/p>\n","protected":false},"featured_media":5227,"comment_status":"open","ping_status":"closed","template":"","meta":[],"product_brand":[],"product_cat":[1445],"product_tag":[1478,96,1476,1479,1477],"class_list":{"0":"post-5223","1":"product","2":"type-product","3":"status-publish","4":"has-post-thumbnail","6":"product_cat-prislusenstvi-pro-mobilni-telefony","7":"product_tag-20w","8":"product_tag-apple","9":"product_tag-nabijecka","10":"product_tag-nabijeni","11":"product_tag-usb-c","13":"first","14":"instock","15":"taxable","16":"shipping-taxable","17":"purchasable","18":"product-type-simple"},"jetpack_sharing_enabled":true,"_links":{"self":[{"href":"https:\/\/etev7e.pef.czu.cz\/zs2223\/wp-json\/wp\/v2\/product\/5223","targetHints":{"allow":["GET"]}}],"collection":[{"href":"https:\/\/etev7e.pef.czu.cz\/zs2223\/wp-json\/wp\/v2\/product"}],"about":[{"href":"https:\/\/etev7e.pef.czu.cz\/zs2223\/wp-json\/wp\/v2\/types\/product"}],"replies":[{"embeddable":true,"href":"https:\/\/etev7e.pef.czu.cz\/zs2223\/wp-json\/wp\/v2\/comments?post=5223"}],"wp:featuredmedia":[{"embeddable":true,"href":"https:\/\/etev7e.pef.czu.cz\/zs2223\/wp-json\/wp\/v2\/media\/5227"}],"wp:attachment":[{"href":"https:\/\/etev7e.pef.czu.cz\/zs2223\/wp-json\/wp\/v2\/media?parent=5223"}],"wp:term":[{"taxonomy":"product_brand","embeddable":true,"href":"https:\/\/etev7e.pef.czu.cz\/zs2223\/wp-json\/wp\/v2\/product_brand?post=5223"},{"taxonomy":"product_cat","embeddable":true,"href":"https:\/\/etev7e.pef.czu.cz\/zs2223\/wp-json\/wp\/v2\/product_cat?post=5223"},{"taxonomy":"product_tag","embeddable":true,"href":"https:\/\/etev7e.pef.czu.cz\/zs2223\/wp-json\/wp\/v2\/product_tag?post=5223"}],"curies":[{"name":"wp","href":"https:\/\/api.w.org\/{rel}","templated":true}]}}