{"id":5259,"date":"2024-11-05T17:51:25","date_gmt":"2024-11-05T16:51:25","guid":{"rendered":"https:\/\/etev7e.pef.czu.cz\/zs2223\/?post_type=product&#038;p=5259"},"modified":"2024-11-22T17:43:30","modified_gmt":"2024-11-22T16:43:30","slug":"elf-bar-zero-apple-peach","status":"publish","type":"product","link":"https:\/\/etev7e.pef.czu.cz\/zs2223\/produkt\/elf-bar-zero-apple-peach\/","title":{"rendered":"ELF BAR ZERO APPLE PEACH"},"content":{"rendered":"<p>Jednor\u00e1zov\u00e1 elektronick\u00e1 cigareta bez nikotinu umo\u017e\u0148uje u\u017eivatel\u016fm si vychutnat chu\u0165 ovocn\u00fdch p\u0159\u00edchut\u00ed bez n\u00e1vykov\u00e9 l\u00e1tky. Z\u00e1sobn\u00edk na 2 ml n\u00e1pln\u011b zaru\u010duje a\u017e 600 potah\u016f, jej\u00ed\u017e vypr\u00e1zdn\u011bn\u00ed je indikov\u00e1no led diodou um\u00edst\u011bnou na spodn\u00ed stran\u011b za\u0159\u00edzen\u00ed.<\/p>\n","protected":false},"excerpt":{"rendered":"<p>Elektronick\u00e1 jednor\u00e1zov\u00e1 cigareta bez obsahu nikotinu s v\u00edce jak 600 potahy.<\/p>\n","protected":false},"featured_media":5260,"comment_status":"open","ping_status":"closed","template":"","meta":[],"product_brand":[],"product_cat":[1481],"product_tag":[270,635],"class_list":{"0":"post-5259","1":"product","2":"type-product","3":"status-publish","4":"has-post-thumbnail","6":"product_cat-elektronicke_cigarety","7":"product_tag-elektronicke-cigarety","8":"product_tag-vaporizer","10":"first","11":"instock","12":"sale","13":"taxable","14":"shipping-taxable","15":"purchasable","16":"product-type-simple"},"jetpack_sharing_enabled":true,"_links":{"self":[{"href":"https:\/\/etev7e.pef.czu.cz\/zs2223\/wp-json\/wp\/v2\/product\/5259","targetHints":{"allow":["GET"]}}],"collection":[{"href":"https:\/\/etev7e.pef.czu.cz\/zs2223\/wp-json\/wp\/v2\/product"}],"about":[{"href":"https:\/\/etev7e.pef.czu.cz\/zs2223\/wp-json\/wp\/v2\/types\/product"}],"replies":[{"embeddable":true,"href":"https:\/\/etev7e.pef.czu.cz\/zs2223\/wp-json\/wp\/v2\/comments?post=5259"}],"wp:featuredmedia":[{"embeddable":true,"href":"https:\/\/etev7e.pef.czu.cz\/zs2223\/wp-json\/wp\/v2\/media\/5260"}],"wp:attachment":[{"href":"https:\/\/etev7e.pef.czu.cz\/zs2223\/wp-json\/wp\/v2\/media?parent=5259"}],"wp:term":[{"taxonomy":"product_brand","embeddable":true,"href":"https:\/\/etev7e.pef.czu.cz\/zs2223\/wp-json\/wp\/v2\/product_brand?post=5259"},{"taxonomy":"product_cat","embeddable":true,"href":"https:\/\/etev7e.pef.czu.cz\/zs2223\/wp-json\/wp\/v2\/product_cat?post=5259"},{"taxonomy":"product_tag","embeddable":true,"href":"https:\/\/etev7e.pef.czu.cz\/zs2223\/wp-json\/wp\/v2\/product_tag?post=5259"}],"curies":[{"name":"wp","href":"https:\/\/api.w.org\/{rel}","templated":true}]}}