{"id":5268,"date":"2024-11-06T19:21:06","date_gmt":"2024-11-06T18:21:06","guid":{"rendered":"https:\/\/etev7e.pef.czu.cz\/zs2223\/?post_type=product&#038;p=5268"},"modified":"2024-11-06T19:21:06","modified_gmt":"2024-11-06T18:21:06","slug":"apple-watch-series-7","status":"publish","type":"product","link":"https:\/\/etev7e.pef.czu.cz\/zs2223\/produkt\/apple-watch-series-7\/","title":{"rendered":"Apple Watch Series 7"},"content":{"rendered":"<p><span class=\"TextRun SCXW94469885 BCX0\" lang=\"CS-CZ\" xml:lang=\"CS-CZ\" data-contrast=\"auto\"><span class=\"NormalTextRun SCXW94469885 BCX0\">Apple <\/span><span class=\"NormalTextRun SpellingErrorV2Themed SCXW94469885 BCX0\">Watch<\/span><span class=\"NormalTextRun SCXW94469885 BCX0\"> jsou chytr\u00e9 hodinky, kter\u00e9 kombinuj\u00ed elegantn\u00ed design s \u0161irokou \u0161k\u00e1lou funkc\u00ed zam\u011b\u0159en\u00fdch na zdrav\u00ed a fitness. Jsou vybaveny pokro\u010dil\u00fdmi senzory, jako je m\u011b\u0159i\u010d srde\u010dn\u00edho tepu, monitorov\u00e1n\u00ed okysli\u010den\u00ed krve a EKG, co\u017e u\u017eivatel\u016fm umo\u017e\u0148uje sledovat sv\u016fj zdravotn\u00ed stav v re\u00e1ln\u00edm \u010dase. Apple <\/span><span class=\"NormalTextRun SpellingErrorV2Themed SCXW94469885 BCX0\">Watch<\/span><span class=\"NormalTextRun SCXW94469885 BCX0\"> tak\u00e9 podporuj\u00ed sledov\u00e1n\u00ed aktivity, m\u011b\u0159en\u00ed krok\u016f, kalori\u00ed a vzd\u00e1lenosti. Nab\u00edz\u00ed tak\u00e9 tr\u00e9ninkov\u00e9 re\u017eimy pro r\u016fzn\u00e9 druhy sport\u016f.\u00a0<\/span><\/span><span class=\"EOP SCXW94469885 BCX0\" data-ccp-props=\"{&quot;201341983&quot;:0,&quot;335559739&quot;:0,&quot;335559740&quot;:257}\">\u00a0<\/span><\/p>\n","protected":false},"excerpt":{"rendered":"<p>Apple Watch jsou chytr\u00e9 hodinky s elegantn\u00edm designem, zam\u011b\u0159en\u00e9 na zdrav\u00ed a fitness. Nab\u00edz\u00ed senzory pro m\u011b\u0159en\u00ed srde\u010dn\u00edho tepu, okysli\u010den\u00ed krve a EKG, co\u017e umo\u017e\u0148uje sledovat zdrav\u00ed v re\u00e1ln\u00e9m \u010dase. Podporuj\u00ed sledov\u00e1n\u00ed aktivity, krok\u016f, kalori\u00ed, vzd\u00e1lenosti a tr\u00e9ninkov\u00e9 re\u017eimy pro r\u016fzn\u00e9 sporty.<\/p>\n","protected":false},"featured_media":5272,"comment_status":"open","ping_status":"closed","template":"","meta":[],"product_brand":[],"product_cat":[1453],"product_tag":[1197,76,1487],"class_list":{"0":"post-5268","1":"product","2":"type-product","3":"status-publish","4":"has-post-thumbnail","6":"product_cat-smart-tech","7":"product_tag-apple-watch","8":"product_tag-chytre-hodinky","9":"product_tag-smart-watch","11":"first","12":"instock","13":"sale","14":"taxable","15":"shipping-taxable","16":"purchasable","17":"product-type-simple"},"jetpack_sharing_enabled":true,"_links":{"self":[{"href":"https:\/\/etev7e.pef.czu.cz\/zs2223\/wp-json\/wp\/v2\/product\/5268","targetHints":{"allow":["GET"]}}],"collection":[{"href":"https:\/\/etev7e.pef.czu.cz\/zs2223\/wp-json\/wp\/v2\/product"}],"about":[{"href":"https:\/\/etev7e.pef.czu.cz\/zs2223\/wp-json\/wp\/v2\/types\/product"}],"replies":[{"embeddable":true,"href":"https:\/\/etev7e.pef.czu.cz\/zs2223\/wp-json\/wp\/v2\/comments?post=5268"}],"wp:featuredmedia":[{"embeddable":true,"href":"https:\/\/etev7e.pef.czu.cz\/zs2223\/wp-json\/wp\/v2\/media\/5272"}],"wp:attachment":[{"href":"https:\/\/etev7e.pef.czu.cz\/zs2223\/wp-json\/wp\/v2\/media?parent=5268"}],"wp:term":[{"taxonomy":"product_brand","embeddable":true,"href":"https:\/\/etev7e.pef.czu.cz\/zs2223\/wp-json\/wp\/v2\/product_brand?post=5268"},{"taxonomy":"product_cat","embeddable":true,"href":"https:\/\/etev7e.pef.czu.cz\/zs2223\/wp-json\/wp\/v2\/product_cat?post=5268"},{"taxonomy":"product_tag","embeddable":true,"href":"https:\/\/etev7e.pef.czu.cz\/zs2223\/wp-json\/wp\/v2\/product_tag?post=5268"}],"curies":[{"name":"wp","href":"https:\/\/api.w.org\/{rel}","templated":true}]}}