{"id":5282,"date":"2024-11-05T18:36:42","date_gmt":"2024-11-05T17:36:42","guid":{"rendered":"https:\/\/etev7e.pef.czu.cz\/zs2223\/?post_type=product&#038;p=5282"},"modified":"2024-11-28T11:34:20","modified_gmt":"2024-11-28T10:34:20","slug":"dres-sk-slavia-praha-museum-trikot","status":"publish","type":"product","link":"https:\/\/etev7e.pef.czu.cz\/zs2223\/produkt\/dres-sk-slavia-praha-museum-trikot\/","title":{"rendered":"Dres SK Slavia Praha Museum Trikot"},"content":{"rendered":"<p>Dres Slavia Praha v retro proveden\u00ed v klasick\u00e9 \u010dervenob\u00edl\u00e9 kombinaci. Tento dres odrazuje dlouhou a bohatou historii klubu, jeho\u017e proveden\u00ed\u00a0 ukazuje dobovost a autenticitu.<\/p>\n","protected":false},"excerpt":{"rendered":"<p>Retro dres Slavia Praha v klasick\u00e9 \u010dervenob\u00edl\u00e9 kombinaci odr\u00e1\u017e\u00ed bohatou historii klubu a p\u016fsob\u00ed autenticky.<\/p>\n","protected":false},"featured_media":5284,"comment_status":"open","ping_status":"closed","template":"","meta":[],"product_brand":[],"product_cat":[1484],"product_tag":[1486,1185,546,1494,350,1391],"class_list":{"0":"post-5282","1":"product","2":"type-product","3":"status-publish","4":"has-post-thumbnail","6":"product_cat-dresy-fotbalove","7":"product_tag-fotbal","8":"product_tag-limitovana-edice","9":"product_tag-retro","10":"product_tag-slavie","11":"product_tag-sport","12":"product_tag-tricka","14":"first","15":"instock","16":"sale","17":"taxable","18":"shipping-taxable","19":"purchasable","20":"product-type-variable"},"jetpack_sharing_enabled":true,"_links":{"self":[{"href":"https:\/\/etev7e.pef.czu.cz\/zs2223\/wp-json\/wp\/v2\/product\/5282","targetHints":{"allow":["GET"]}}],"collection":[{"href":"https:\/\/etev7e.pef.czu.cz\/zs2223\/wp-json\/wp\/v2\/product"}],"about":[{"href":"https:\/\/etev7e.pef.czu.cz\/zs2223\/wp-json\/wp\/v2\/types\/product"}],"replies":[{"embeddable":true,"href":"https:\/\/etev7e.pef.czu.cz\/zs2223\/wp-json\/wp\/v2\/comments?post=5282"}],"wp:featuredmedia":[{"embeddable":true,"href":"https:\/\/etev7e.pef.czu.cz\/zs2223\/wp-json\/wp\/v2\/media\/5284"}],"wp:attachment":[{"href":"https:\/\/etev7e.pef.czu.cz\/zs2223\/wp-json\/wp\/v2\/media?parent=5282"}],"wp:term":[{"taxonomy":"product_brand","embeddable":true,"href":"https:\/\/etev7e.pef.czu.cz\/zs2223\/wp-json\/wp\/v2\/product_brand?post=5282"},{"taxonomy":"product_cat","embeddable":true,"href":"https:\/\/etev7e.pef.czu.cz\/zs2223\/wp-json\/wp\/v2\/product_cat?post=5282"},{"taxonomy":"product_tag","embeddable":true,"href":"https:\/\/etev7e.pef.czu.cz\/zs2223\/wp-json\/wp\/v2\/product_tag?post=5282"}],"curies":[{"name":"wp","href":"https:\/\/api.w.org\/{rel}","templated":true}]}}