{"id":5333,"date":"2024-11-06T18:33:32","date_gmt":"2024-11-06T17:33:32","guid":{"rendered":"https:\/\/etev7e.pef.czu.cz\/zs2223\/?post_type=product&#038;p=5333"},"modified":"2024-11-19T10:40:53","modified_gmt":"2024-11-19T09:40:53","slug":"activity-original","status":"publish","type":"product","link":"https:\/\/etev7e.pef.czu.cz\/zs2223\/produkt\/activity-original\/","title":{"rendered":"Activity original"},"content":{"rendered":"<p>Hra Activity Original je z\u00e1bavn\u00e1 multigenera\u010dn\u00ed spole\u010densk\u00e1 hra pro celou rodinu. Stala se velmi popul\u00e1rn\u00ed spole\u010denskou hrou a v roce 2011 z\u00edskala presti\u017en\u00ed ocen\u011bn\u00ed Hra\u010dka roku. Porota ji ocenila za to, jak efektivn\u011b rozv\u00edj\u00ed my\u0161len\u00ed a kreativitu hr\u00e1\u010d\u016f z\u00e1bavnou formou. Princip hry spo\u010d\u00edv\u00e1 ve vysv\u011btlov\u00e1n\u00ed r\u016fzn\u00fdch pojm\u016f pomoc\u00ed kreslen\u00ed, popisu nebo pantomimy, a ostatn\u00ed hr\u00e1\u010di je mus\u00ed uhodnout. Pokud se pojem kresl\u00ed, nen\u00ed dovoleno mluvit ani gestikulovat. Kresba nesm\u00ed obsahovat p\u00edsmena ani \u010d\u00edslice. P\u0159i verb\u00e1ln\u00edm popisu je nutn\u00e9 pou\u017e\u00edt slova, ale nesm\u00ed se p\u0159itom \u0159\u00edct samotn\u00e9 slovo, jeho ko\u0159en ani \u017e\u00e1dn\u00e9 odvozen\u00e9 formy. P\u0159i pantomim\u011b se tak\u00e9 nesm\u00ed mluvit a nen\u00ed dovoleno ukazovat na \u017e\u00e1dn\u00e9 objekty. Hra je ur\u010dena pro t\u0159i a v\u00edce hr\u00e1\u010d\u016f, co\u017e z n\u00ed d\u011bl\u00e1 ide\u00e1ln\u00ed volbu pro rodinn\u00e1 odpoledne nebo ve\u010dern\u00ed posezen\u00ed s p\u0159\u00e1teli, kde se zaru\u010den\u011b pobav\u00edte a u\u017eijete si spoustu sm\u00edchu.<\/p>\n<p><strong>Obsah hry:<\/strong>\u00a0440 karet se 6 pojmy, 4 figurky, 1 hrac\u00ed deska, 1 p\u0159es\u00fdpac\u00ed hodiny, pravidla hry<br \/>\n<strong>Po\u010det hr\u00e1\u010d\u016f:<\/strong>\u00a03 &#8211; 16<br \/>\n<strong>D\u00e9lka hry:<\/strong>\u00a045 minut +<br \/>\n<strong>Doporu\u010den\u00e1 v\u011bkov\u00e1 hranice:<\/strong>\u00a012+<\/p>\n","protected":false},"excerpt":{"rendered":"<p>Activity Original je z\u00e1bavn\u00e1 hra pro celou rodinu, kde se kresl\u00ed, popisuje a p\u0159edv\u00e1d\u00ed. Rozv\u00edj\u00ed kreativitu a zaru\u010duje spoustu sm\u00edchu!<\/p>\n","protected":false},"featured_media":5334,"comment_status":"open","ping_status":"closed","template":"","meta":[],"product_brand":[],"product_cat":[1511],"product_tag":[681,303,299,1808,903],"class_list":{"0":"post-5333","1":"product","2":"type-product","3":"status-publish","4":"has-post-thumbnail","6":"product_cat-spolecenske_hry","7":"product_tag-deskove-hry","8":"product_tag-party-hry","9":"product_tag-stolni-hry","10":"product_tag-tymove-hry","11":"product_tag-zabava","13":"first","14":"instock","15":"taxable","16":"shipping-taxable","17":"purchasable","18":"product-type-simple"},"jetpack_sharing_enabled":true,"_links":{"self":[{"href":"https:\/\/etev7e.pef.czu.cz\/zs2223\/wp-json\/wp\/v2\/product\/5333","targetHints":{"allow":["GET"]}}],"collection":[{"href":"https:\/\/etev7e.pef.czu.cz\/zs2223\/wp-json\/wp\/v2\/product"}],"about":[{"href":"https:\/\/etev7e.pef.czu.cz\/zs2223\/wp-json\/wp\/v2\/types\/product"}],"replies":[{"embeddable":true,"href":"https:\/\/etev7e.pef.czu.cz\/zs2223\/wp-json\/wp\/v2\/comments?post=5333"}],"wp:featuredmedia":[{"embeddable":true,"href":"https:\/\/etev7e.pef.czu.cz\/zs2223\/wp-json\/wp\/v2\/media\/5334"}],"wp:attachment":[{"href":"https:\/\/etev7e.pef.czu.cz\/zs2223\/wp-json\/wp\/v2\/media?parent=5333"}],"wp:term":[{"taxonomy":"product_brand","embeddable":true,"href":"https:\/\/etev7e.pef.czu.cz\/zs2223\/wp-json\/wp\/v2\/product_brand?post=5333"},{"taxonomy":"product_cat","embeddable":true,"href":"https:\/\/etev7e.pef.czu.cz\/zs2223\/wp-json\/wp\/v2\/product_cat?post=5333"},{"taxonomy":"product_tag","embeddable":true,"href":"https:\/\/etev7e.pef.czu.cz\/zs2223\/wp-json\/wp\/v2\/product_tag?post=5333"}],"curies":[{"name":"wp","href":"https:\/\/api.w.org\/{rel}","templated":true}]}}