{"id":5360,"date":"2024-11-06T14:37:49","date_gmt":"2024-11-06T13:37:49","guid":{"rendered":"https:\/\/etev7e.pef.czu.cz\/zs2223\/?post_type=product&#038;p=5360"},"modified":"2024-11-18T12:29:59","modified_gmt":"2024-11-18T11:29:59","slug":"flexfit-panske-sportovni-tilko","status":"publish","type":"product","link":"https:\/\/etev7e.pef.czu.cz\/zs2223\/produkt\/flexfit-panske-sportovni-tilko\/","title":{"rendered":"FlexFit p\u00e1nsk\u00e9 sportovn\u00ed t\u00edlko"},"content":{"rendered":"<div id=\"yui_3_17_2_1_1730898829016_47\">\n<p id=\"yui_3_17_2_1_1730898829016_46\"><span id=\"yui_3_17_2_1_1730898829016_45\" lang=\"cs-cz\" xml:lang=\"cs-cz\">Toto \u010dern\u00e9 sportovn\u00ed p\u00e1nsk\u00e9 t\u00edlko FlexFit je navr\u017eeno pro maxim\u00e1ln\u00ed pohodl\u00ed a v\u00fdkon p\u0159i ka\u017ed\u00e9m pohybu. Vyrobeno z lehk\u00e9ho, prody\u0161n\u00e9ho a rychleschnouc\u00edho materi\u00e1lu, kter\u00fd odv\u00e1d\u00ed pot a udr\u017euje v\u00e1s v suchu i b\u011bhem nejn\u00e1ro\u010dn\u011bj\u0161\u00edch tr\u00e9nink\u016f. D\u00edky elastick\u00e9mu st\u0159ihu se tri\u010dko p\u0159izp\u016fsob\u00ed t\u011blu, neomezuje pohyb a poskytuje optim\u00e1ln\u00ed svobodu p\u0159i jak\u00e9mkoli pohybu.\u00a0<\/span><\/p>\n<\/div>\n<div>\n<p><span lang=\"cs-cz\" xml:lang=\"cs-cz\">Ergonomick\u00fd st\u0159ih dokonale kop\u00edruje tvar t\u011bla, co\u017e zvy\u0161uje komfort a eliminuje nep\u0159\u00edjemn\u00e9 t\u0159en\u00ed. Modern\u00ed design s minimalistick\u00fdm logem na hrudi zaru\u010duje stylov\u00fd vzhled, kter\u00fd se hod\u00ed jak na sport, tak na volno\u010dasov\u00e9 aktivity. Perfektn\u00ed volba pro aktivn\u00ed mu\u017ee, kte\u0159\u00ed cht\u011bj\u00ed vypadat dob\u0159e a z\u00e1rove\u0148 se c\u00edtit skv\u011ble.<\/span><\/p>\n<\/div>\n","protected":false},"excerpt":{"rendered":"<p><strong>P\u00e1nsk\u00e9 sportovn\u00ed t\u00edlko FlexFit<\/strong> je navr\u017eeno pro maxim\u00e1ln\u00ed pohodl\u00ed a v\u00fdkon p\u0159i ka\u017ed\u00e9 fyzick\u00e9m pohybu.<\/p>\n","protected":false},"featured_media":5363,"comment_status":"open","ping_status":"closed","template":"","meta":[],"product_brand":[],"product_cat":[1488],"product_tag":[1516,1503,1513,1514,1517],"class_list":{"0":"post-5360","1":"product","2":"type-product","3":"status-publish","4":"has-post-thumbnail","6":"product_cat-sportovniobleceni","7":"product_tag-pohodlne","8":"product_tag-prodysny-material","9":"product_tag-rychleschnouci-technologie","10":"product_tag-vhodne-na-beh-a-do-posilovny","11":"product_tag-volny-pohyb-bez-rukavu","13":"first","14":"instock","15":"sale","16":"taxable","17":"shipping-taxable","18":"purchasable","19":"product-type-variable"},"jetpack_sharing_enabled":true,"_links":{"self":[{"href":"https:\/\/etev7e.pef.czu.cz\/zs2223\/wp-json\/wp\/v2\/product\/5360","targetHints":{"allow":["GET"]}}],"collection":[{"href":"https:\/\/etev7e.pef.czu.cz\/zs2223\/wp-json\/wp\/v2\/product"}],"about":[{"href":"https:\/\/etev7e.pef.czu.cz\/zs2223\/wp-json\/wp\/v2\/types\/product"}],"replies":[{"embeddable":true,"href":"https:\/\/etev7e.pef.czu.cz\/zs2223\/wp-json\/wp\/v2\/comments?post=5360"}],"wp:featuredmedia":[{"embeddable":true,"href":"https:\/\/etev7e.pef.czu.cz\/zs2223\/wp-json\/wp\/v2\/media\/5363"}],"wp:attachment":[{"href":"https:\/\/etev7e.pef.czu.cz\/zs2223\/wp-json\/wp\/v2\/media?parent=5360"}],"wp:term":[{"taxonomy":"product_brand","embeddable":true,"href":"https:\/\/etev7e.pef.czu.cz\/zs2223\/wp-json\/wp\/v2\/product_brand?post=5360"},{"taxonomy":"product_cat","embeddable":true,"href":"https:\/\/etev7e.pef.czu.cz\/zs2223\/wp-json\/wp\/v2\/product_cat?post=5360"},{"taxonomy":"product_tag","embeddable":true,"href":"https:\/\/etev7e.pef.czu.cz\/zs2223\/wp-json\/wp\/v2\/product_tag?post=5360"}],"curies":[{"name":"wp","href":"https:\/\/api.w.org\/{rel}","templated":true}]}}