{"id":5422,"date":"2024-11-06T19:32:08","date_gmt":"2024-11-06T18:32:08","guid":{"rendered":"https:\/\/etev7e.pef.czu.cz\/zs2223\/?post_type=product&#038;p=5422"},"modified":"2024-11-28T20:31:41","modified_gmt":"2024-11-28T19:31:41","slug":"pan-prstenu-spolecenstvo-prstenu-j-r-r-tolkien","status":"publish","type":"product","link":"https:\/\/etev7e.pef.czu.cz\/zs2223\/produkt\/pan-prstenu-spolecenstvo-prstenu-j-r-r-tolkien\/","title":{"rendered":"P\u00e1n prsten\u016f: Spole\u010denstvo prstenu &#8211; J. R. R. Tolkien"},"content":{"rendered":"<p>V d\u00e1vn\u00fdch dob\u00e1ch vykovali elf\u0161t\u00ed kov\u00e1\u0159i prsteny moci, netu\u0161ili v\u0161ak, \u017ee Temn\u00fd p\u00e1n Sauron dal vyrobit je\u0161t\u011b jeden prsten, kter\u00fd m\u011bl vl\u00e1dnout v\u0161em. Spojen\u00e9 arm\u00e1dy lid\u00ed a elf\u016f nakonec Saurona porazily a prsten mu od\u0148aly, tato magick\u00e1 v\u011bc se v\u0161ak ztratila, aby po mnoha letech padla do rukou Bilba Pytl\u00edka. Trilogie P\u00e1n prsten\u016f vypr\u00e1v\u00ed o nebezpe\u010dn\u00e9 cest\u011b Bilbova p\u0159\u00edbuzn\u00e9ho Froda, kter\u00fd mus\u00ed opustit ospalou vesni\u010dku Hobit\u00edn v Kraji a vydat se na nebezpe\u010dnou cestu p\u0159es celou St\u0159edozem k Puklin\u00e1m osudu, aby zni\u010dil Prsten, a zma\u0159il tak Sauronovy temn\u00e9 pl\u00e1ny. Prvn\u00ed \u010d\u00e1st trilogie sleduje, jak se d\u00edky \u010darod\u011bji Gandalfovi zformuje spole\u010denstvo, slo\u017een\u00e9 ze z\u00e1stupc\u016f lid\u00ed, elf\u016f, trpasl\u00edk\u016f a hobit\u016f, kter\u00e9 m\u00e1 Froda na jeho cest\u011b doprov\u00e1zet, jak za\u010dne cesta spole\u010denstva a jak se posl\u00e9ze kv\u016fli moci prstenu a snah\u00e1m nep\u0159\u00e1tel spole\u010denstvo rozpad\u00e1\u2026<\/p>\n","protected":false},"excerpt":{"rendered":"<p>P\u00e1n prsten\u016f je epick\u00e1 trilogie J.R.R. Tolkiena, kter\u00e1 vypr\u00e1v\u00ed o dobrodru\u017en\u00e9 a nebezpe\u010dn\u00e9 cest\u011b hobita Froda Pytl\u00edka, jen\u017e mus\u00ed zni\u010dit Prsten moci, aby zabr\u00e1nil Temn\u00e9mu p\u00e1novi Sauronovi ovl\u00e1dnout St\u0159edozem. Frodo, veden\u00fd \u010darod\u011bjem Gandalfem a doprov\u00e1zen\u00fd spole\u010denstvem slo\u017een\u00fdm z lid\u00ed, elf\u016f, trpasl\u00edk\u016f a hobit\u016f, opust\u00ed svou poklidnou domovinu a \u010del\u00ed mnoha n\u00e1strah\u00e1m na cest\u011b k Puklin\u00e1m osudu. Prvn\u00ed \u010d\u00e1st sleduje zformov\u00e1n\u00ed spole\u010denstva, jeho putov\u00e1n\u00ed a postupn\u00fd rozpad pod t\u00edhou prstenu a hrozeb ze strany nep\u0159\u00e1tel.<\/p>\n","protected":false},"featured_media":5423,"comment_status":"open","ping_status":"closed","template":"","meta":[],"product_brand":[],"product_cat":[1827],"product_tag":[1555,1556,1554,1551,1553,1542,1552,769],"class_list":{"0":"post-5422","1":"product","2":"type-product","3":"status-publish","4":"has-post-thumbnail","6":"product_cat-knihy-2024","7":"product_tag-bitvy","8":"product_tag-drama","9":"product_tag-elfove","10":"product_tag-pan-prstenu","11":"product_tag-putovani","12":"product_tag-stredozem","13":"product_tag-stredozeme","14":"product_tag-zfilmovano","16":"first","17":"instock","18":"sale","19":"taxable","20":"shipping-taxable","21":"purchasable","22":"product-type-simple"},"jetpack_sharing_enabled":true,"_links":{"self":[{"href":"https:\/\/etev7e.pef.czu.cz\/zs2223\/wp-json\/wp\/v2\/product\/5422","targetHints":{"allow":["GET"]}}],"collection":[{"href":"https:\/\/etev7e.pef.czu.cz\/zs2223\/wp-json\/wp\/v2\/product"}],"about":[{"href":"https:\/\/etev7e.pef.czu.cz\/zs2223\/wp-json\/wp\/v2\/types\/product"}],"replies":[{"embeddable":true,"href":"https:\/\/etev7e.pef.czu.cz\/zs2223\/wp-json\/wp\/v2\/comments?post=5422"}],"wp:featuredmedia":[{"embeddable":true,"href":"https:\/\/etev7e.pef.czu.cz\/zs2223\/wp-json\/wp\/v2\/media\/5423"}],"wp:attachment":[{"href":"https:\/\/etev7e.pef.czu.cz\/zs2223\/wp-json\/wp\/v2\/media?parent=5422"}],"wp:term":[{"taxonomy":"product_brand","embeddable":true,"href":"https:\/\/etev7e.pef.czu.cz\/zs2223\/wp-json\/wp\/v2\/product_brand?post=5422"},{"taxonomy":"product_cat","embeddable":true,"href":"https:\/\/etev7e.pef.czu.cz\/zs2223\/wp-json\/wp\/v2\/product_cat?post=5422"},{"taxonomy":"product_tag","embeddable":true,"href":"https:\/\/etev7e.pef.czu.cz\/zs2223\/wp-json\/wp\/v2\/product_tag?post=5422"}],"curies":[{"name":"wp","href":"https:\/\/api.w.org\/{rel}","templated":true}]}}