{"id":5432,"date":"2024-11-06T20:42:54","date_gmt":"2024-11-06T19:42:54","guid":{"rendered":"https:\/\/etev7e.pef.czu.cz\/zs2223\/?post_type=product&#038;p=5432"},"modified":"2024-11-06T20:42:54","modified_gmt":"2024-11-06T19:42:54","slug":"autobaterie-varta-silver-dynamic-agm-70ah-12v-a7","status":"publish","type":"product","link":"https:\/\/etev7e.pef.czu.cz\/zs2223\/produkt\/autobaterie-varta-silver-dynamic-agm-70ah-12v-a7\/","title":{"rendered":"Autobaterie VARTA Silver Dynamic AGM 70Ah, 12V, A7"},"content":{"rendered":"<p>Autobaterie VARTA Silver Dynamic AGM s nejpokro\u010dilej\u0161\u00ed technologi\u00ed se skv\u011ble hod\u00ed pro syst\u00e9my Start-STOP. Dok\u00e1\u017e\u00ed z\u00e1sobovat energi\u00ed vozy vybaven\u00e9 rozs\u00e1hlou komfortn\u00ed a bezpe\u010dnostn\u00ed elektronickou v\u00fdbavou.<\/p>\n<p id=\"yui_3_17_2_1_1730921557242_35\" dir=\"ltr\"><strong>EAN kod:\u00a0<\/strong>4016987119761<\/p>\n<p dir=\"ltr\"><strong>Parametry:<\/strong> nap\u011bt\u00ed 12 V, kapacita 70 Ah, startovac\u00ed proud 760 A<\/p>\n","protected":false},"excerpt":{"rendered":"<p>Autobaterie VARTA Silver Dynamic AGM 70Ah, 12V, A7, AGM<\/p>\n","protected":false},"featured_media":5433,"comment_status":"open","ping_status":"closed","template":"","meta":[],"product_brand":[],"product_cat":[1573],"product_tag":[1574,1501,1575],"class_list":{"0":"post-5432","1":"product","2":"type-product","3":"status-publish","4":"has-post-thumbnail","6":"product_cat-autodily","7":"product_tag-autobaterie","8":"product_tag-baterie","9":"product_tag-varta","11":"first","12":"instock","13":"taxable","14":"shipping-taxable","15":"purchasable","16":"product-type-simple"},"jetpack_sharing_enabled":true,"_links":{"self":[{"href":"https:\/\/etev7e.pef.czu.cz\/zs2223\/wp-json\/wp\/v2\/product\/5432","targetHints":{"allow":["GET"]}}],"collection":[{"href":"https:\/\/etev7e.pef.czu.cz\/zs2223\/wp-json\/wp\/v2\/product"}],"about":[{"href":"https:\/\/etev7e.pef.czu.cz\/zs2223\/wp-json\/wp\/v2\/types\/product"}],"replies":[{"embeddable":true,"href":"https:\/\/etev7e.pef.czu.cz\/zs2223\/wp-json\/wp\/v2\/comments?post=5432"}],"wp:featuredmedia":[{"embeddable":true,"href":"https:\/\/etev7e.pef.czu.cz\/zs2223\/wp-json\/wp\/v2\/media\/5433"}],"wp:attachment":[{"href":"https:\/\/etev7e.pef.czu.cz\/zs2223\/wp-json\/wp\/v2\/media?parent=5432"}],"wp:term":[{"taxonomy":"product_brand","embeddable":true,"href":"https:\/\/etev7e.pef.czu.cz\/zs2223\/wp-json\/wp\/v2\/product_brand?post=5432"},{"taxonomy":"product_cat","embeddable":true,"href":"https:\/\/etev7e.pef.czu.cz\/zs2223\/wp-json\/wp\/v2\/product_cat?post=5432"},{"taxonomy":"product_tag","embeddable":true,"href":"https:\/\/etev7e.pef.czu.cz\/zs2223\/wp-json\/wp\/v2\/product_tag?post=5432"}],"curies":[{"name":"wp","href":"https:\/\/api.w.org\/{rel}","templated":true}]}}