{"id":5485,"date":"2024-11-08T16:42:37","date_gmt":"2024-11-08T15:42:37","guid":{"rendered":"https:\/\/etev7e.pef.czu.cz\/zs2223\/?post_type=product&#038;p=5485"},"modified":"2024-11-08T16:42:37","modified_gmt":"2024-11-08T15:42:37","slug":"rozvodova-sada","status":"publish","type":"product","link":"https:\/\/etev7e.pef.czu.cz\/zs2223\/produkt\/rozvodova-sada\/","title":{"rendered":"Rozvodova sada"},"content":{"rendered":"<p>Ucelen\u00e1 oprav\u00e1rensk\u00e1 sada pro \u0159et\u011bzov\u00fd pohon rozvod\u016f obsahuje rozvodov\u00fd \u0159et\u011bz, nap\u00edn\u00e1k, nap\u00ednac\u00ed li\u0161tu, vodic\u00ed li\u0161tu, ozuben\u00e9 kolo, klikov\u00fd h\u0159\u00eddel, va\u010dkov\u00fd h\u0159\u00eddel, nastavova\u010d va\u010dkov\u00e9ho h\u0159\u00eddele, mazac\u00ed tuk.<\/p>\n","protected":false},"excerpt":{"rendered":"<p>INA &#8211; Sada rozvodov\u00e9ho \u0159et\u011bzu &#8211; 559 0154 30<\/p>\n","protected":false},"featured_media":5486,"comment_status":"open","ping_status":"closed","template":"","meta":[],"product_brand":[],"product_cat":[1573],"product_tag":[1586,1587,1588],"class_list":{"0":"post-5485","1":"product","2":"type-product","3":"status-publish","4":"has-post-thumbnail","6":"product_cat-autodily","7":"product_tag-rozvodova-sada","8":"product_tag-rozvodovy-retez","9":"product_tag-sada-rozvodoveho-pohonu-retezu","11":"first","12":"instock","13":"taxable","14":"shipping-taxable","15":"purchasable","16":"product-type-simple"},"jetpack_sharing_enabled":true,"_links":{"self":[{"href":"https:\/\/etev7e.pef.czu.cz\/zs2223\/wp-json\/wp\/v2\/product\/5485","targetHints":{"allow":["GET"]}}],"collection":[{"href":"https:\/\/etev7e.pef.czu.cz\/zs2223\/wp-json\/wp\/v2\/product"}],"about":[{"href":"https:\/\/etev7e.pef.czu.cz\/zs2223\/wp-json\/wp\/v2\/types\/product"}],"replies":[{"embeddable":true,"href":"https:\/\/etev7e.pef.czu.cz\/zs2223\/wp-json\/wp\/v2\/comments?post=5485"}],"wp:featuredmedia":[{"embeddable":true,"href":"https:\/\/etev7e.pef.czu.cz\/zs2223\/wp-json\/wp\/v2\/media\/5486"}],"wp:attachment":[{"href":"https:\/\/etev7e.pef.czu.cz\/zs2223\/wp-json\/wp\/v2\/media?parent=5485"}],"wp:term":[{"taxonomy":"product_brand","embeddable":true,"href":"https:\/\/etev7e.pef.czu.cz\/zs2223\/wp-json\/wp\/v2\/product_brand?post=5485"},{"taxonomy":"product_cat","embeddable":true,"href":"https:\/\/etev7e.pef.czu.cz\/zs2223\/wp-json\/wp\/v2\/product_cat?post=5485"},{"taxonomy":"product_tag","embeddable":true,"href":"https:\/\/etev7e.pef.czu.cz\/zs2223\/wp-json\/wp\/v2\/product_tag?post=5485"}],"curies":[{"name":"wp","href":"https:\/\/api.w.org\/{rel}","templated":true}]}}