{"id":5508,"date":"2024-11-08T22:32:49","date_gmt":"2024-11-08T21:32:49","guid":{"rendered":"https:\/\/etev7e.pef.czu.cz\/zs2223\/?post_type=product&#038;p=5508"},"modified":"2024-11-09T15:53:08","modified_gmt":"2024-11-09T14:53:08","slug":"paralen-grip-chripka-a-kasel-24-tablet","status":"publish","type":"product","link":"https:\/\/etev7e.pef.czu.cz\/zs2223\/produkt\/paralen-grip-chripka-a-kasel-24-tablet\/","title":{"rendered":"Paralen Grip ch\u0159ipka a ka\u0161el 24 tablet"},"content":{"rendered":"<p id=\"yui_3_17_2_1_1731101587051_678\">Paralen Grip ch\u0159ipka a ka\u0161el je ur\u010den k\u00a0odstran\u011bn\u00ed p\u0159\u00edznak\u016f ch\u0159ipky a nachlazen\u00ed doprov\u00e1zen\u00fdch such\u00fdm a dr\u00e1\u017ediv\u00fdm ka\u0161lem. P\u0159in\u00e1\u0161\u00ed \u00falevu od hore\u010dky, ucpan\u00e9ho nosu, bolesti hlavy, sval\u016f a kloub\u016f a l\u00e9\u010d\u00ed z\u00e1n\u011bt vedlej\u0161\u00edch nosn\u00edch dutin.<\/p>\n<h4 id=\"yui_3_17_2_1_1731101587051_643\"><span id=\"yui_3_17_2_1_1731101587051_659\"><strong id=\"yui_3_17_2_1_1731101587051_657\">D\u00e1vkov\u00e1n\u00ed<\/strong><\/span><\/h4>\n<p id=\"yui_3_17_2_1_1731101587051_726\">Dosp\u011bl\u00ed a dosp\u00edvaj\u00edc\u00ed od 15 let u\u017e\u00edvaj\u00ed 1-2 tablety podle pot\u0159eby a\u017e 4x denn\u011b. Odstup mezi jednotliv\u00fdmi d\u00e1vkami m\u00e1 b\u00fdt minim\u00e1ln\u011b 4 hodiny. Dosp\u00edvaj\u00edc\u00ed od 12 do 15 let s\u00a0hmotnost\u00ed nad 40 kg u\u017e\u00edvaj\u00ed 1 tabletu podle pot\u0159eby v\u00a0\u010dasov\u00e9m odstupu nejm\u00e9n\u011b 4-6 hodin, maxim\u00e1ln\u00ed denn\u00ed d\u00e1vka je 6 tablet.<\/p>\n<h4 id=\"yui_3_17_2_1_1731101587051_727\"><strong id=\"yui_3_17_2_1_1731101587051_728\">Upozorn\u011bn\u00ed<\/strong><\/h4>\n<p id=\"yui_3_17_2_1_1731101587051_729\">Paralen Grip ch\u0159ipka a ka\u0161el obsahuje \u00fa\u010dinnou l\u00e1tku paracetamol, kter\u00e1 je obsa\u017eena v\u00a0\u0159ad\u011b r\u016fzn\u00fdch l\u00e9k\u016f, pozor na jejich kombinaci. Neu\u017e\u00edvejte tedy v\u00edce l\u00e9k\u016f sou\u010dasn\u011b s\u00a0obsahem paracetamolu. B\u011bhem l\u00e9\u010dby nepijte alkohol. Paralen Grip ch\u0159ipka a ka\u0161el nen\u00ed ur\u010den pro d\u011bti mlad\u0161\u00ed ne\u017e 12 let v\u011bk\u016f. Pokud nedojte k\u00a0\u00fastupu nebo zm\u00edrn\u011bn\u00ed p\u0159\u00edznak\u016f nemoci do 3 dn\u016f nebo se stav zhor\u0161\u00ed, mus\u00edte se poradit s\u00a0l\u00e9ka\u0159em. Bez porady s\u00a0l\u00e9ka\u0159em neu\u017e\u00edvejte p\u0159\u00edpravek d\u00e9le ne\u017e 7 dn\u016f. P\u0159\u00edpravek se v\u00a0t\u011bhotenstv\u00ed a b\u011bhem kojen\u00ed nedoporu\u010duje.<\/p>\n<p id=\"yui_3_17_2_1_1731101587051_730\">L\u00c9\u010cIV\u00dd P\u0158\u00cdPRAVEK, \u010cT\u011aTE POZORN\u011a P\u0158\u00cdBALOV\u00dd LET\u00c1K.<\/p>\n","protected":false},"excerpt":{"rendered":"<p>PARALEN GRIP ch\u0159ipka a ka\u0161el p\u016fsob\u00ed proti hore\u010dce a bolesti, uvol\u0148uje d\u00fdchac\u00ed cesty a tlum\u00ed such\u00fd dr\u00e1\u017ediv\u00fd ka\u0161el.<\/p>\n","protected":false},"featured_media":5539,"comment_status":"open","ping_status":"closed","template":"","meta":[],"product_brand":[],"product_cat":[1592],"product_tag":[1593,1600,1603,1601,1594],"class_list":{"0":"post-5508","1":"product","2":"type-product","3":"status-publish","4":"has-post-thumbnail","6":"product_cat-leky_nachlazeni","7":"product_tag-bolest","8":"product_tag-chripka","9":"product_tag-kasel","10":"product_tag-nachlazeni","11":"product_tag-zdravi-a-leky","13":"first","14":"instock","15":"sale","16":"taxable","17":"shipping-taxable","18":"purchasable","19":"product-type-simple"},"jetpack_sharing_enabled":true,"_links":{"self":[{"href":"https:\/\/etev7e.pef.czu.cz\/zs2223\/wp-json\/wp\/v2\/product\/5508","targetHints":{"allow":["GET"]}}],"collection":[{"href":"https:\/\/etev7e.pef.czu.cz\/zs2223\/wp-json\/wp\/v2\/product"}],"about":[{"href":"https:\/\/etev7e.pef.czu.cz\/zs2223\/wp-json\/wp\/v2\/types\/product"}],"replies":[{"embeddable":true,"href":"https:\/\/etev7e.pef.czu.cz\/zs2223\/wp-json\/wp\/v2\/comments?post=5508"}],"wp:featuredmedia":[{"embeddable":true,"href":"https:\/\/etev7e.pef.czu.cz\/zs2223\/wp-json\/wp\/v2\/media\/5539"}],"wp:attachment":[{"href":"https:\/\/etev7e.pef.czu.cz\/zs2223\/wp-json\/wp\/v2\/media?parent=5508"}],"wp:term":[{"taxonomy":"product_brand","embeddable":true,"href":"https:\/\/etev7e.pef.czu.cz\/zs2223\/wp-json\/wp\/v2\/product_brand?post=5508"},{"taxonomy":"product_cat","embeddable":true,"href":"https:\/\/etev7e.pef.czu.cz\/zs2223\/wp-json\/wp\/v2\/product_cat?post=5508"},{"taxonomy":"product_tag","embeddable":true,"href":"https:\/\/etev7e.pef.czu.cz\/zs2223\/wp-json\/wp\/v2\/product_tag?post=5508"}],"curies":[{"name":"wp","href":"https:\/\/api.w.org\/{rel}","templated":true}]}}