{"id":5523,"date":"2024-11-10T20:31:00","date_gmt":"2024-11-10T19:31:00","guid":{"rendered":"https:\/\/etev7e.pef.czu.cz\/zs2223\/?post_type=product&#038;p=5523"},"modified":"2024-11-10T20:39:59","modified_gmt":"2024-11-10T19:39:59","slug":"muller-thurgau-polosuche","status":"publish","type":"product","link":"https:\/\/etev7e.pef.czu.cz\/zs2223\/produkt\/muller-thurgau-polosuche\/","title":{"rendered":"M\u00fcller Thurgau \u2013  polosuch\u00e9"},"content":{"rendered":"<p>M\u00fcller Thurgau je sv\u011b\u017e\u00ed a lehk\u00e9 b\u00edl\u00e9 v\u00edno, kter\u00e9 vzniklo k\u0159\u00ed\u017een\u00edm odr\u016fd Ryzlink r\u00fdnsk\u00fd a Madlenka kr\u00e1lovsk\u00e1. V\u00edno M\u00fcller Thurgau je charakteristick\u00e9 jemn\u00fdm kv\u011btinov\u00fdm aroma s t\u00f3ny zelen\u00e9ho jablka a citrus\u016f. D\u00edky sv\u00e9 sv\u011b\u017e\u00ed, lehce aromatick\u00e9 chuti a ni\u017e\u0161\u00edmu obsahu kyselin je ide\u00e1ln\u00edm v\u00ednem pro ka\u017edodenn\u00ed konzumaci, skv\u011ble se hod\u00ed k leh\u010d\u00edm pokrm\u016fm, t\u011bstovin\u00e1m a sal\u00e1t\u016fm. Doporu\u010den\u00e1 teplota pod\u00e1v\u00e1n\u00ed je 8-10 \u00b0C.<\/p>\n","protected":false},"excerpt":{"rendered":"<p>M\u00fcller Thurgau je sv\u011b\u017e\u00ed b\u00edl\u00e9 v\u00edno s kv\u011btinov\u00fdm aroma, t\u00f3ny jablka a citrus\u016f. Ide\u00e1ln\u00ed k lehk\u00fdm pokrm\u016fm, t\u011bstovin\u00e1m a sal\u00e1t\u016fm. Pod\u00e1vejte p\u0159i 8-10 \u00b0C.<\/p>\n","protected":false},"featured_media":5524,"comment_status":"open","ping_status":"closed","template":"","meta":[],"product_brand":[],"product_cat":[1611],"product_tag":[1612,1617,1628,1626,1625,1627,1624],"class_list":{"0":"post-5523","1":"product","2":"type-product","3":"status-publish","4":"has-post-thumbnail","6":"product_cat-bila-vina","7":"product_tag-bile-vino","8":"product_tag-ceske-vino","9":"product_tag-kvetinove-aroma","10":"product_tag-lehke-vino","11":"product_tag-muller-thurgau","12":"product_tag-svezi-chut","13":"product_tag-vino-polosuche","15":"first","16":"instock","17":"taxable","18":"shipping-taxable","19":"purchasable","20":"product-type-simple"},"jetpack_sharing_enabled":true,"_links":{"self":[{"href":"https:\/\/etev7e.pef.czu.cz\/zs2223\/wp-json\/wp\/v2\/product\/5523","targetHints":{"allow":["GET"]}}],"collection":[{"href":"https:\/\/etev7e.pef.czu.cz\/zs2223\/wp-json\/wp\/v2\/product"}],"about":[{"href":"https:\/\/etev7e.pef.czu.cz\/zs2223\/wp-json\/wp\/v2\/types\/product"}],"replies":[{"embeddable":true,"href":"https:\/\/etev7e.pef.czu.cz\/zs2223\/wp-json\/wp\/v2\/comments?post=5523"}],"wp:featuredmedia":[{"embeddable":true,"href":"https:\/\/etev7e.pef.czu.cz\/zs2223\/wp-json\/wp\/v2\/media\/5524"}],"wp:attachment":[{"href":"https:\/\/etev7e.pef.czu.cz\/zs2223\/wp-json\/wp\/v2\/media?parent=5523"}],"wp:term":[{"taxonomy":"product_brand","embeddable":true,"href":"https:\/\/etev7e.pef.czu.cz\/zs2223\/wp-json\/wp\/v2\/product_brand?post=5523"},{"taxonomy":"product_cat","embeddable":true,"href":"https:\/\/etev7e.pef.czu.cz\/zs2223\/wp-json\/wp\/v2\/product_cat?post=5523"},{"taxonomy":"product_tag","embeddable":true,"href":"https:\/\/etev7e.pef.czu.cz\/zs2223\/wp-json\/wp\/v2\/product_tag?post=5523"}],"curies":[{"name":"wp","href":"https:\/\/api.w.org\/{rel}","templated":true}]}}