{"id":5601,"date":"2024-11-11T01:48:36","date_gmt":"2024-11-11T00:48:36","guid":{"rendered":"https:\/\/etev7e.pef.czu.cz\/zs2223\/?post_type=product&#038;p=5601"},"modified":"2024-11-27T12:32:57","modified_gmt":"2024-11-27T11:32:57","slug":"miss-dior-blooming-bouquet","status":"publish","type":"product","link":"https:\/\/etev7e.pef.czu.cz\/zs2223\/produkt\/miss-dior-blooming-bouquet\/","title":{"rendered":"Miss Dior Blooming Bouquet"},"content":{"rendered":"<p dir=\"ltr\">Miss Dior Blooming Bouquet je sv\u011b\u017e\u00ed a jemn\u00e1 v\u016fn\u011b, kter\u00e1 v\u00e1s okouzl\u00ed svou eleganc\u00ed a lehkost\u00ed. Tato toaletn\u00ed voda je jako kytice \u010derstv\u011b rozkvetl\u00fdch kv\u011btin, kter\u00e1 p\u0159in\u00e1\u0161\u00ed pocit jara a radosti.<\/p>\n<h3 dir=\"ltr\">Hlavn\u00ed slo\u017eky:<\/h3>\n<p dir=\"ltr\">Hlava: bergamot<br \/>\nSrdce: r\u016f\u017ee, pivo\u0148ka<br \/>\nZ\u00e1klad: b\u00edl\u00e9 pi\u017emo<strong>\u00a0<\/strong><\/p>\n","protected":false},"excerpt":{"rendered":"<p>Miss Dior Blooming Bouquet je sv\u011b\u017e\u00ed a jemn\u00e1 v\u016fn\u011b, kter\u00e1 v\u00e1s okouzl\u00ed svou eleganc\u00ed a lehkost\u00ed. Tato toaletn\u00ed voda je jako kytice \u010derstv\u011b rozkvetl\u00fdch kv\u011btin, kter\u00e1 p\u0159in\u00e1\u0161\u00ed pocit jara a radosti. Hlavn\u00ed slo\u017eky: Hlava: bergamot Srdce: r\u016f\u017ee, pivo\u0148ka Z\u00e1klad: b\u00edl\u00e9 pi\u017emo\u00a0<\/p>\n","protected":false},"featured_media":5602,"comment_status":"open","ping_status":"closed","template":"","meta":[],"product_brand":[],"product_cat":[1741],"product_tag":[1648,1153,1652,1653],"class_list":{"0":"post-5601","1":"product","2":"type-product","3":"status-publish","4":"has-post-thumbnail","6":"product_cat-vune","7":"product_tag-damsky-parfem","8":"product_tag-dior","9":"product_tag-kvetinova-vune","10":"product_tag-svezi-a-lehka","12":"first","13":"instock","14":"taxable","15":"shipping-taxable","16":"purchasable","17":"product-type-simple"},"jetpack_sharing_enabled":true,"_links":{"self":[{"href":"https:\/\/etev7e.pef.czu.cz\/zs2223\/wp-json\/wp\/v2\/product\/5601","targetHints":{"allow":["GET"]}}],"collection":[{"href":"https:\/\/etev7e.pef.czu.cz\/zs2223\/wp-json\/wp\/v2\/product"}],"about":[{"href":"https:\/\/etev7e.pef.czu.cz\/zs2223\/wp-json\/wp\/v2\/types\/product"}],"replies":[{"embeddable":true,"href":"https:\/\/etev7e.pef.czu.cz\/zs2223\/wp-json\/wp\/v2\/comments?post=5601"}],"wp:featuredmedia":[{"embeddable":true,"href":"https:\/\/etev7e.pef.czu.cz\/zs2223\/wp-json\/wp\/v2\/media\/5602"}],"wp:attachment":[{"href":"https:\/\/etev7e.pef.czu.cz\/zs2223\/wp-json\/wp\/v2\/media?parent=5601"}],"wp:term":[{"taxonomy":"product_brand","embeddable":true,"href":"https:\/\/etev7e.pef.czu.cz\/zs2223\/wp-json\/wp\/v2\/product_brand?post=5601"},{"taxonomy":"product_cat","embeddable":true,"href":"https:\/\/etev7e.pef.czu.cz\/zs2223\/wp-json\/wp\/v2\/product_cat?post=5601"},{"taxonomy":"product_tag","embeddable":true,"href":"https:\/\/etev7e.pef.czu.cz\/zs2223\/wp-json\/wp\/v2\/product_tag?post=5601"}],"curies":[{"name":"wp","href":"https:\/\/api.w.org\/{rel}","templated":true}]}}