{"id":5621,"date":"2024-11-11T12:40:27","date_gmt":"2024-11-11T11:40:27","guid":{"rendered":"https:\/\/etev7e.pef.czu.cz\/zs2223\/?post_type=product&#038;p=5621"},"modified":"2024-12-15T12:37:40","modified_gmt":"2024-12-15T11:37:40","slug":"zweigeltrebe-2021","status":"publish","type":"product","link":"https:\/\/etev7e.pef.czu.cz\/zs2223\/produkt\/zweigeltrebe-2021\/","title":{"rendered":"Zweigeltrebe 2021"},"content":{"rendered":"<p>Zweigeltrebe 2021 je v\u00fdrazn\u00e9 \u010derven\u00e9 v\u00edno poch\u00e1zej\u00edc\u00ed z Rakouska, kter\u00e9 vzniklo k\u0159\u00ed\u017een\u00edm odr\u016fd Svatovav\u0159ineck\u00e9 a Frankovka. Toto v\u00edno se vyzna\u010duje charakteristickou ko\u0159enitou chut\u00ed s t\u00f3ny peckov\u00e9ho ovoce, jako jsou vi\u0161n\u011b a \u0161vestky, kter\u00e9 dopl\u0148uj\u00ed jemn\u00e9 nuance ostru\u017ein. U zralej\u0161\u00edch ro\u010dn\u00edk\u016f se nav\u00edc rozv\u00edjej\u00ed v\u00fdrazn\u00e9 t\u00f3ny \u010dern\u00e9ho ko\u0159en\u00ed, je\u017e v\u00ednu dod\u00e1vaj\u00ed hloubku a jedine\u010dn\u00fd charakter.<\/p>\n<p>Zweigeltrebe je ide\u00e1ln\u00edm spole\u010dn\u00edkem k \u010derven\u00fdm a tvrd\u00fdm s\u00fdr\u016fm, grilovan\u00fdm mas\u016fm nebo t\u011bstovin\u00e1m s v\u00fdrazn\u00fdmi om\u00e1\u010dkami. Pro optim\u00e1ln\u00ed chu\u0165ov\u00fd z\u00e1\u017eitek doporu\u010dujeme pod\u00e1vat p\u0159i teplot\u011b 15\u201316 \u00b0C. Alternativou mohou b\u00fdt v\u00edna jako Frankovka, Svatovav\u0159ineck\u00e9, Merlot nebo Cabernet Sauvignon, kter\u00e1 nab\u00edzej\u00ed podobn\u00fd chu\u0165ov\u00fd profil.<\/p>\n","protected":false},"excerpt":{"rendered":"<p>Zweigeltrebe poch\u00e1z\u00ed z Rakouska a jde o k\u0159\u00ed\u017een\u00ed odr\u016fd Svatovav\u0159ineck\u00e9 a Frankovka. V chuti v\u00edn ze Zweigeltrebe, kter\u00e1 se d\u00e1 plo\u0161n\u011b ozna\u010dit jako ko\u0159enit\u00e1, nalezneme t\u00f3ny peckov\u00e9ho (vi\u0161n\u011b, \u0161vestky) \u010di lesn\u00edho (ostru\u017einy) ovoce. U vyzr\u00e1lej\u0161\u00edch v\u00edn jsou rovn\u011b\u017e patrn\u00e9 v\u00fdrazn\u00e9 stopy \u010dern\u00e9ho ko\u0159en\u00ed.<\/p>\n","protected":false},"featured_media":5635,"comment_status":"open","ping_status":"closed","template":"","meta":[],"product_brand":[],"product_cat":[1669,1675],"product_tag":[1673,1608,1671,1674],"class_list":{"0":"post-5621","1":"product","2":"type-product","3":"status-publish","4":"has-post-thumbnail","6":"product_cat-vina-czu","7":"product_cat-cervena-vina","8":"product_tag-cervena-vina","9":"product_tag-suche-vino","10":"product_tag-vinarstvi-czu","11":"product_tag-zweigeltrebe","13":"first","14":"instock","15":"sale","16":"taxable","17":"shipping-taxable","18":"purchasable","19":"product-type-simple"},"jetpack_sharing_enabled":true,"_links":{"self":[{"href":"https:\/\/etev7e.pef.czu.cz\/zs2223\/wp-json\/wp\/v2\/product\/5621","targetHints":{"allow":["GET"]}}],"collection":[{"href":"https:\/\/etev7e.pef.czu.cz\/zs2223\/wp-json\/wp\/v2\/product"}],"about":[{"href":"https:\/\/etev7e.pef.czu.cz\/zs2223\/wp-json\/wp\/v2\/types\/product"}],"replies":[{"embeddable":true,"href":"https:\/\/etev7e.pef.czu.cz\/zs2223\/wp-json\/wp\/v2\/comments?post=5621"}],"wp:featuredmedia":[{"embeddable":true,"href":"https:\/\/etev7e.pef.czu.cz\/zs2223\/wp-json\/wp\/v2\/media\/5635"}],"wp:attachment":[{"href":"https:\/\/etev7e.pef.czu.cz\/zs2223\/wp-json\/wp\/v2\/media?parent=5621"}],"wp:term":[{"taxonomy":"product_brand","embeddable":true,"href":"https:\/\/etev7e.pef.czu.cz\/zs2223\/wp-json\/wp\/v2\/product_brand?post=5621"},{"taxonomy":"product_cat","embeddable":true,"href":"https:\/\/etev7e.pef.czu.cz\/zs2223\/wp-json\/wp\/v2\/product_cat?post=5621"},{"taxonomy":"product_tag","embeddable":true,"href":"https:\/\/etev7e.pef.czu.cz\/zs2223\/wp-json\/wp\/v2\/product_tag?post=5621"}],"curies":[{"name":"wp","href":"https:\/\/api.w.org\/{rel}","templated":true}]}}