{"id":5641,"date":"2024-11-11T12:48:33","date_gmt":"2024-11-11T11:48:33","guid":{"rendered":"https:\/\/etev7e.pef.czu.cz\/zs2223\/?post_type=product&#038;p=5641"},"modified":"2024-11-11T13:06:33","modified_gmt":"2024-11-11T12:06:33","slug":"sneakersy-karl-lagerfeld-kl62630n-bila","status":"publish","type":"product","link":"https:\/\/etev7e.pef.czu.cz\/zs2223\/produkt\/sneakersy-karl-lagerfeld-kl62630n-bila\/","title":{"rendered":"Sneakersy KARL LAGERFELD KL62630N"},"content":{"rendered":"<p>Stylov\u00e9 sneakersy KARL LAGERFELD KL62630N v b\u00edl\u00e9 barv\u011b jsou ikonick\u00fdm kouskem, kter\u00fd kombinuje minimalistick\u00fd design s m\u011bstskou eleganc\u00ed. Vyrobeny z pr\u00e9miov\u00e9 k\u016f\u017ee, maj\u00ed pohodlnou st\u00e9lku a gumovou podr\u00e1\u017eku, kter\u00e1 zaji\u0161\u0165uje celodenn\u00ed komfort. Na boc\u00edch je zdob\u00ed logo zna\u010dky Karl Lagerfeld a jemn\u00e9 detaily v kontrastn\u00ed \u010dern\u00e9.<\/p>\n","protected":false},"excerpt":{"rendered":"<p>Stylov\u00e9 sneakersy KARL LAGERFELD KL62630N v b\u00edl\u00e9 barv\u011b.<\/p>\n","protected":false},"featured_media":5642,"comment_status":"open","ping_status":"closed","template":"","meta":[],"product_brand":[],"product_cat":[1672],"product_tag":[1681,1680,1679],"class_list":{"0":"post-5641","1":"product","2":"type-product","3":"status-publish","4":"has-post-thumbnail","6":"product_cat-tenisky","7":"product_tag-karl-lagerfeld","8":"product_tag-kazdodenni-obuv","9":"product_tag-luxusni-sneakers","11":"first","12":"instock","13":"taxable","14":"shipping-taxable","15":"purchasable","16":"product-type-simple"},"jetpack_sharing_enabled":true,"_links":{"self":[{"href":"https:\/\/etev7e.pef.czu.cz\/zs2223\/wp-json\/wp\/v2\/product\/5641","targetHints":{"allow":["GET"]}}],"collection":[{"href":"https:\/\/etev7e.pef.czu.cz\/zs2223\/wp-json\/wp\/v2\/product"}],"about":[{"href":"https:\/\/etev7e.pef.czu.cz\/zs2223\/wp-json\/wp\/v2\/types\/product"}],"replies":[{"embeddable":true,"href":"https:\/\/etev7e.pef.czu.cz\/zs2223\/wp-json\/wp\/v2\/comments?post=5641"}],"wp:featuredmedia":[{"embeddable":true,"href":"https:\/\/etev7e.pef.czu.cz\/zs2223\/wp-json\/wp\/v2\/media\/5642"}],"wp:attachment":[{"href":"https:\/\/etev7e.pef.czu.cz\/zs2223\/wp-json\/wp\/v2\/media?parent=5641"}],"wp:term":[{"taxonomy":"product_brand","embeddable":true,"href":"https:\/\/etev7e.pef.czu.cz\/zs2223\/wp-json\/wp\/v2\/product_brand?post=5641"},{"taxonomy":"product_cat","embeddable":true,"href":"https:\/\/etev7e.pef.czu.cz\/zs2223\/wp-json\/wp\/v2\/product_cat?post=5641"},{"taxonomy":"product_tag","embeddable":true,"href":"https:\/\/etev7e.pef.czu.cz\/zs2223\/wp-json\/wp\/v2\/product_tag?post=5641"}],"curies":[{"name":"wp","href":"https:\/\/api.w.org\/{rel}","templated":true}]}}