{"id":5645,"date":"2024-11-11T12:56:30","date_gmt":"2024-11-11T11:56:30","guid":{"rendered":"https:\/\/etev7e.pef.czu.cz\/zs2223\/?post_type=product&#038;p=5645"},"modified":"2024-11-11T13:09:28","modified_gmt":"2024-11-11T12:09:28","slug":"sneakersy-karl-lagerfeld-kl62530n","status":"publish","type":"product","link":"https:\/\/etev7e.pef.czu.cz\/zs2223\/produkt\/sneakersy-karl-lagerfeld-kl62530n\/","title":{"rendered":"Sneakersy KARL LAGERFELD KL62530N"},"content":{"rendered":"<p id=\"yui_3_17_2_1_1731324484878_66\" dir=\"ltr\">Elegantn\u00ed sneakersy KARL LAGERFELD KL62530N jsou stylov\u00fdm spojen\u00edm komfortu a luxusn\u00edho designu. Svr\u0161ek bot je vyroben z vysoce kvalitn\u00ed k\u016f\u017ee v kombinaci s textiln\u00edmi prvky, co\u017e zaji\u0161\u0165uje pohodl\u00ed i b\u011bhem celodenn\u00edho no\u0161en\u00ed. Logo KARL LAGERFELD na boc\u00edch a jemn\u00e9 kovov\u00e9 detaily dod\u00e1vaj\u00ed bot\u00e1m v\u00fdrazn\u00fd a modern\u00ed vzhled. Podr\u00e1\u017eka je vyrobena z pru\u017en\u00e9 gumy pro stabiln\u00ed a pohodlnou ch\u016fzi.<\/p>\n","protected":false},"excerpt":{"rendered":"<p>Elegantn\u00ed sneakersy KARL LAGERFELD KL62530N.<\/p>\n","protected":false},"featured_media":5646,"comment_status":"open","ping_status":"closed","template":"","meta":[],"product_brand":[],"product_cat":[1672],"product_tag":[1681,1679,1684],"class_list":{"0":"post-5645","1":"product","2":"type-product","3":"status-publish","4":"has-post-thumbnail","6":"product_cat-tenisky","7":"product_tag-karl-lagerfeld","8":"product_tag-luxusni-sneakers","9":"product_tag-mestska-obuv","11":"first","12":"instock","13":"taxable","14":"shipping-taxable","15":"purchasable","16":"product-type-simple"},"jetpack_sharing_enabled":true,"_links":{"self":[{"href":"https:\/\/etev7e.pef.czu.cz\/zs2223\/wp-json\/wp\/v2\/product\/5645","targetHints":{"allow":["GET"]}}],"collection":[{"href":"https:\/\/etev7e.pef.czu.cz\/zs2223\/wp-json\/wp\/v2\/product"}],"about":[{"href":"https:\/\/etev7e.pef.czu.cz\/zs2223\/wp-json\/wp\/v2\/types\/product"}],"replies":[{"embeddable":true,"href":"https:\/\/etev7e.pef.czu.cz\/zs2223\/wp-json\/wp\/v2\/comments?post=5645"}],"wp:featuredmedia":[{"embeddable":true,"href":"https:\/\/etev7e.pef.czu.cz\/zs2223\/wp-json\/wp\/v2\/media\/5646"}],"wp:attachment":[{"href":"https:\/\/etev7e.pef.czu.cz\/zs2223\/wp-json\/wp\/v2\/media?parent=5645"}],"wp:term":[{"taxonomy":"product_brand","embeddable":true,"href":"https:\/\/etev7e.pef.czu.cz\/zs2223\/wp-json\/wp\/v2\/product_brand?post=5645"},{"taxonomy":"product_cat","embeddable":true,"href":"https:\/\/etev7e.pef.czu.cz\/zs2223\/wp-json\/wp\/v2\/product_cat?post=5645"},{"taxonomy":"product_tag","embeddable":true,"href":"https:\/\/etev7e.pef.czu.cz\/zs2223\/wp-json\/wp\/v2\/product_tag?post=5645"}],"curies":[{"name":"wp","href":"https:\/\/api.w.org\/{rel}","templated":true}]}}