{"id":5656,"date":"2024-11-11T14:27:08","date_gmt":"2024-11-11T13:27:08","guid":{"rendered":"https:\/\/etev7e.pef.czu.cz\/zs2223\/?post_type=product&#038;p=5656"},"modified":"2024-11-11T14:55:52","modified_gmt":"2024-11-11T13:55:52","slug":"lednice","status":"publish","type":"product","link":"https:\/\/etev7e.pef.czu.cz\/zs2223\/produkt\/lednice\/","title":{"rendered":"Lednice"},"content":{"rendered":"<p>Prostorn\u00e1 lednice zna\u010dky Samsung. Inteligentn\u00ed ovl\u00e1d\u00e1n\u00ed umo\u017e\u0148uje regulaci teploty p\u0159es telefon. P\u0159ihr\u00e1dka Humidity Fresh+ zaru\u010duje \u010derstvost potravin a bezn\u00e1mrazov\u00e1 technologie zabra\u0148uje p\u0159emrz\u00e1n\u00ed. Technologie energy AI sni\u017euje spot\u0159ebu a\u017e o 15% s energetickou t\u0159\u00eddou A. Rozm\u011bry: 203&#215;59,5&#215;65,8 cm. Objem chladni\u010dky: 273 l, mrazni\u010dky: 114 l<\/p>\n","protected":false},"excerpt":{"rendered":"<p>Tato lednice se stane st\u0159edobodem va\u0161\u00ed kuchyn\u011b a z\u00e1rove\u0148 bude velmi u\u017eite\u010dn\u00fdm pomocn\u00edkem p\u0159i ka\u017edodenn\u00ed \u010dinnosti. Pomoc\u00ed inteligentn\u00edho ovl\u00e1d\u00e1n\u00ed budete moci ze sv\u00e9ho telefonu lednici ovl\u00e1dat na d\u00e1lku a regulovat teplotu dle pot\u0159eby. P\u0159ihr\u00e1dka Humidity Fresh+ v\u00e1m zaru\u010d\u00ed del\u0161\u00ed trvanlivost a \u010derstvost potravin. Bezn\u00e1mrazov\u00e1 technologie zajist\u00ed, \u017ee v\u00e1m v t\u00e9to lednici nebudou potraviny p\u0159emrzat. Lednice vyu\u017e\u00edv\u00e1 technologii energy AI, kter\u00e1 sn\u00ed\u017e\u00ed v\u00fdslednou spot\u0159ebu a\u017e o 15%, v kombinaci s energetickou t\u0159\u00eddou A, velmi znateln\u011b poc\u00edt\u00edte energetickou \u00fasporu. Rozm\u011bry lednice jsou 203&#215;59,5&#215;65,8. Objem chladni\u010dky je 273 l a mrazni\u010dky 114 l.<\/p>\n","protected":false},"featured_media":5662,"comment_status":"open","ping_status":"closed","template":"","meta":[],"product_brand":[],"product_cat":[1687],"product_tag":[1691,1690,1692],"class_list":{"0":"post-5656","1":"product","2":"type-product","3":"status-publish","4":"has-post-thumbnail","6":"product_cat-kuchynskespotrebice","7":"product_tag-chladnicka","8":"product_tag-lednice","9":"product_tag-mrazak","11":"first","12":"instock","13":"sale","14":"taxable","15":"shipping-taxable","16":"purchasable","17":"product-type-simple"},"jetpack_sharing_enabled":true,"_links":{"self":[{"href":"https:\/\/etev7e.pef.czu.cz\/zs2223\/wp-json\/wp\/v2\/product\/5656","targetHints":{"allow":["GET"]}}],"collection":[{"href":"https:\/\/etev7e.pef.czu.cz\/zs2223\/wp-json\/wp\/v2\/product"}],"about":[{"href":"https:\/\/etev7e.pef.czu.cz\/zs2223\/wp-json\/wp\/v2\/types\/product"}],"replies":[{"embeddable":true,"href":"https:\/\/etev7e.pef.czu.cz\/zs2223\/wp-json\/wp\/v2\/comments?post=5656"}],"wp:featuredmedia":[{"embeddable":true,"href":"https:\/\/etev7e.pef.czu.cz\/zs2223\/wp-json\/wp\/v2\/media\/5662"}],"wp:attachment":[{"href":"https:\/\/etev7e.pef.czu.cz\/zs2223\/wp-json\/wp\/v2\/media?parent=5656"}],"wp:term":[{"taxonomy":"product_brand","embeddable":true,"href":"https:\/\/etev7e.pef.czu.cz\/zs2223\/wp-json\/wp\/v2\/product_brand?post=5656"},{"taxonomy":"product_cat","embeddable":true,"href":"https:\/\/etev7e.pef.czu.cz\/zs2223\/wp-json\/wp\/v2\/product_cat?post=5656"},{"taxonomy":"product_tag","embeddable":true,"href":"https:\/\/etev7e.pef.czu.cz\/zs2223\/wp-json\/wp\/v2\/product_tag?post=5656"}],"curies":[{"name":"wp","href":"https:\/\/api.w.org\/{rel}","templated":true}]}}