{"id":5694,"date":"2024-11-12T09:19:32","date_gmt":"2024-11-12T08:19:32","guid":{"rendered":"https:\/\/etev7e.pef.czu.cz\/zs2223\/?post_type=product&#038;p=5694"},"modified":"2024-12-15T12:34:41","modified_gmt":"2024-12-15T11:34:41","slug":"cuvee-frizzante-2022","status":"publish","type":"product","link":"https:\/\/etev7e.pef.czu.cz\/zs2223\/produkt\/cuvee-frizzante-2022\/","title":{"rendered":"Cuv\u00e9e Frizzante 2022"},"content":{"rendered":"<p>Toto jemn\u011b perliv\u00e9 Frizzante je vyrobeno z pe\u010dliv\u011b vybran\u00fdch mu\u0161k\u00e1tov\u00fdch odr\u016fd, kter\u00e9 mu prop\u016fj\u010duj\u00ed osv\u011b\u017euj\u00edc\u00ed a ovocnou chu\u0165. D\u00edky jemn\u00e9mu perlen\u00ed a v\u00fdrazn\u00e9 aromatice kv\u011btin a tropick\u00e9ho ovoce v\u00e1s okam\u017eit\u011b vt\u00e1hne do sv\u011bta lehk\u00fdch a radostn\u00fdch okam\u017eik\u016f. Tento n\u00e1poj je ide\u00e1ln\u00ed jako aperitiv nebo pro oslavy s p\u0159\u00e1teli, a skv\u011ble dopln\u00ed letn\u00ed pokrmy, lehk\u00e9 sal\u00e1ty nebo dezerty.<\/p>\n<p>V\u00edno se dob\u0159e hod\u00ed k letn\u00edm sal\u00e1t\u016fm, \u010derstv\u00e9mu ovoci, lehk\u00fdm dezert\u016fm a tapas. Jako alternativy mohou poslou\u017eit mu\u0161k\u00e1tov\u00e1 v\u00edna, prosecco, \u0161umiv\u00e1 v\u00edna nebo ovocn\u00e9 n\u00e1poje. Doporu\u010duje se pod\u00e1vat p\u0159i teplot\u011b 6\u20138 \u00b0C.<\/p>\n","protected":false},"excerpt":{"rendered":"<p>Toto jemn\u011b perliv\u00e9 Frizzante je vyrobeno z pe\u010dliv\u011b vybran\u00fdch mu\u0161k\u00e1tov\u00fdch odr\u016fd, kter\u00e9 mu dod\u00e1vaj\u00ed osv\u011b\u017euj\u00edc\u00ed a ovocnou chu\u0165. S jemn\u00fdm perlen\u00edm a p\u0159\u00edjemnou aromatikou kv\u011btin a tropick\u00e9ho ovoce v\u00e1s toto v\u00edno okam\u017eit\u011b vt\u00e1hne do sv\u011bta lehk\u00fdch a radostn\u00fdch okam\u017eik\u016f. Ide\u00e1ln\u00ed jako aperitiv nebo k oslavy s p\u0159\u00e1teli, skv\u011ble se hod\u00ed k letn\u00edm pokrm\u016fm, lehk\u00fdm sal\u00e1t\u016fm nebo dezert\u016fm.<\/p>\n","protected":false},"featured_media":5695,"comment_status":"open","ping_status":"closed","template":"","meta":[],"product_brand":[],"product_cat":[1669,1676],"product_tag":[1698,1697,1618],"class_list":{"0":"post-5694","1":"product","2":"type-product","3":"status-publish","4":"has-post-thumbnail","6":"product_cat-vina-czu","7":"product_cat-bila-vina-vina-czu","8":"product_tag-jemne-perlive-vino","9":"product_tag-kategorie-a-stitky-produktu-bile-vino","10":"product_tag-polosuche-vino","12":"first","13":"instock","14":"sale","15":"taxable","16":"shipping-taxable","17":"purchasable","18":"product-type-simple"},"jetpack_sharing_enabled":true,"_links":{"self":[{"href":"https:\/\/etev7e.pef.czu.cz\/zs2223\/wp-json\/wp\/v2\/product\/5694","targetHints":{"allow":["GET"]}}],"collection":[{"href":"https:\/\/etev7e.pef.czu.cz\/zs2223\/wp-json\/wp\/v2\/product"}],"about":[{"href":"https:\/\/etev7e.pef.czu.cz\/zs2223\/wp-json\/wp\/v2\/types\/product"}],"replies":[{"embeddable":true,"href":"https:\/\/etev7e.pef.czu.cz\/zs2223\/wp-json\/wp\/v2\/comments?post=5694"}],"wp:featuredmedia":[{"embeddable":true,"href":"https:\/\/etev7e.pef.czu.cz\/zs2223\/wp-json\/wp\/v2\/media\/5695"}],"wp:attachment":[{"href":"https:\/\/etev7e.pef.czu.cz\/zs2223\/wp-json\/wp\/v2\/media?parent=5694"}],"wp:term":[{"taxonomy":"product_brand","embeddable":true,"href":"https:\/\/etev7e.pef.czu.cz\/zs2223\/wp-json\/wp\/v2\/product_brand?post=5694"},{"taxonomy":"product_cat","embeddable":true,"href":"https:\/\/etev7e.pef.czu.cz\/zs2223\/wp-json\/wp\/v2\/product_cat?post=5694"},{"taxonomy":"product_tag","embeddable":true,"href":"https:\/\/etev7e.pef.czu.cz\/zs2223\/wp-json\/wp\/v2\/product_tag?post=5694"}],"curies":[{"name":"wp","href":"https:\/\/api.w.org\/{rel}","templated":true}]}}