{"id":5794,"date":"2024-11-13T19:13:58","date_gmt":"2024-11-13T18:13:58","guid":{"rendered":"https:\/\/etev7e.pef.czu.cz\/zs2223\/?post_type=product&#038;p=5794"},"modified":"2024-11-13T19:53:08","modified_gmt":"2024-11-13T18:53:08","slug":"ciry-kryt-s-motivem","status":"publish","type":"product","link":"https:\/\/etev7e.pef.czu.cz\/zs2223\/produkt\/ciry-kryt-s-motivem\/","title":{"rendered":"\u010cir\u00fd kryt s motivem"},"content":{"rendered":"<p id=\"yui_3_17_2_1_1731518241153_48\" dir=\"ltr\"><span id=\"yui_3_17_2_1_1731518241153_47\">\u010cir\u00fd kryt na mobiln\u00ed telefon, kter\u00fd kombinuje minimalistick\u00fd design s ochranou za\u0159\u00edzen\u00ed. Kryt je vyroben z pru\u017en\u00e9ho, ale tuh\u00e9ho materi\u00e1lu, kter\u00fd zajist\u00ed ochranu p\u0159ed \u0161kr\u00e1banci a p\u00e1dy p\u0159i ka\u017edodenn\u00edm pou\u017e\u00edv\u00e1n\u00ed. Kryt se tak\u00e9 snadno nasazuje a sund\u00e1v\u00e1 a zajist\u00ed p\u0159\u00edstup ke v\u0161em funkc\u00edm zcela bez omezen\u00ed. D\u00edky sv\u00e9mu tvaru a materi\u00e1lu se pohodln\u011b dr\u017e\u00ed a je p\u0159\u00edjemn\u00fd na dotek. Podpora bezdr\u00e1tov\u00e9ho nab\u00edjen\u00ed, bez pot\u0159eby sund\u00e1n\u00ed krytu.<\/span><\/p>\n","protected":false},"excerpt":{"rendered":"<p>Kryt na mobiln\u00ed telefon s minimalistick\u00fdm designem.<\/p>\n","protected":false},"featured_media":5796,"comment_status":"open","ping_status":"closed","template":"","meta":[],"product_brand":[],"product_cat":[1757],"product_tag":[889,1758,1450],"class_list":{"0":"post-5794","1":"product","2":"type-product","3":"status-publish","4":"has-post-thumbnail","6":"product_cat-kryty-na-mobilni-telefony","7":"product_tag-kryty-na-mobil","8":"product_tag-obal-na-mobil","9":"product_tag-prislusenstvi-k-mobilnim-telefonum","11":"first","12":"instock","13":"sale","14":"taxable","15":"shipping-taxable","16":"purchasable","17":"product-type-simple"},"jetpack_sharing_enabled":true,"_links":{"self":[{"href":"https:\/\/etev7e.pef.czu.cz\/zs2223\/wp-json\/wp\/v2\/product\/5794","targetHints":{"allow":["GET"]}}],"collection":[{"href":"https:\/\/etev7e.pef.czu.cz\/zs2223\/wp-json\/wp\/v2\/product"}],"about":[{"href":"https:\/\/etev7e.pef.czu.cz\/zs2223\/wp-json\/wp\/v2\/types\/product"}],"replies":[{"embeddable":true,"href":"https:\/\/etev7e.pef.czu.cz\/zs2223\/wp-json\/wp\/v2\/comments?post=5794"}],"wp:featuredmedia":[{"embeddable":true,"href":"https:\/\/etev7e.pef.czu.cz\/zs2223\/wp-json\/wp\/v2\/media\/5796"}],"wp:attachment":[{"href":"https:\/\/etev7e.pef.czu.cz\/zs2223\/wp-json\/wp\/v2\/media?parent=5794"}],"wp:term":[{"taxonomy":"product_brand","embeddable":true,"href":"https:\/\/etev7e.pef.czu.cz\/zs2223\/wp-json\/wp\/v2\/product_brand?post=5794"},{"taxonomy":"product_cat","embeddable":true,"href":"https:\/\/etev7e.pef.czu.cz\/zs2223\/wp-json\/wp\/v2\/product_cat?post=5794"},{"taxonomy":"product_tag","embeddable":true,"href":"https:\/\/etev7e.pef.czu.cz\/zs2223\/wp-json\/wp\/v2\/product_tag?post=5794"}],"curies":[{"name":"wp","href":"https:\/\/api.w.org\/{rel}","templated":true}]}}