{"id":5846,"date":"2024-11-14T11:29:50","date_gmt":"2024-11-14T10:29:50","guid":{"rendered":"https:\/\/etev7e.pef.czu.cz\/zs2223\/?post_type=product&#038;p=5846"},"modified":"2024-11-14T11:29:50","modified_gmt":"2024-11-14T10:29:50","slug":"darkovy-kos-pro-muze","status":"publish","type":"product","link":"https:\/\/etev7e.pef.czu.cz\/zs2223\/produkt\/darkovy-kos-pro-muze\/","title":{"rendered":"D\u00e1rkov\u00fd ko\u0161 pro mu\u017ee"},"content":{"rendered":"<p>D\u00e1rkov\u00fd ko\u0161 pro mu\u017ee p\u0159in\u00e1\u0161\u00ed ide\u00e1ln\u00ed spojen\u00ed pivn\u00edch a gurm\u00e1nsk\u00fdch lah\u016fdek. Najdete v n\u011bm v\u00fdb\u011brov\u00e9 pivo spolu s p\u016fllitrem, kter\u00fd je perfektn\u00ed pro stylov\u00e9 vychutn\u00e1n\u00ed n\u00e1poje. Sou\u010d\u00e1st\u00ed jsou tak\u00e9 chmelinky \u2013 bonbony s p\u0159\u00edchut\u00ed chmele, kter\u00e9 dod\u00e1vaj\u00ed ko\u0161i netradi\u010dn\u00ed sladkou te\u010dku. Nakl\u00e1dan\u00e9 okurky p\u0159id\u00e1vaj\u00ed osv\u011b\u017euj\u00edc\u00ed k\u0159upavost a delik\u00e1tn\u00ed kachn\u00ed terina p\u0159edstavuje gurm\u00e1nsk\u00fd z\u00e1\u017eitek, kter\u00fd dopln\u00ed cel\u00fd obsah ko\u0161e. Tento ko\u0161 pot\u011b\u0161\u00ed ka\u017ed\u00e9ho mu\u017ee, kter\u00fd ocen\u00ed kvalitn\u00ed pivo a nev\u0161edn\u00ed chu\u0165ov\u00e9 kombinace.<\/p>\n","protected":false},"excerpt":{"rendered":"<div class=\"flex max-w-full flex-col flex-grow\">\n<div class=\"min-h-8 text-message flex w-full flex-col items-end gap-2 whitespace-normal break-words [.text-message+&amp;]:mt-5\" dir=\"auto\" data-message-author-role=\"assistant\" data-message-id=\"a7eb5c6b-34f6-45a4-928a-91885babab23\" data-message-model-slug=\"gpt-4o-mini\">\n<div class=\"flex w-full flex-col gap-1 empty:hidden first:pt-[3px]\">\n<div class=\"markdown prose w-full break-words dark:prose-invert light\">\n<p>D\u00e1rkov\u00fd ko\u0161 pro mu\u017ee spojuje v\u00fdb\u011brov\u00e9 pivo, p\u016fllitr, chmelinky, nakl\u00e1dan\u00e9 okurky a kachn\u00ed terinu. Ide\u00e1ln\u00ed pro milovn\u00edky piva a gurm\u00e1nsk\u00fdch specialit, kte\u0159\u00ed ocen\u00ed netradi\u010dn\u00ed chu\u0165ov\u00e9 kombinace.<\/p>\n<\/div>\n<\/div>\n<\/div>\n<\/div>\n","protected":false},"featured_media":5848,"comment_status":"open","ping_status":"closed","template":"","meta":[],"product_brand":[],"product_cat":[1797],"product_tag":[1097,357,30],"class_list":{"0":"post-5846","1":"product","2":"type-product","3":"status-publish","4":"has-post-thumbnail","6":"product_cat-www-tvujshop-cz-darkove-kose","7":"product_tag-darkove-sady","8":"product_tag-lahve-na-piti","9":"product_tag-pivo","11":"first","12":"instock","13":"taxable","14":"shipping-taxable","15":"purchasable","16":"product-type-simple"},"jetpack_sharing_enabled":true,"_links":{"self":[{"href":"https:\/\/etev7e.pef.czu.cz\/zs2223\/wp-json\/wp\/v2\/product\/5846","targetHints":{"allow":["GET"]}}],"collection":[{"href":"https:\/\/etev7e.pef.czu.cz\/zs2223\/wp-json\/wp\/v2\/product"}],"about":[{"href":"https:\/\/etev7e.pef.czu.cz\/zs2223\/wp-json\/wp\/v2\/types\/product"}],"replies":[{"embeddable":true,"href":"https:\/\/etev7e.pef.czu.cz\/zs2223\/wp-json\/wp\/v2\/comments?post=5846"}],"wp:featuredmedia":[{"embeddable":true,"href":"https:\/\/etev7e.pef.czu.cz\/zs2223\/wp-json\/wp\/v2\/media\/5848"}],"wp:attachment":[{"href":"https:\/\/etev7e.pef.czu.cz\/zs2223\/wp-json\/wp\/v2\/media?parent=5846"}],"wp:term":[{"taxonomy":"product_brand","embeddable":true,"href":"https:\/\/etev7e.pef.czu.cz\/zs2223\/wp-json\/wp\/v2\/product_brand?post=5846"},{"taxonomy":"product_cat","embeddable":true,"href":"https:\/\/etev7e.pef.czu.cz\/zs2223\/wp-json\/wp\/v2\/product_cat?post=5846"},{"taxonomy":"product_tag","embeddable":true,"href":"https:\/\/etev7e.pef.czu.cz\/zs2223\/wp-json\/wp\/v2\/product_tag?post=5846"}],"curies":[{"name":"wp","href":"https:\/\/api.w.org\/{rel}","templated":true}]}}