{"id":6128,"date":"2024-11-18T19:25:22","date_gmt":"2024-11-18T18:25:22","guid":{"rendered":"https:\/\/etev7e.pef.czu.cz\/zs2223\/?post_type=product&#038;p=6128"},"modified":"2024-11-18T20:32:57","modified_gmt":"2024-11-18T19:32:57","slug":"milostny-dopis-bridgertonovi","status":"publish","type":"product","link":"https:\/\/etev7e.pef.czu.cz\/zs2223\/produkt\/milostny-dopis-bridgertonovi\/","title":{"rendered":"Milostn\u00fd dopis: Bridgertonovi"},"content":{"rendered":"<p>Z\u00e1bavn\u00e1 karetn\u00ed hra s \u00fapln\u011b nov\u00fdm hern\u00edm mechanismem. Jako oddan\u00fd ctitel kr\u00e1sn\u00e9 princezny se sna\u017e\u00edte doru\u010dit sv\u016fj milostn\u00fd dopis. Princezna je v\u0161ak bohu\u017eel uzav\u0159ena v pal\u00e1ci a dopis nen\u00ed mo\u017en\u00e9 p\u0159edat p\u0159\u00edmo. Ud\u011blejte v\u0161e pro to, aby se va\u0161e vyzn\u00e1n\u00ed dostalo k princezn\u011b jako prvn\u00ed.<\/p>\n<p dir=\"ltr\"><strong>Obsah hry:\u00a0<\/strong>hrac\u00ed karty, bodovac\u00ed \u017eetony, s\u00e1\u010dek na karty, n\u00e1vod<\/p>\n<p dir=\"ltr\"><strong>Po\u010det hr\u00e1\u010d\u016f:\u00a0<\/strong>2 &#8211; 6<\/p>\n<p dir=\"ltr\"><strong>Doba hran\u00ed:\u00a0<\/strong>20 minut<\/p>\n<p dir=\"ltr\"><strong>Obt\u00ed\u017enost:<\/strong>\u00a0snadn\u00e1<\/p>\n<p dir=\"ltr\"><strong>Doporu\u010den\u00e1 v\u011bkov\u00e1 hranice:<\/strong>\u00a0od 10 let<\/p>\n","protected":false},"excerpt":{"rendered":"<p>Z\u00e1bavn\u00e1 karetn\u00ed hra s nov\u00fdm mechanismem. Jako ctitel princezny se sna\u017e\u00edte doru\u010dit sv\u016fj milostn\u00fd dopis, i kdy\u017e je zav\u0159en\u00e1 v pal\u00e1ci. Bu\u010fte prvn\u00ed, kdo j\u00ed vyzn\u00e1n\u00ed p\u0159ed\u00e1.<\/p>\n","protected":false},"featured_media":6127,"comment_status":"open","ping_status":"closed","template":"","meta":[],"product_brand":[],"product_cat":[1804],"product_tag":[681,862,299],"class_list":{"0":"post-6128","1":"product","2":"type-product","3":"status-publish","4":"has-post-thumbnail","6":"product_cat-deskove-hry-cz","7":"product_tag-deskove-hry","8":"product_tag-rodinne-hry","9":"product_tag-stolni-hry","11":"first","12":"instock","13":"taxable","14":"shipping-taxable","15":"purchasable","16":"product-type-simple"},"jetpack_sharing_enabled":true,"_links":{"self":[{"href":"https:\/\/etev7e.pef.czu.cz\/zs2223\/wp-json\/wp\/v2\/product\/6128","targetHints":{"allow":["GET"]}}],"collection":[{"href":"https:\/\/etev7e.pef.czu.cz\/zs2223\/wp-json\/wp\/v2\/product"}],"about":[{"href":"https:\/\/etev7e.pef.czu.cz\/zs2223\/wp-json\/wp\/v2\/types\/product"}],"replies":[{"embeddable":true,"href":"https:\/\/etev7e.pef.czu.cz\/zs2223\/wp-json\/wp\/v2\/comments?post=6128"}],"wp:featuredmedia":[{"embeddable":true,"href":"https:\/\/etev7e.pef.czu.cz\/zs2223\/wp-json\/wp\/v2\/media\/6127"}],"wp:attachment":[{"href":"https:\/\/etev7e.pef.czu.cz\/zs2223\/wp-json\/wp\/v2\/media?parent=6128"}],"wp:term":[{"taxonomy":"product_brand","embeddable":true,"href":"https:\/\/etev7e.pef.czu.cz\/zs2223\/wp-json\/wp\/v2\/product_brand?post=6128"},{"taxonomy":"product_cat","embeddable":true,"href":"https:\/\/etev7e.pef.czu.cz\/zs2223\/wp-json\/wp\/v2\/product_cat?post=6128"},{"taxonomy":"product_tag","embeddable":true,"href":"https:\/\/etev7e.pef.czu.cz\/zs2223\/wp-json\/wp\/v2\/product_tag?post=6128"}],"curies":[{"name":"wp","href":"https:\/\/api.w.org\/{rel}","templated":true}]}}