{"id":6129,"date":"2024-11-18T19:38:30","date_gmt":"2024-11-18T18:38:30","guid":{"rendered":"https:\/\/etev7e.pef.czu.cz\/zs2223\/?post_type=product&#038;p=6129"},"modified":"2024-11-18T20:16:59","modified_gmt":"2024-11-18T19:16:59","slug":"deskova-hra-dobble","status":"publish","type":"product","link":"https:\/\/etev7e.pef.czu.cz\/zs2223\/produkt\/deskova-hra-dobble\/","title":{"rendered":"Dobble"},"content":{"rendered":"<p>S velice jednoduch\u00fdmi pravidly se nemus\u00edte zdr\u017eovat dlouh\u00fdm vysv\u011btlov\u00e1n\u00edm, prost\u011b karti\u010dky rozbal\u00edte a hrajete. Hlavn\u00edm c\u00edlem je nal\u00e9zt dva stejn\u00e9 symboly na r\u016fzn\u00fdch kulat\u00fdch karti\u010dk\u00e1ch. Existuje hned n\u011bkolik hern\u00edch styl\u016f, jak se s Dobble zabavit a je jen na v\u00e1s, kter\u00fd si vyberete, nebo zda si vymysl\u00edte sv\u00e9 vlastn\u00ed.<\/p>\n<p dir=\"ltr\">Obsah hry:\u00a0755 kulat\u00fdch karet, pravidla hry<\/p>\n<p dir=\"ltr\">Po\u010det hr\u00e1\u010d\u016f:\u00a02 &#8211; 8<\/p>\n<p dir=\"ltr\">Doba hran\u00ed:\u00a015 minut<\/p>\n<p dir=\"ltr\">Obt\u00ed\u017enost:\u00a0snadn\u00e1<\/p>\n<p dir=\"ltr\">Doporu\u010den\u00e1 v\u011bkov\u00e1 hranice:\u00a0od 6 let<\/p>\n","protected":false},"excerpt":{"rendered":"<p>S jednoduch\u00fdmi pravidly m\u016f\u017eete hned za\u010d\u00edt hr\u00e1t. C\u00edlem je naj\u00edt dva stejn\u00e9 symboly na kulat\u00fdch karti\u010dk\u00e1ch. Dobble nab\u00edz\u00ed r\u016fzn\u00e9 hern\u00ed styly, nebo si m\u016f\u017eete vytvo\u0159it vlastn\u00ed.<\/p>\n","protected":false},"featured_media":6137,"comment_status":"open","ping_status":"closed","template":"","meta":[],"product_brand":[],"product_cat":[1804],"product_tag":[681,301,300,303,862],"class_list":{"0":"post-6129","1":"product","2":"type-product","3":"status-publish","4":"has-post-thumbnail","6":"product_cat-deskove-hry-cz","7":"product_tag-deskove-hry","8":"product_tag-hry","9":"product_tag-karetni-hry","10":"product_tag-party-hry","11":"product_tag-rodinne-hry","13":"first","14":"instock","15":"taxable","16":"shipping-taxable","17":"purchasable","18":"product-type-simple"},"jetpack_sharing_enabled":true,"_links":{"self":[{"href":"https:\/\/etev7e.pef.czu.cz\/zs2223\/wp-json\/wp\/v2\/product\/6129","targetHints":{"allow":["GET"]}}],"collection":[{"href":"https:\/\/etev7e.pef.czu.cz\/zs2223\/wp-json\/wp\/v2\/product"}],"about":[{"href":"https:\/\/etev7e.pef.czu.cz\/zs2223\/wp-json\/wp\/v2\/types\/product"}],"replies":[{"embeddable":true,"href":"https:\/\/etev7e.pef.czu.cz\/zs2223\/wp-json\/wp\/v2\/comments?post=6129"}],"wp:featuredmedia":[{"embeddable":true,"href":"https:\/\/etev7e.pef.czu.cz\/zs2223\/wp-json\/wp\/v2\/media\/6137"}],"wp:attachment":[{"href":"https:\/\/etev7e.pef.czu.cz\/zs2223\/wp-json\/wp\/v2\/media?parent=6129"}],"wp:term":[{"taxonomy":"product_brand","embeddable":true,"href":"https:\/\/etev7e.pef.czu.cz\/zs2223\/wp-json\/wp\/v2\/product_brand?post=6129"},{"taxonomy":"product_cat","embeddable":true,"href":"https:\/\/etev7e.pef.czu.cz\/zs2223\/wp-json\/wp\/v2\/product_cat?post=6129"},{"taxonomy":"product_tag","embeddable":true,"href":"https:\/\/etev7e.pef.czu.cz\/zs2223\/wp-json\/wp\/v2\/product_tag?post=6129"}],"curies":[{"name":"wp","href":"https:\/\/api.w.org\/{rel}","templated":true}]}}