{"id":6171,"date":"2024-11-19T11:48:16","date_gmt":"2024-11-19T10:48:16","guid":{"rendered":"https:\/\/etev7e.pef.czu.cz\/zs2223\/?post_type=product&#038;p=6171"},"modified":"2024-11-27T12:14:09","modified_gmt":"2024-11-27T11:14:09","slug":"garnier-odlicovaci-mleko-pro-suchou-az-citlivou-plet","status":"publish","type":"product","link":"https:\/\/etev7e.pef.czu.cz\/zs2223\/produkt\/garnier-odlicovaci-mleko-pro-suchou-az-citlivou-plet\/","title":{"rendered":"Garnier: odli\u010dovac\u00ed ml\u00e9ko pro suchou a\u017e citlivou ple\u0165"},"content":{"rendered":"<p>Garnier Botanical je zklid\u0148uj\u00edc\u00ed \u010dist\u00edc\u00ed ml\u00e9ko s r\u016f\u017eovou vodou, kter\u00e9 nab\u00edz\u00ed modern\u00ed p\u0159\u00edstup k odli\u010dov\u00e1n\u00ed pleti s 96% p\u0159\u00edrodn\u00edm slo\u017een\u00edm. Obsahuje r\u016f\u017eovou vodu, kter\u00e1 je zn\u00e1m\u00e1 pro sv\u00e9 zklid\u0148uj\u00edc\u00ed \u00fa\u010dinky. \u0160etrn\u011b, ale efektivn\u011b \u010dist\u00ed ple\u0165, odstra\u0148uje make-up a zanech\u00e1v\u00e1 ple\u0165 jemnou a dokonale zklidn\u011bnou. Odli\u010dovac\u00ed ml\u00e9ko je d\u00edky sv\u00e9mu slo\u017een\u00ed vhodn\u00e9 pro suchou a\u017e citlivou ple\u0165. Produkt neobsahuje parabeny, silikony ani um\u011bl\u00e1 barviva.<\/p>\n","protected":false},"excerpt":{"rendered":"<p>Garnier Botanical odli\u010dovac\u00ed ml\u00e9ko s v\u00fdta\u017eky z r\u016f\u017ee odstra\u0148uje z pleti ne\u010distoty a zanech\u00e1v\u00e1 ji \u010distou a jemnou.<\/p>\n","protected":false},"featured_media":6172,"comment_status":"open","ping_status":"closed","template":"","meta":[],"product_brand":[],"product_cat":[1173],"product_tag":[878,997,943,992,725],"class_list":{"0":"post-6171","1":"product","2":"type-product","3":"status-publish","4":"has-post-thumbnail","6":"product_cat-kosmetika","7":"product_tag-cisteni-pleti","8":"product_tag-drogerie","9":"product_tag-kosmetika","10":"product_tag-odlicovaci-mleko","11":"product_tag-pece-o-plet","13":"first","14":"instock","15":"sale","16":"taxable","17":"shipping-taxable","18":"purchasable","19":"product-type-simple"},"jetpack_sharing_enabled":true,"_links":{"self":[{"href":"https:\/\/etev7e.pef.czu.cz\/zs2223\/wp-json\/wp\/v2\/product\/6171","targetHints":{"allow":["GET"]}}],"collection":[{"href":"https:\/\/etev7e.pef.czu.cz\/zs2223\/wp-json\/wp\/v2\/product"}],"about":[{"href":"https:\/\/etev7e.pef.czu.cz\/zs2223\/wp-json\/wp\/v2\/types\/product"}],"replies":[{"embeddable":true,"href":"https:\/\/etev7e.pef.czu.cz\/zs2223\/wp-json\/wp\/v2\/comments?post=6171"}],"wp:featuredmedia":[{"embeddable":true,"href":"https:\/\/etev7e.pef.czu.cz\/zs2223\/wp-json\/wp\/v2\/media\/6172"}],"wp:attachment":[{"href":"https:\/\/etev7e.pef.czu.cz\/zs2223\/wp-json\/wp\/v2\/media?parent=6171"}],"wp:term":[{"taxonomy":"product_brand","embeddable":true,"href":"https:\/\/etev7e.pef.czu.cz\/zs2223\/wp-json\/wp\/v2\/product_brand?post=6171"},{"taxonomy":"product_cat","embeddable":true,"href":"https:\/\/etev7e.pef.czu.cz\/zs2223\/wp-json\/wp\/v2\/product_cat?post=6171"},{"taxonomy":"product_tag","embeddable":true,"href":"https:\/\/etev7e.pef.czu.cz\/zs2223\/wp-json\/wp\/v2\/product_tag?post=6171"}],"curies":[{"name":"wp","href":"https:\/\/api.w.org\/{rel}","templated":true}]}}