{"id":6261,"date":"2024-11-28T09:31:31","date_gmt":"2024-11-28T08:31:31","guid":{"rendered":"https:\/\/etev7e.pef.czu.cz\/zs2223\/?post_type=product&#038;p=6261"},"modified":"2024-11-28T10:13:44","modified_gmt":"2024-11-28T09:13:44","slug":"3d-pernicky","status":"publish","type":"product","link":"https:\/\/etev7e.pef.czu.cz\/zs2223\/produkt\/3d-pernicky\/","title":{"rendered":"3D pern\u00ed\u010dky"},"content":{"rendered":"<p dir=\"ltr\">Na\u0161e jedine\u010dn\u00e9 3D pern\u00ed\u010dky se hod\u00ed na ka\u017edou p\u0159\u00edle\u017eitost. Na rodinou oslavy, na oslavu v\u00fdro\u010d\u00ed vzniku \u0161koly \u010di firmy. \u010ci na jak\u00fdkoliv ples(maturitn\u00ed, mysliveck\u00fd), na d\u011btsk\u00e9 t\u00e1bory, stezky odvahy nebo na den d\u011bt\u00ed.<\/p>\n<p><strong>Varianty:<\/strong><\/p>\n<ul>\n<li>dle p\u0159\u00e1n\u00ed<\/li>\n<\/ul>\n<p dir=\"ltr\">Seznam alergen\u016f:\u00a0mouka p\u0161eni\u010dn\u00e1 ( alergen) , cukr, vejce( alergen), olej \u0159epkov\u00fd, med kv\u011btov\u00fd , pern\u00edkov\u00e9 ko\u0159en\u00ed, jedl\u00e1 soda.<\/p>\n<p dir=\"ltr\"><strong>Trvanlivost:\u00a0<\/strong>6 m\u011bs\u00edc\u016f od data v\u00fdroby<\/p>\n<p dir=\"ltr\">Rozm\u011bry:\u00a0R\u016fzn\u00e9 (nap\u0159. Truhla D25xV20xH15)<\/p>\n","protected":false},"excerpt":{"rendered":"<p>Na\u0161e jedine\u010dn\u00e9 3D pern\u00ed\u010dky se hod\u00ed na ka\u017edou p\u0159\u00edle\u017eitost. Na rodinou oslavy, na oslavu v\u00fdro\u010d\u00ed vzniku \u0161koly \u010di firmy. \u010ci na jak\u00fdkoliv ples(maturitn\u00ed, mysliveck\u00fd), na d\u011btsk\u00e9 t\u00e1bory, stezky odvahy nebo na den d\u011bt\u00ed. Varianty: dle p\u0159\u00e1n\u00ed Seznam alergen\u016f:\u00a0mouka p\u0161eni\u010dn\u00e1 ( alergen) , cukr, vejce( alergen), olej \u0159epkov\u00fd, med kv\u011btov\u00fd , pern\u00edkov\u00e9 ko\u0159en\u00ed, jedl\u00e1 soda. Trvanlivost:\u00a06 [&hellip;]<\/p>\n","protected":false},"featured_media":6262,"comment_status":"open","ping_status":"closed","template":"","meta":[],"product_brand":[],"product_cat":[1815],"product_tag":[372,370,1821,1820],"class_list":{"0":"post-6261","1":"product","2":"type-product","3":"status-publish","4":"has-post-thumbnail","6":"product_cat-zdobene-pernicky","7":"product_tag-darek","8":"product_tag-dekorace","9":"product_tag-penize","10":"product_tag-truhla","12":"first","13":"instock","14":"taxable","15":"shipping-taxable","16":"purchasable","17":"product-type-simple"},"jetpack_sharing_enabled":true,"_links":{"self":[{"href":"https:\/\/etev7e.pef.czu.cz\/zs2223\/wp-json\/wp\/v2\/product\/6261","targetHints":{"allow":["GET"]}}],"collection":[{"href":"https:\/\/etev7e.pef.czu.cz\/zs2223\/wp-json\/wp\/v2\/product"}],"about":[{"href":"https:\/\/etev7e.pef.czu.cz\/zs2223\/wp-json\/wp\/v2\/types\/product"}],"replies":[{"embeddable":true,"href":"https:\/\/etev7e.pef.czu.cz\/zs2223\/wp-json\/wp\/v2\/comments?post=6261"}],"wp:featuredmedia":[{"embeddable":true,"href":"https:\/\/etev7e.pef.czu.cz\/zs2223\/wp-json\/wp\/v2\/media\/6262"}],"wp:attachment":[{"href":"https:\/\/etev7e.pef.czu.cz\/zs2223\/wp-json\/wp\/v2\/media?parent=6261"}],"wp:term":[{"taxonomy":"product_brand","embeddable":true,"href":"https:\/\/etev7e.pef.czu.cz\/zs2223\/wp-json\/wp\/v2\/product_brand?post=6261"},{"taxonomy":"product_cat","embeddable":true,"href":"https:\/\/etev7e.pef.czu.cz\/zs2223\/wp-json\/wp\/v2\/product_cat?post=6261"},{"taxonomy":"product_tag","embeddable":true,"href":"https:\/\/etev7e.pef.czu.cz\/zs2223\/wp-json\/wp\/v2\/product_tag?post=6261"}],"curies":[{"name":"wp","href":"https:\/\/api.w.org\/{rel}","templated":true}]}}