{"id":6839,"date":"2025-11-04T17:11:34","date_gmt":"2025-11-04T16:11:34","guid":{"rendered":"https:\/\/etev7e.pef.czu.cz\/zs2223\/?post_type=product&#038;p=6839"},"modified":"2025-11-08T18:18:09","modified_gmt":"2025-11-08T17:18:09","slug":"aroma-svicka-slzy-po-ekonometrii","status":"publish","type":"product","link":"https:\/\/etev7e.pef.czu.cz\/zs2223\/produkt\/aroma-svicka-slzy-po-ekonometrii\/","title":{"rendered":"Aroma sv\u00ed\u010dka &#8211; Slzy po ekonometrii"},"content":{"rendered":"<p><span style=\"font-weight: 400\">Zapal sv\u00ed\u010dku, zav\u0159i o\u010di a zhluboka se nadechni. Vzduchem se line v\u016fn\u011b pap\u00edru, potu a Excelu, kter\u00e1 ti okam\u017eit\u011b p\u0159ipomene v\u0161echny ty hodiny str\u00e1ven\u00e9 v Gretlu, nekone\u010dn\u00e9 tabulky a zoufal\u00e9 snahy, aby ti kone\u010dn\u011b vy\u0161el model. <\/span><\/p>\n<p><span style=\"font-weight: 400\">Ho\u0159\u00ed p\u0159esn\u011b tak dlouho, jak trv\u00e1 jedna regresn\u00ed anal\u00fdza, tedy nekone\u010dn\u011b. Ide\u00e1ln\u00ed pro no\u010dn\u00ed studium, krizov\u00e9 momenty nebo chv\u00edle, kdy se sna\u017e\u00ed\u0161 pochopit, co vlastn\u011b znamen\u00e1 \u201eheteroskedasticita\u201c.<\/span><\/p>\n<p><br style=\"font-weight: 400\" \/><br style=\"font-weight: 400\" \/><\/p>\n<p><br style=\"font-weight: 400\" \/><br style=\"font-weight: 400\" \/><\/p>\n","protected":false},"excerpt":{"rendered":"<p><span style=\"font-weight: 400\">V\u016fn\u011b, kter\u00e1 t\u011b p\u0159enese zp\u011bt k tabulk\u00e1m, Gretlu a ztracen\u00e9 v\u016fli \u017e\u00edt.<\/span><\/p>\n","protected":false},"featured_media":6858,"comment_status":"open","ping_status":"closed","template":"","meta":[],"product_brand":[],"product_cat":[1863,753],"product_tag":[1507,997,752,317],"class_list":{"0":"post-6839","1":"product","2":"type-product","3":"status-publish","4":"has-post-thumbnail","6":"product_cat-aromaterapie","7":"product_cat-drogerie","8":"product_tag-aroma","9":"product_tag-drogerie","10":"product_tag-vonne-svicky","11":"product_tag-vune","13":"first","14":"instock","15":"sale","16":"taxable","17":"shipping-taxable","18":"purchasable","19":"product-type-simple"},"jetpack_sharing_enabled":true,"_links":{"self":[{"href":"https:\/\/etev7e.pef.czu.cz\/zs2223\/wp-json\/wp\/v2\/product\/6839","targetHints":{"allow":["GET"]}}],"collection":[{"href":"https:\/\/etev7e.pef.czu.cz\/zs2223\/wp-json\/wp\/v2\/product"}],"about":[{"href":"https:\/\/etev7e.pef.czu.cz\/zs2223\/wp-json\/wp\/v2\/types\/product"}],"replies":[{"embeddable":true,"href":"https:\/\/etev7e.pef.czu.cz\/zs2223\/wp-json\/wp\/v2\/comments?post=6839"}],"wp:featuredmedia":[{"embeddable":true,"href":"https:\/\/etev7e.pef.czu.cz\/zs2223\/wp-json\/wp\/v2\/media\/6858"}],"wp:attachment":[{"href":"https:\/\/etev7e.pef.czu.cz\/zs2223\/wp-json\/wp\/v2\/media?parent=6839"}],"wp:term":[{"taxonomy":"product_brand","embeddable":true,"href":"https:\/\/etev7e.pef.czu.cz\/zs2223\/wp-json\/wp\/v2\/product_brand?post=6839"},{"taxonomy":"product_cat","embeddable":true,"href":"https:\/\/etev7e.pef.czu.cz\/zs2223\/wp-json\/wp\/v2\/product_cat?post=6839"},{"taxonomy":"product_tag","embeddable":true,"href":"https:\/\/etev7e.pef.czu.cz\/zs2223\/wp-json\/wp\/v2\/product_tag?post=6839"}],"curies":[{"name":"wp","href":"https:\/\/api.w.org\/{rel}","templated":true}]}}