{"id":6843,"date":"2025-11-04T18:47:07","date_gmt":"2025-11-04T17:47:07","guid":{"rendered":"https:\/\/etev7e.pef.czu.cz\/zs2223\/?post_type=product&#038;p=6843"},"modified":"2025-11-06T09:26:11","modified_gmt":"2025-11-06T08:26:11","slug":"pelisek-designovy-sedy-bezovy","status":"publish","type":"product","link":"https:\/\/etev7e.pef.czu.cz\/zs2223\/produkt\/pelisek-designovy-sedy-bezovy\/","title":{"rendered":"Pel\u00ed\u0161ek designov\u00fd \u0161ed\u00fd \/ b\u00e9\u017eov\u00fd"},"content":{"rendered":"<p>M\u011bkk\u00fd a h\u0159ejiv\u00fd pel\u00ed\u0161ek vhodn\u00fd do modern\u00edho interi\u00e9ru. Potah z odoln\u00e9 tkaniny, v\u00fdpl\u0148 z polystyrenov\u00fdch kuli\u010dek nebo pam\u011b\u0165ov\u00e9 p\u011bny. Odn\u00edmateln\u00fd potah, snadno prateln\u00fd.<\/p>\n","protected":false},"excerpt":{"rendered":"<p>M\u011bkk\u00fd a h\u0159ejiv\u00fd pel\u00ed\u0161ek, kter\u00fd zajist\u00ed komfort pro Va\u0161eho psa.<\/p>\n","protected":false},"featured_media":6850,"comment_status":"open","ping_status":"closed","template":"","meta":[],"product_brand":[],"product_cat":[1862],"product_tag":[1881,1880,1879,385],"class_list":{"0":"post-6843","1":"product","2":"type-product","3":"status-publish","4":"has-post-thumbnail","6":"product_cat-prislusenstvi-pro-psy","7":"product_tag-designovy","8":"product_tag-komfort","9":"product_tag-pelisek","10":"product_tag-pes","12":"first","13":"instock","14":"sale","15":"taxable","16":"shipping-taxable","17":"purchasable","18":"product-type-simple"},"jetpack_sharing_enabled":true,"_links":{"self":[{"href":"https:\/\/etev7e.pef.czu.cz\/zs2223\/wp-json\/wp\/v2\/product\/6843","targetHints":{"allow":["GET"]}}],"collection":[{"href":"https:\/\/etev7e.pef.czu.cz\/zs2223\/wp-json\/wp\/v2\/product"}],"about":[{"href":"https:\/\/etev7e.pef.czu.cz\/zs2223\/wp-json\/wp\/v2\/types\/product"}],"replies":[{"embeddable":true,"href":"https:\/\/etev7e.pef.czu.cz\/zs2223\/wp-json\/wp\/v2\/comments?post=6843"}],"wp:featuredmedia":[{"embeddable":true,"href":"https:\/\/etev7e.pef.czu.cz\/zs2223\/wp-json\/wp\/v2\/media\/6850"}],"wp:attachment":[{"href":"https:\/\/etev7e.pef.czu.cz\/zs2223\/wp-json\/wp\/v2\/media?parent=6843"}],"wp:term":[{"taxonomy":"product_brand","embeddable":true,"href":"https:\/\/etev7e.pef.czu.cz\/zs2223\/wp-json\/wp\/v2\/product_brand?post=6843"},{"taxonomy":"product_cat","embeddable":true,"href":"https:\/\/etev7e.pef.czu.cz\/zs2223\/wp-json\/wp\/v2\/product_cat?post=6843"},{"taxonomy":"product_tag","embeddable":true,"href":"https:\/\/etev7e.pef.czu.cz\/zs2223\/wp-json\/wp\/v2\/product_tag?post=6843"}],"curies":[{"name":"wp","href":"https:\/\/api.w.org\/{rel}","templated":true}]}}