{"id":6846,"date":"2025-11-05T08:31:58","date_gmt":"2025-11-05T07:31:58","guid":{"rendered":"https:\/\/etev7e.pef.czu.cz\/zs2223\/?post_type=product&#038;p=6846"},"modified":"2025-11-05T08:42:39","modified_gmt":"2025-11-05T07:42:39","slug":"silikonova-sterka","status":"publish","type":"product","link":"https:\/\/etev7e.pef.czu.cz\/zs2223\/produkt\/silikonova-sterka\/","title":{"rendered":"Silikonov\u00e1 st\u011brka"},"content":{"rendered":"<p><span style=\"font-weight: 400\">Praktick\u00e1 silikonov\u00e1 st\u011brka je nepostradateln\u00fdm pomocn\u00edkem v ka\u017ed\u00e9 kuchyni. D\u00edky pru\u017en\u00e9 a odoln\u00e9 hlavici z kvalitn\u00edho silikonu snadno vy\u010dist\u00edte m\u00edsy, hrnce i p\u00e1nve beze zbytku a bez po\u0161kozen\u00ed povrchu. Ergonomick\u00e1 rukoje\u0165 dob\u0159e padne do ruky a zaru\u010duje pohodln\u00e9 pou\u017e\u00edv\u00e1n\u00ed. St\u011brka je tepeln\u011b odoln\u00e1, vhodn\u00e1 pro myt\u00ed v my\u010dce a d\u00edky sv\u00e9mu elegantn\u00edmu designu se hod\u00ed jak pro ka\u017edodenn\u00ed va\u0159en\u00ed, tak pro pe\u010den\u00ed. Ide\u00e1ln\u00ed volba pro ty, kdo ocen\u00ed funk\u010dnost, kvalitu a modern\u00ed styl. <img loading=\"lazy\" decoding=\"async\" class=\"alignnone size-medium wp-image-6847\" src=\"https:\/\/etev7e.pef.czu.cz\/zs2223\/01\/wp-content\/uploads\/2025\/11\/sterka-200x300.png\" alt=\"\" width=\"200\" height=\"300\" srcset=\"https:\/\/etev7e.pef.czu.cz\/zs2223\/01\/wp-content\/uploads\/2025\/11\/sterka-200x300.png 200w, https:\/\/etev7e.pef.czu.cz\/zs2223\/01\/wp-content\/uploads\/2025\/11\/sterka-683x1024.png 683w, https:\/\/etev7e.pef.czu.cz\/zs2223\/01\/wp-content\/uploads\/2025\/11\/sterka-768x1152.png 768w, https:\/\/etev7e.pef.czu.cz\/zs2223\/01\/wp-content\/uploads\/2025\/11\/sterka-416x624.png 416w, https:\/\/etev7e.pef.czu.cz\/zs2223\/01\/wp-content\/uploads\/2025\/11\/sterka.png 1024w\" sizes=\"auto, (max-width: 200px) 100vw, 200px\" \/><\/span><\/p>\n","protected":false},"excerpt":{"rendered":"<p>Praktick\u00e1 silikonov\u00e1 st\u011brka je nepostradateln\u00fdm pomocn\u00edkem v ka\u017ed\u00e9 kuchyni. D\u00edky pru\u017en\u00e9 a odoln\u00e9 hlavici z kvalitn\u00edho silikonu snadno vy\u010dist\u00edte m\u00edsy, hrnce i p\u00e1nve beze zbytku a bez po\u0161kozen\u00ed povrchu. Ergonomick\u00e1 rukoje\u0165 dob\u0159e padne do ruky a zaru\u010duje pohodln\u00e9 pou\u017e\u00edv\u00e1n\u00ed. St\u011brka je tepeln\u011b odoln\u00e1, vhodn\u00e1 pro myt\u00ed v my\u010dce a d\u00edky sv\u00e9mu elegantn\u00edmu designu se hod\u00ed [&hellip;]<\/p>\n","protected":false},"featured_media":6847,"comment_status":"open","ping_status":"closed","template":"","meta":[],"product_brand":[],"product_cat":[1864],"product_tag":[1007,353,484],"class_list":{"0":"post-6846","1":"product","2":"type-product","3":"status-publish","4":"has-post-thumbnail","6":"product_cat-kuchynskevybaveni","7":"product_tag-kuchyne","8":"product_tag-kuchynske-potreby","9":"product_tag-kuchynske-vybaveni","11":"first","12":"instock","13":"sale","14":"taxable","15":"shipping-taxable","16":"purchasable","17":"product-type-simple"},"jetpack_sharing_enabled":true,"_links":{"self":[{"href":"https:\/\/etev7e.pef.czu.cz\/zs2223\/wp-json\/wp\/v2\/product\/6846","targetHints":{"allow":["GET"]}}],"collection":[{"href":"https:\/\/etev7e.pef.czu.cz\/zs2223\/wp-json\/wp\/v2\/product"}],"about":[{"href":"https:\/\/etev7e.pef.czu.cz\/zs2223\/wp-json\/wp\/v2\/types\/product"}],"replies":[{"embeddable":true,"href":"https:\/\/etev7e.pef.czu.cz\/zs2223\/wp-json\/wp\/v2\/comments?post=6846"}],"wp:featuredmedia":[{"embeddable":true,"href":"https:\/\/etev7e.pef.czu.cz\/zs2223\/wp-json\/wp\/v2\/media\/6847"}],"wp:attachment":[{"href":"https:\/\/etev7e.pef.czu.cz\/zs2223\/wp-json\/wp\/v2\/media?parent=6846"}],"wp:term":[{"taxonomy":"product_brand","embeddable":true,"href":"https:\/\/etev7e.pef.czu.cz\/zs2223\/wp-json\/wp\/v2\/product_brand?post=6846"},{"taxonomy":"product_cat","embeddable":true,"href":"https:\/\/etev7e.pef.czu.cz\/zs2223\/wp-json\/wp\/v2\/product_cat?post=6846"},{"taxonomy":"product_tag","embeddable":true,"href":"https:\/\/etev7e.pef.czu.cz\/zs2223\/wp-json\/wp\/v2\/product_tag?post=6846"}],"curies":[{"name":"wp","href":"https:\/\/api.w.org\/{rel}","templated":true}]}}