{"id":6867,"date":"2025-11-04T17:16:04","date_gmt":"2025-11-04T16:16:04","guid":{"rendered":"https:\/\/etev7e.pef.czu.cz\/zs2223\/?post_type=product&#038;p=6867"},"modified":"2025-11-06T11:16:55","modified_gmt":"2025-11-06T10:16:55","slug":"aroma-lampicka-zen-glow","status":"publish","type":"product","link":"https:\/\/etev7e.pef.czu.cz\/zs2223\/produkt\/aroma-lampicka-zen-glow\/","title":{"rendered":"Aroma lampi\u010dka \u201eZen Glow\u201c"},"content":{"rendered":"","protected":false},"excerpt":{"rendered":"<p>Keramick\u00e1 aroma lampi\u010dka Zen Glow v p\u0159\u00edrodn\u00edch t\u00f3nech vnese do va\u0161eho domova harmonii a teplo. Sta\u010d\u00ed zap\u00e1lit \u010dajovou sv\u00ed\u010dku v doln\u00ed \u010d\u00e1sti a do horn\u00ed misky p\u0159idat p\u00e1r kapek \u00e9terick\u00e9ho oleje nebo vonn\u00e9ho vosku. Lampi\u010dka vytv\u00e1\u0159\u00ed p\u0159\u00edjemn\u00e9 sv\u011btlo a jemnou v\u016fni, kter\u00e1 napln\u00ed cel\u00fd prostor klidem.<\/p>\n","protected":false},"featured_media":6868,"comment_status":"open","ping_status":"closed","template":"","meta":[],"product_brand":[1984],"product_cat":[1865],"product_tag":[2023,2020,2019,2021,2022],"class_list":{"0":"post-6867","1":"product","2":"type-product","3":"status-publish","4":"has-post-thumbnail","6":"product_brand-aroma-relax","7":"product_cat-aroma-a-relax-zona","8":"product_tag-antistresova-aromalampa","9":"product_tag-aromalampa-prirodni-styl","10":"product_tag-keramicka-aromalampa","11":"product_tag-lampicka-pro-aromaterapii","12":"product_tag-relaxacni-aromalampa","14":"first","15":"instock","16":"sale","17":"taxable","18":"shipping-taxable","19":"purchasable","20":"product-type-simple"},"jetpack_sharing_enabled":true,"_links":{"self":[{"href":"https:\/\/etev7e.pef.czu.cz\/zs2223\/wp-json\/wp\/v2\/product\/6867","targetHints":{"allow":["GET"]}}],"collection":[{"href":"https:\/\/etev7e.pef.czu.cz\/zs2223\/wp-json\/wp\/v2\/product"}],"about":[{"href":"https:\/\/etev7e.pef.czu.cz\/zs2223\/wp-json\/wp\/v2\/types\/product"}],"replies":[{"embeddable":true,"href":"https:\/\/etev7e.pef.czu.cz\/zs2223\/wp-json\/wp\/v2\/comments?post=6867"}],"wp:featuredmedia":[{"embeddable":true,"href":"https:\/\/etev7e.pef.czu.cz\/zs2223\/wp-json\/wp\/v2\/media\/6868"}],"wp:attachment":[{"href":"https:\/\/etev7e.pef.czu.cz\/zs2223\/wp-json\/wp\/v2\/media?parent=6867"}],"wp:term":[{"taxonomy":"product_brand","embeddable":true,"href":"https:\/\/etev7e.pef.czu.cz\/zs2223\/wp-json\/wp\/v2\/product_brand?post=6867"},{"taxonomy":"product_cat","embeddable":true,"href":"https:\/\/etev7e.pef.czu.cz\/zs2223\/wp-json\/wp\/v2\/product_cat?post=6867"},{"taxonomy":"product_tag","embeddable":true,"href":"https:\/\/etev7e.pef.czu.cz\/zs2223\/wp-json\/wp\/v2\/product_tag?post=6867"}],"curies":[{"name":"wp","href":"https:\/\/api.w.org\/{rel}","templated":true}]}}