{"id":6946,"date":"2025-11-05T08:15:07","date_gmt":"2025-11-05T07:15:07","guid":{"rendered":"https:\/\/etev7e.pef.czu.cz\/zs2223\/?post_type=product&#038;p=6946"},"modified":"2025-11-05T08:20:51","modified_gmt":"2025-11-05T07:20:51","slug":"roboticky-vysavac-na-okna-window-easy-cleaner-ultrashine-max-vision-3500","status":"publish","type":"product","link":"https:\/\/etev7e.pef.czu.cz\/zs2223\/produkt\/roboticky-vysavac-na-okna-window-easy-cleaner-ultrashine-max-vision-3500\/","title":{"rendered":"Robotick\u00fd vysava\u010d na okna &#8211; Window Easy Cleaner UltraShine MAX Vision 3500"},"content":{"rendered":"<p><span style=\"font-weight: 400\">Vysava\u010d na okna je \u0161ikovn\u00fd pomocn\u00edk pro ka\u017edou dom\u00e1cnost, kter\u00fd zaru\u010d\u00ed leskl\u00e1 okna bez \u0161mouh a kapek. D\u00edky elektrick\u00e9mu ods\u00e1v\u00e1n\u00ed vody vys\u00e1v\u00e1 i le\u0161t\u00ed z\u00e1rove\u0148, tak\u017ee \u00faklid je rychl\u00fd a efektivn\u00ed. Je vhodn\u00fd nejen na klasick\u00e1, ale i st\u0159e\u0161n\u00ed okna, zrcadla, dla\u017edice \u010di sprchov\u00e9 kouty.<\/span><\/p>\n<p><b>V\u00fddr\u017e baterie<\/b><span style=\"font-weight: 400\">: 35 minut<\/span><\/p>\n<p><b>D\u00e9lka nastaviteln\u00e9 ty\u010de<\/b><span style=\"font-weight: 400\">: a\u017e 43 cm\u00a0<\/span><\/p>\n<p><span style=\"font-weight: 400\">Obsah balen\u00ed: Vysava\u010d Window Cleaner, oboustrann\u00fd mop, n\u00e1vlek na oboustrann\u00fd mop, ty\u010d, gumov\u00e1 st\u00edrac\u00ed \u010depel a nab\u00edje\u010dka.<\/span><\/p>\n","protected":false},"excerpt":{"rendered":"<p>Vysava\u010d na okna je \u0161ikovn\u00fd pomocn\u00edk pro ka\u017edou dom\u00e1cnost, kter\u00fd zaru\u010d\u00ed leskl\u00e1 okna bez \u0161mouh a kapek. D\u00edky elektrick\u00e9mu ods\u00e1v\u00e1n\u00ed vody vys\u00e1v\u00e1 i le\u0161t\u00ed z\u00e1rove\u0148, tak\u017ee \u00faklid je rychl\u00fd a efektivn\u00ed. Je vhodn\u00fd nejen na klasick\u00e1, ale i st\u0159e\u0161n\u00ed okna, zrcadla, dla\u017edice \u010di sprchov\u00e9 kouty. V\u00fddr\u017e baterie: 35 minut D\u00e9lka nastaviteln\u00e9 ty\u010de: a\u017e 43 cm\u00a0 [&hellip;]<\/p>\n","protected":false},"featured_media":6945,"comment_status":"open","ping_status":"closed","template":"","meta":[],"product_brand":[],"product_cat":[1894],"product_tag":[],"class_list":{"0":"post-6946","1":"product","2":"type-product","3":"status-publish","4":"has-post-thumbnail","6":"product_cat-uklidovi-pomocnici","8":"first","9":"instock","10":"sale","11":"taxable","12":"shipping-taxable","13":"purchasable","14":"product-type-simple"},"jetpack_sharing_enabled":true,"_links":{"self":[{"href":"https:\/\/etev7e.pef.czu.cz\/zs2223\/wp-json\/wp\/v2\/product\/6946","targetHints":{"allow":["GET"]}}],"collection":[{"href":"https:\/\/etev7e.pef.czu.cz\/zs2223\/wp-json\/wp\/v2\/product"}],"about":[{"href":"https:\/\/etev7e.pef.czu.cz\/zs2223\/wp-json\/wp\/v2\/types\/product"}],"replies":[{"embeddable":true,"href":"https:\/\/etev7e.pef.czu.cz\/zs2223\/wp-json\/wp\/v2\/comments?post=6946"}],"wp:featuredmedia":[{"embeddable":true,"href":"https:\/\/etev7e.pef.czu.cz\/zs2223\/wp-json\/wp\/v2\/media\/6945"}],"wp:attachment":[{"href":"https:\/\/etev7e.pef.czu.cz\/zs2223\/wp-json\/wp\/v2\/media?parent=6946"}],"wp:term":[{"taxonomy":"product_brand","embeddable":true,"href":"https:\/\/etev7e.pef.czu.cz\/zs2223\/wp-json\/wp\/v2\/product_brand?post=6946"},{"taxonomy":"product_cat","embeddable":true,"href":"https:\/\/etev7e.pef.czu.cz\/zs2223\/wp-json\/wp\/v2\/product_cat?post=6946"},{"taxonomy":"product_tag","embeddable":true,"href":"https:\/\/etev7e.pef.czu.cz\/zs2223\/wp-json\/wp\/v2\/product_tag?post=6946"}],"curies":[{"name":"wp","href":"https:\/\/api.w.org\/{rel}","templated":true}]}}