{"id":6963,"date":"2025-11-05T08:59:01","date_gmt":"2025-11-05T07:59:01","guid":{"rendered":"https:\/\/etev7e.pef.czu.cz\/zs2223\/?post_type=product&#038;p=6963"},"modified":"2025-11-05T08:59:02","modified_gmt":"2025-11-05T07:59:02","slug":"rotacni-mop-h%e2%82%82o-floordominator-roulettemaster-turbo-flooder-slip-hazard-maximus-4000","status":"publish","type":"product","link":"https:\/\/etev7e.pef.czu.cz\/zs2223\/produkt\/rotacni-mop-h%e2%82%82o-floordominator-roulettemaster-turbo-flooder-slip-hazard-maximus-4000\/","title":{"rendered":"Rota\u010dn\u00ed mop &#8211; H\u2082O FloorDominator RouletteMaster Turbo Flooder Slip Hazard Maximus 4000"},"content":{"rendered":"<p><span style=\"font-weight: 400\">Tento modern\u00ed rota\u010dn\u00ed mop s kbel\u00edkem je skv\u011bl\u00fdm pomocn\u00edkem pro rychl\u00fd, efektivn\u00ed a pohodln\u00fd \u00faklid dom\u00e1cnosti. D\u00edky ot\u00e1\u010dec\u00edmu syst\u00e9mu se snadno \u017ed\u00edm\u00e1 bez nutnosti nam\u00e1\u010det ruce do vody. Mopov\u00e1 hlavice z jemn\u00e9ho mikrovl\u00e1kna dokonale zachyt\u00ed prach i ne\u010distoty a zanech\u00e1 podlahu z\u00e1\u0159iv\u011b \u010distou.<\/span><\/p>\n<p><b>Rozm\u011bry a hmotnost<\/b><\/p>\n<p><b>D\u00e9lka rukojeti<\/b><span style=\"font-weight: 400\">: cca 145 cm.<\/span><\/p>\n<p><b>D\u00e9lka hlavice<\/b><span style=\"font-weight: 400\">: cca 40 cm.<\/span><\/p>\n<p><b>Materi\u00e1l:<\/b><span style=\"font-weight: 400\"> plast<\/span><\/p>\n<p><b>Hmotnost mopu<\/b><span style=\"font-weight: 400\">: 1,5 kg<\/span><\/p>\n<p><b>Hmotnost k\u00fdble na kole\u010dk\u00e1ch<\/b><span style=\"font-weight: 400\">: 3 kg<\/span><\/p>\n<p><b>Objem k\u00fdble:<\/b><span style=\"font-weight: 400\"> 15 l<\/span><\/p>\n","protected":false},"excerpt":{"rendered":"<p>Tento modern\u00ed rota\u010dn\u00ed mop s kbel\u00edkem je skv\u011bl\u00fdm pomocn\u00edkem pro rychl\u00fd, efektivn\u00ed a pohodln\u00fd \u00faklid dom\u00e1cnosti. D\u00edky ot\u00e1\u010dec\u00edmu syst\u00e9mu se snadno \u017ed\u00edm\u00e1 bez nutnosti nam\u00e1\u010det ruce do vody. Mopov\u00e1 hlavice z jemn\u00e9ho mikrovl\u00e1kna dokonale zachyt\u00ed prach i ne\u010distoty a zanech\u00e1 podlahu z\u00e1\u0159iv\u011b \u010distou. Rozm\u011bry a hmotnost D\u00e9lka rukojeti: cca 145 cm. D\u00e9lka hlavice: cca 40 [&hellip;]<\/p>\n","protected":false},"featured_media":6964,"comment_status":"open","ping_status":"closed","template":"","meta":[],"product_brand":[],"product_cat":[1894],"product_tag":[],"class_list":{"0":"post-6963","1":"product","2":"type-product","3":"status-publish","4":"has-post-thumbnail","6":"product_cat-uklidovi-pomocnici","8":"first","9":"instock","10":"taxable","11":"shipping-taxable","12":"purchasable","13":"product-type-simple"},"jetpack_sharing_enabled":true,"_links":{"self":[{"href":"https:\/\/etev7e.pef.czu.cz\/zs2223\/wp-json\/wp\/v2\/product\/6963","targetHints":{"allow":["GET"]}}],"collection":[{"href":"https:\/\/etev7e.pef.czu.cz\/zs2223\/wp-json\/wp\/v2\/product"}],"about":[{"href":"https:\/\/etev7e.pef.czu.cz\/zs2223\/wp-json\/wp\/v2\/types\/product"}],"replies":[{"embeddable":true,"href":"https:\/\/etev7e.pef.czu.cz\/zs2223\/wp-json\/wp\/v2\/comments?post=6963"}],"wp:featuredmedia":[{"embeddable":true,"href":"https:\/\/etev7e.pef.czu.cz\/zs2223\/wp-json\/wp\/v2\/media\/6964"}],"wp:attachment":[{"href":"https:\/\/etev7e.pef.czu.cz\/zs2223\/wp-json\/wp\/v2\/media?parent=6963"}],"wp:term":[{"taxonomy":"product_brand","embeddable":true,"href":"https:\/\/etev7e.pef.czu.cz\/zs2223\/wp-json\/wp\/v2\/product_brand?post=6963"},{"taxonomy":"product_cat","embeddable":true,"href":"https:\/\/etev7e.pef.czu.cz\/zs2223\/wp-json\/wp\/v2\/product_cat?post=6963"},{"taxonomy":"product_tag","embeddable":true,"href":"https:\/\/etev7e.pef.czu.cz\/zs2223\/wp-json\/wp\/v2\/product_tag?post=6963"}],"curies":[{"name":"wp","href":"https:\/\/api.w.org\/{rel}","templated":true}]}}