{"id":6982,"date":"2025-11-05T18:27:06","date_gmt":"2025-11-05T17:27:06","guid":{"rendered":"https:\/\/etev7e.pef.czu.cz\/zs2223\/?post_type=product&#038;p=6982"},"modified":"2025-11-05T18:27:06","modified_gmt":"2025-11-05T17:27:06","slug":"maybelline-new-york-lifter-plump","status":"publish","type":"product","link":"https:\/\/etev7e.pef.czu.cz\/zs2223\/produkt\/maybelline-new-york-lifter-plump\/","title":{"rendered":"MAYBELLINE NEW YORK Lifter Plump"},"content":{"rendered":"<p>Lesk na rty se zv\u011bt\u0161uj\u00edc\u00edm efektem Maybelline Lifter Plump va\u0161e rty intenzivn\u011b rozeh\u0159eje a okam\u017eit\u011b vypln\u00ed. Extrakt z \u010dili papri\u010dky a slo\u017eka Maxi-Lip\u2122 se postaraj\u00ed o rychl\u00e9 i pozvoln\u00e9 dod\u00e1n\u00ed objemu. Nav\u00edc tak\u00e9 p\u0159\u00edjemn\u011b vyhlad\u00ed rty a pokryje je n\u00e1dherou lesklou vrstvou.<\/p>\n<p>5,4 ml<\/p>\n","protected":false},"excerpt":{"rendered":"<p>Lesk na rty se zv\u011bt\u0161uj\u00edc\u00edm efektem Maybelline Lifter Plump va\u0161e rty intenzivn\u011b rozeh\u0159eje a okam\u017eit\u011b vypln\u00ed. Extrakt z \u010dili papri\u010dky a slo\u017eka Maxi-Lip\u2122 se postaraj\u00ed o rychl\u00e9 i pozvoln\u00e9 dod\u00e1n\u00ed objemu. Nav\u00edc tak\u00e9 p\u0159\u00edjemn\u011b vyhlad\u00ed rty a pokryje je n\u00e1dherou lesklou vrstvou. 5,4 ml<\/p>\n","protected":false},"featured_media":7017,"comment_status":"open","ping_status":"closed","template":"","meta":[],"product_brand":[1916],"product_cat":[1173],"product_tag":[318,1523,943,1917,1919,1918],"class_list":{"0":"post-6982","1":"product","2":"type-product","3":"status-publish","4":"has-post-thumbnail","6":"product_brand-maybelline-new-york","7":"product_cat-kosmetika","8":"product_tag-damska-kosmetika","9":"product_tag-dekorativni-kosmetika","10":"product_tag-kosmetika","11":"product_tag-lesk-na-rty","12":"product_tag-liceni-rtu","13":"product_tag-plump-efekt","15":"first","16":"instock","17":"taxable","18":"shipping-taxable","19":"purchasable","20":"product-type-variable"},"jetpack_sharing_enabled":true,"_links":{"self":[{"href":"https:\/\/etev7e.pef.czu.cz\/zs2223\/wp-json\/wp\/v2\/product\/6982","targetHints":{"allow":["GET"]}}],"collection":[{"href":"https:\/\/etev7e.pef.czu.cz\/zs2223\/wp-json\/wp\/v2\/product"}],"about":[{"href":"https:\/\/etev7e.pef.czu.cz\/zs2223\/wp-json\/wp\/v2\/types\/product"}],"replies":[{"embeddable":true,"href":"https:\/\/etev7e.pef.czu.cz\/zs2223\/wp-json\/wp\/v2\/comments?post=6982"}],"wp:featuredmedia":[{"embeddable":true,"href":"https:\/\/etev7e.pef.czu.cz\/zs2223\/wp-json\/wp\/v2\/media\/7017"}],"wp:attachment":[{"href":"https:\/\/etev7e.pef.czu.cz\/zs2223\/wp-json\/wp\/v2\/media?parent=6982"}],"wp:term":[{"taxonomy":"product_brand","embeddable":true,"href":"https:\/\/etev7e.pef.czu.cz\/zs2223\/wp-json\/wp\/v2\/product_brand?post=6982"},{"taxonomy":"product_cat","embeddable":true,"href":"https:\/\/etev7e.pef.czu.cz\/zs2223\/wp-json\/wp\/v2\/product_cat?post=6982"},{"taxonomy":"product_tag","embeddable":true,"href":"https:\/\/etev7e.pef.czu.cz\/zs2223\/wp-json\/wp\/v2\/product_tag?post=6982"}],"curies":[{"name":"wp","href":"https:\/\/api.w.org\/{rel}","templated":true}]}}