{"id":6984,"date":"2025-11-05T18:27:50","date_gmt":"2025-11-05T17:27:50","guid":{"rendered":"https:\/\/etev7e.pef.czu.cz\/zs2223\/?post_type=product&#038;p=6984"},"modified":"2025-11-05T18:27:51","modified_gmt":"2025-11-05T17:27:51","slug":"yves-saint-laurent-make-me-blush-bold-blurring","status":"publish","type":"product","link":"https:\/\/etev7e.pef.czu.cz\/zs2223\/produkt\/yves-saint-laurent-make-me-blush-bold-blurring\/","title":{"rendered":"Yves Saint Laurent Make Me Blush Bold Blurring"},"content":{"rendered":"<p>D\u00e1vku sv\u011b\u017e\u00ed barvy pro va\u0161e tv\u00e1\u0159e zajist\u00ed tv\u00e1\u0159enka Yves Saint Laurent Make Me Blush Bold Blurring Blush. Obsahuje skvalan a \u0161\u00edpkov\u00fd extrakt, kter\u00e9 rozjasn\u00ed ple\u0165 a z\u00e1rove\u0148 podpo\u0159\u00ed jej\u00ed p\u0159irozenou kr\u00e1su i zdrav\u00fd vzhled. Hedv\u00e1bn\u00e1 textura perfektn\u011b splyne s plet\u00ed, zjemn\u00ed p\u00f3ry a skryje drobn\u00e9 nedokonalosti, zat\u00edmco va\u0161e tv\u00e1\u0159 z\u016fstane kr\u00e1sn\u011b hebk\u00e1 a matn\u00e1.<\/p>\n<p>5 g<\/p>\n","protected":false},"excerpt":{"rendered":"<p>D\u00e1vku sv\u011b\u017e\u00ed barvy pro va\u0161e tv\u00e1\u0159e zajist\u00ed tv\u00e1\u0159enka Yves Saint Laurent Make Me Blush Bold Blurring Blush. Obsahuje skvalan a \u0161\u00edpkov\u00fd extrakt, kter\u00e9 rozjasn\u00ed ple\u0165 a z\u00e1rove\u0148 podpo\u0159\u00ed jej\u00ed p\u0159irozenou kr\u00e1su i zdrav\u00fd vzhled. Hedv\u00e1bn\u00e1 textura perfektn\u011b splyne s plet\u00ed, zjemn\u00ed p\u00f3ry a skryje drobn\u00e9 nedokonalosti, zat\u00edmco va\u0161e tv\u00e1\u0159 z\u016fstane kr\u00e1sn\u011b hebk\u00e1 a matn\u00e1. 5 [&hellip;]<\/p>\n","protected":false},"featured_media":7021,"comment_status":"open","ping_status":"closed","template":"","meta":[],"product_brand":[1920],"product_cat":[1173],"product_tag":[318,1523,943,1921],"class_list":{"0":"post-6984","1":"product","2":"type-product","3":"status-publish","4":"has-post-thumbnail","6":"product_brand-ysl","7":"product_cat-kosmetika","8":"product_tag-damska-kosmetika","9":"product_tag-dekorativni-kosmetika","10":"product_tag-kosmetika","11":"product_tag-tvarenka","13":"first","14":"instock","15":"sale","16":"taxable","17":"shipping-taxable","18":"purchasable","19":"product-type-variable"},"jetpack_sharing_enabled":true,"_links":{"self":[{"href":"https:\/\/etev7e.pef.czu.cz\/zs2223\/wp-json\/wp\/v2\/product\/6984","targetHints":{"allow":["GET"]}}],"collection":[{"href":"https:\/\/etev7e.pef.czu.cz\/zs2223\/wp-json\/wp\/v2\/product"}],"about":[{"href":"https:\/\/etev7e.pef.czu.cz\/zs2223\/wp-json\/wp\/v2\/types\/product"}],"replies":[{"embeddable":true,"href":"https:\/\/etev7e.pef.czu.cz\/zs2223\/wp-json\/wp\/v2\/comments?post=6984"}],"wp:featuredmedia":[{"embeddable":true,"href":"https:\/\/etev7e.pef.czu.cz\/zs2223\/wp-json\/wp\/v2\/media\/7021"}],"wp:attachment":[{"href":"https:\/\/etev7e.pef.czu.cz\/zs2223\/wp-json\/wp\/v2\/media?parent=6984"}],"wp:term":[{"taxonomy":"product_brand","embeddable":true,"href":"https:\/\/etev7e.pef.czu.cz\/zs2223\/wp-json\/wp\/v2\/product_brand?post=6984"},{"taxonomy":"product_cat","embeddable":true,"href":"https:\/\/etev7e.pef.czu.cz\/zs2223\/wp-json\/wp\/v2\/product_cat?post=6984"},{"taxonomy":"product_tag","embeddable":true,"href":"https:\/\/etev7e.pef.czu.cz\/zs2223\/wp-json\/wp\/v2\/product_tag?post=6984"}],"curies":[{"name":"wp","href":"https:\/\/api.w.org\/{rel}","templated":true}]}}