{"id":6987,"date":"2025-11-05T18:29:00","date_gmt":"2025-11-05T17:29:00","guid":{"rendered":"https:\/\/etev7e.pef.czu.cz\/zs2223\/?post_type=product&#038;p=6987"},"modified":"2025-11-05T18:29:00","modified_gmt":"2025-11-05T17:29:00","slug":"revolution-forever-flawless-spirituality-namaste-paletka-ocnich-stinu","status":"publish","type":"product","link":"https:\/\/etev7e.pef.czu.cz\/zs2223\/produkt\/revolution-forever-flawless-spirituality-namaste-paletka-ocnich-stinu\/","title":{"rendered":"Revolution Forever Flawless Spirituality Namaste, paletka o\u010dn\u00edch st\u00edn\u016f"},"content":{"rendered":"<p>Tato mystick\u00e1 paletka obsahuje matn\u00e9 a sat\u00e9nov\u00e9 st\u00edny, od vrouc\u00edch pomeran\u010dov\u00fdch, po snov\u00e9 purpurov\u00e9 a magick\u00e9 zlat\u00e9 odst\u00edny a nadpozemsk\u00e9 st\u0159\u00edbrn\u00e9 a r\u016f\u017eov\u00e9 lisovan\u00e9 t\u0159pytky.<\/p>\n<p>18&#215;1,1 g<\/p>\n","protected":false},"excerpt":{"rendered":"<p>Tato mystick\u00e1 paletka obsahuje matn\u00e9 a sat\u00e9nov\u00e9 st\u00edny, od vrouc\u00edch pomeran\u010dov\u00fdch, po snov\u00e9 purpurov\u00e9 a magick\u00e9 zlat\u00e9 odst\u00edny a nadpozemsk\u00e9 st\u0159\u00edbrn\u00e9 a r\u016f\u017eov\u00e9 lisovan\u00e9 t\u0159pytky. 18&#215;1,1 g<\/p>\n","protected":false},"featured_media":7023,"comment_status":"open","ping_status":"closed","template":"","meta":[],"product_brand":[1922],"product_cat":[1173],"product_tag":[318,1523,943,1911,735,1923],"class_list":{"0":"post-6987","1":"product","2":"type-product","3":"status-publish","4":"has-post-thumbnail","6":"product_brand-revolution","7":"product_cat-kosmetika","8":"product_tag-damska-kosmetika","9":"product_tag-dekorativni-kosmetika","10":"product_tag-kosmetika","11":"product_tag-liceni-oci","12":"product_tag-ocni-kosmetika","13":"product_tag-ocni-stiny","15":"first","16":"instock","17":"taxable","18":"shipping-taxable","19":"purchasable","20":"product-type-simple"},"jetpack_sharing_enabled":true,"_links":{"self":[{"href":"https:\/\/etev7e.pef.czu.cz\/zs2223\/wp-json\/wp\/v2\/product\/6987","targetHints":{"allow":["GET"]}}],"collection":[{"href":"https:\/\/etev7e.pef.czu.cz\/zs2223\/wp-json\/wp\/v2\/product"}],"about":[{"href":"https:\/\/etev7e.pef.czu.cz\/zs2223\/wp-json\/wp\/v2\/types\/product"}],"replies":[{"embeddable":true,"href":"https:\/\/etev7e.pef.czu.cz\/zs2223\/wp-json\/wp\/v2\/comments?post=6987"}],"wp:featuredmedia":[{"embeddable":true,"href":"https:\/\/etev7e.pef.czu.cz\/zs2223\/wp-json\/wp\/v2\/media\/7023"}],"wp:attachment":[{"href":"https:\/\/etev7e.pef.czu.cz\/zs2223\/wp-json\/wp\/v2\/media?parent=6987"}],"wp:term":[{"taxonomy":"product_brand","embeddable":true,"href":"https:\/\/etev7e.pef.czu.cz\/zs2223\/wp-json\/wp\/v2\/product_brand?post=6987"},{"taxonomy":"product_cat","embeddable":true,"href":"https:\/\/etev7e.pef.czu.cz\/zs2223\/wp-json\/wp\/v2\/product_cat?post=6987"},{"taxonomy":"product_tag","embeddable":true,"href":"https:\/\/etev7e.pef.czu.cz\/zs2223\/wp-json\/wp\/v2\/product_tag?post=6987"}],"curies":[{"name":"wp","href":"https:\/\/api.w.org\/{rel}","templated":true}]}}