{"id":7024,"date":"2025-11-05T16:20:18","date_gmt":"2025-11-05T15:20:18","guid":{"rendered":"https:\/\/etev7e.pef.czu.cz\/zs2223\/?post_type=product&#038;p=7024"},"modified":"2025-11-05T17:17:42","modified_gmt":"2025-11-05T16:17:42","slug":"kvh-hranol-nsi-40-x-105-x-5000-mm","status":"publish","type":"product","link":"https:\/\/etev7e.pef.czu.cz\/zs2223\/produkt\/kvh-hranol-nsi-40-x-105-x-5000-mm\/","title":{"rendered":"KVH hranol NSi \u2013 40 \u00d7 105 \u00d7 5000 mm"},"content":{"rendered":"<ul>\n<li><strong>Materi\u00e1l:<\/strong> Vyrobeno ze <strong>su\u0161en\u00e9ho smrkov\u00e9ho d\u0159eva<\/strong> (vlhkost hranolu 14 % s\u00a0odchylkou \u00b1 2 %).<\/li>\n<li><strong>Kvalita a \u00faprava:<\/strong> Hranol je <strong>\u010dty\u0159strann\u011b hoblovan\u00fd<\/strong> s p\u0159esn\u00fdmi rozm\u011bry. Nem\u00e1 sra\u017een\u00e9 hrany a je <strong>neimpregnovan\u00fd<\/strong>. Kvalita NSi (nepohledov\u00e1) znamen\u00e1, \u017ee se mohou vyskytovat vady, kter\u00e9 ale nemaj\u00ed vliv na pevnost.<\/li>\n<li><strong>Rozm\u011bry:<\/strong> <strong>40 \u00d7 105 \u00d7 5000 mm<\/strong> (v\u00fd\u0161ka \u00d7 \u0161\u00ed\u0159ka \u00d7 d\u00e9lka).<\/li>\n<li><strong>Vyu\u017eit\u00ed:<\/strong> Pou\u017e\u00edv\u00e1 se pro <strong>konstrukce st\u011bn, p\u0159\u00ed\u010dky, podlahov\u00e9 ro\u0161ty<\/strong> nebo <strong>st\u0159e\u0161n\u00ed konstrukce<\/strong>, kter\u00e9 budou zakryty (nap\u0159. s\u00e1drokartonem nebo izolac\u00ed).<\/li>\n<\/ul>\n","protected":false},"excerpt":{"rendered":"<p><strong>KVH hranol<\/strong> (Konstruk\u010dn\u00ed masivn\u00ed d\u0159evo \u2013 Konstruktionsvollholz) v nepohledov\u00e9 kvalit\u011b (<strong>NSi<\/strong>) je ur\u010den pro skryt\u00e9 konstrukce, kde je kl\u00ed\u010dov\u00e1 <strong>rozm\u011brov\u00e1 st\u00e1lost<\/strong> a\u00a0<strong>vysok\u00e1 nosnost<\/strong>.<\/p>\n","protected":false},"featured_media":7025,"comment_status":"open","ping_status":"closed","template":"","meta":[],"product_brand":[],"product_cat":[1924],"product_tag":[1927,1928,1925],"class_list":{"0":"post-7024","1":"product","2":"type-product","3":"status-publish","4":"has-post-thumbnail","6":"product_cat-dreveny-material-pro-stavby-2025","7":"product_tag-dreveny-hranol","8":"product_tag-hoblovane-drevo","9":"product_tag-susene-smrkove-drevo","11":"first","12":"instock","13":"taxable","14":"shipping-taxable","15":"purchasable","16":"product-type-simple"},"jetpack_sharing_enabled":true,"_links":{"self":[{"href":"https:\/\/etev7e.pef.czu.cz\/zs2223\/wp-json\/wp\/v2\/product\/7024","targetHints":{"allow":["GET"]}}],"collection":[{"href":"https:\/\/etev7e.pef.czu.cz\/zs2223\/wp-json\/wp\/v2\/product"}],"about":[{"href":"https:\/\/etev7e.pef.czu.cz\/zs2223\/wp-json\/wp\/v2\/types\/product"}],"replies":[{"embeddable":true,"href":"https:\/\/etev7e.pef.czu.cz\/zs2223\/wp-json\/wp\/v2\/comments?post=7024"}],"wp:featuredmedia":[{"embeddable":true,"href":"https:\/\/etev7e.pef.czu.cz\/zs2223\/wp-json\/wp\/v2\/media\/7025"}],"wp:attachment":[{"href":"https:\/\/etev7e.pef.czu.cz\/zs2223\/wp-json\/wp\/v2\/media?parent=7024"}],"wp:term":[{"taxonomy":"product_brand","embeddable":true,"href":"https:\/\/etev7e.pef.czu.cz\/zs2223\/wp-json\/wp\/v2\/product_brand?post=7024"},{"taxonomy":"product_cat","embeddable":true,"href":"https:\/\/etev7e.pef.czu.cz\/zs2223\/wp-json\/wp\/v2\/product_cat?post=7024"},{"taxonomy":"product_tag","embeddable":true,"href":"https:\/\/etev7e.pef.czu.cz\/zs2223\/wp-json\/wp\/v2\/product_tag?post=7024"}],"curies":[{"name":"wp","href":"https:\/\/api.w.org\/{rel}","templated":true}]}}