{"id":7036,"date":"2025-11-05T18:28:00","date_gmt":"2025-11-05T17:28:00","guid":{"rendered":"https:\/\/etev7e.pef.czu.cz\/zs2223\/?post_type=product&#038;p=7036"},"modified":"2025-11-10T15:30:49","modified_gmt":"2025-11-10T14:30:49","slug":"besky-peceme-nebesky","status":"publish","type":"product","link":"https:\/\/etev7e.pef.czu.cz\/zs2223\/produkt\/besky-peceme-nebesky\/","title":{"rendered":"BESKY. Pe\u010deme nebesky"},"content":{"rendered":"<p>Sladk\u00e1 poh\u00e1dka o radosti z pe\u010den\u00ed, kter\u00e1 t\u011b vezme a\u017e do cukr\u00e1\u0159sk\u00e9ho nebe. Veronika Beskydiarov\u00e1, zn\u00e1m\u00e1 jako\u00a0<strong>BESKY<\/strong>, t\u011b zve k otev\u0159en\u00ed sv\u00e9 druh\u00e9 vysn\u011bn\u00e9 knihy pln\u00e9 dezert\u016f, co pohlad\u00ed du\u0161i i chu\u0165ov\u00e9 bu\u0148ky. Ka\u017ed\u00fd recept je napsan\u00fd s l\u00e1skou a s p\u0159\u00e1n\u00edm, aby se ti povedl na prvn\u00ed pokus. V kapitol\u00e1ch\u00a0<strong>Jednoduch\u00e9 nebesk\u00e9 pe\u010den\u00ed<\/strong>,\u00a0<strong>Duely\u00a0<\/strong>a\u00a0<strong>Dorty<\/strong>\u00a0objev\u00ed\u0161 recepty pro za\u010d\u00e1te\u010dn\u00edky i pokro\u010dil\u00e9, mal\u00e1 cukr\u00e1\u0159sk\u00e1 dobrodru\u017estv\u00ed i velk\u00e9 dortov\u00e9 v\u00fdzvy. Tak rozvi\u0148 prach z mouky, nasa\u010f z\u00e1st\u011bru a nech se un\u00e9st do sv\u011bta, kde v\u0161echno von\u00ed po vanilce a radosti.<\/p>\n","protected":false},"excerpt":{"rendered":"<p>Veronika Beskydiarov\u00e1, zn\u00e1m\u00e1 jako\u00a0<strong>BESKY<\/strong>, t\u011b zve k otev\u0159en\u00ed sv\u00e9 druh\u00e9 vysn\u011bn\u00e9 knihy pln\u00e9 dezert\u016f, co pohlad\u00ed du\u0161i i chu\u0165ov\u00e9 bu\u0148ky.<\/p>\n","protected":false},"featured_media":7037,"comment_status":"open","ping_status":"closed","template":"","meta":[],"product_brand":[2255],"product_cat":[1931],"product_tag":[2259,1112,2257,2261,2258,2260],"class_list":{"0":"post-7036","1":"product","2":"type-product","3":"status-publish","4":"has-post-thumbnail","6":"product_brand-sevruga","7":"product_cat-sladke-kucharky","8":"product_tag-dorty","9":"product_tag-knihy","10":"product_tag-kucharky","11":"product_tag-rychle-peceni","12":"product_tag-sladka-kuchyne-a-peceni","13":"product_tag-zakusky","15":"first","16":"instock","17":"sale","18":"featured","19":"purchasable","20":"product-type-simple"},"jetpack_sharing_enabled":true,"_links":{"self":[{"href":"https:\/\/etev7e.pef.czu.cz\/zs2223\/wp-json\/wp\/v2\/product\/7036","targetHints":{"allow":["GET"]}}],"collection":[{"href":"https:\/\/etev7e.pef.czu.cz\/zs2223\/wp-json\/wp\/v2\/product"}],"about":[{"href":"https:\/\/etev7e.pef.czu.cz\/zs2223\/wp-json\/wp\/v2\/types\/product"}],"replies":[{"embeddable":true,"href":"https:\/\/etev7e.pef.czu.cz\/zs2223\/wp-json\/wp\/v2\/comments?post=7036"}],"wp:featuredmedia":[{"embeddable":true,"href":"https:\/\/etev7e.pef.czu.cz\/zs2223\/wp-json\/wp\/v2\/media\/7037"}],"wp:attachment":[{"href":"https:\/\/etev7e.pef.czu.cz\/zs2223\/wp-json\/wp\/v2\/media?parent=7036"}],"wp:term":[{"taxonomy":"product_brand","embeddable":true,"href":"https:\/\/etev7e.pef.czu.cz\/zs2223\/wp-json\/wp\/v2\/product_brand?post=7036"},{"taxonomy":"product_cat","embeddable":true,"href":"https:\/\/etev7e.pef.czu.cz\/zs2223\/wp-json\/wp\/v2\/product_cat?post=7036"},{"taxonomy":"product_tag","embeddable":true,"href":"https:\/\/etev7e.pef.czu.cz\/zs2223\/wp-json\/wp\/v2\/product_tag?post=7036"}],"curies":[{"name":"wp","href":"https:\/\/api.w.org\/{rel}","templated":true}]}}