{"id":7051,"date":"2025-11-05T21:20:48","date_gmt":"2025-11-05T20:20:48","guid":{"rendered":"https:\/\/etev7e.pef.czu.cz\/zs2223\/?post_type=product&#038;p=7051"},"modified":"2025-11-08T17:27:37","modified_gmt":"2025-11-08T16:27:37","slug":"terarium-mini","status":"publish","type":"product","link":"https:\/\/etev7e.pef.czu.cz\/zs2223\/produkt\/terarium-mini\/","title":{"rendered":"Ter\u00e1rium Mini"},"content":{"rendered":"<p>Elegantn\u00ed a minimalistick\u00e9 ter\u00e1rium, kter\u00e9 v sob\u011b spojuje jemnost \u017eiv\u00e9 p\u0159\u00edrody a nad\u010dasov\u00fd design. D\u00edky sv\u00e9 kompaktn\u00ed velikosti je ide\u00e1ln\u00ed jako decentn\u00ed dekorace na pracovn\u00ed st\u016fl, no\u010dn\u00ed stolek nebo poli\u010dku. Kombinace pe\u010dliv\u011b vybran\u00fdch rostlin a p\u0159\u00edrodn\u00edch materi\u00e1l\u016f vytv\u00e1\u0159\u00ed harmonick\u00e9 prost\u0159ed\u00ed, kter\u00e9 p\u0159in\u00e1\u0161\u00ed klid a rovnov\u00e1hu do ka\u017edodenn\u00edho \u017eivota. Ka\u017ed\u00fd kus je origin\u00e1l a prom\u011bn\u00ed i mal\u00fd prostor v zelenou o\u00e1zu.<\/p>\n","protected":false},"excerpt":{"rendered":"<p>Ka\u017ed\u00fd kus je origin\u00e1l a prom\u011bn\u00ed i mal\u00fd prostor v zelenou o\u00e1zu.<\/p>\n","protected":false},"featured_media":7054,"comment_status":"open","ping_status":"closed","template":"","meta":[],"product_brand":[],"product_cat":[1933],"product_tag":[372,1941,1943,1942],"class_list":{"0":"post-7051","1":"product","2":"type-product","3":"status-publish","4":"has-post-thumbnail","6":"product_cat-teraria-cz","7":"product_tag-darek","8":"product_tag-mala-dekorace","9":"product_tag-mini-rostliny","10":"product_tag-minimalisticky-design","12":"first","13":"instock","14":"taxable","15":"shipping-taxable","16":"purchasable","17":"product-type-simple"},"jetpack_sharing_enabled":true,"_links":{"self":[{"href":"https:\/\/etev7e.pef.czu.cz\/zs2223\/wp-json\/wp\/v2\/product\/7051","targetHints":{"allow":["GET"]}}],"collection":[{"href":"https:\/\/etev7e.pef.czu.cz\/zs2223\/wp-json\/wp\/v2\/product"}],"about":[{"href":"https:\/\/etev7e.pef.czu.cz\/zs2223\/wp-json\/wp\/v2\/types\/product"}],"replies":[{"embeddable":true,"href":"https:\/\/etev7e.pef.czu.cz\/zs2223\/wp-json\/wp\/v2\/comments?post=7051"}],"wp:featuredmedia":[{"embeddable":true,"href":"https:\/\/etev7e.pef.czu.cz\/zs2223\/wp-json\/wp\/v2\/media\/7054"}],"wp:attachment":[{"href":"https:\/\/etev7e.pef.czu.cz\/zs2223\/wp-json\/wp\/v2\/media?parent=7051"}],"wp:term":[{"taxonomy":"product_brand","embeddable":true,"href":"https:\/\/etev7e.pef.czu.cz\/zs2223\/wp-json\/wp\/v2\/product_brand?post=7051"},{"taxonomy":"product_cat","embeddable":true,"href":"https:\/\/etev7e.pef.czu.cz\/zs2223\/wp-json\/wp\/v2\/product_cat?post=7051"},{"taxonomy":"product_tag","embeddable":true,"href":"https:\/\/etev7e.pef.czu.cz\/zs2223\/wp-json\/wp\/v2\/product_tag?post=7051"}],"curies":[{"name":"wp","href":"https:\/\/api.w.org\/{rel}","templated":true}]}}