{"id":7187,"date":"2025-11-06T12:41:17","date_gmt":"2025-11-06T11:41:17","guid":{"rendered":"https:\/\/etev7e.pef.czu.cz\/zs2223\/?post_type=product&#038;p=7187"},"modified":"2025-11-06T20:52:28","modified_gmt":"2025-11-06T19:52:28","slug":"svicka-woodwick-spiced-blackberry","status":"publish","type":"product","link":"https:\/\/etev7e.pef.czu.cz\/zs2223\/produkt\/svicka-woodwick-spiced-blackberry\/","title":{"rendered":"Sv\u00ed\u010dka WoodWick &#8211; Spiced Blackberry"},"content":{"rendered":"<p>Vonn\u00e1 sv\u00ed\u010dka\u00a0<b>WoodWick Spiced Blackberry (609 g)<\/b>\u00a0p\u0159in\u00e1\u0161\u00ed podmanivou v\u016fni zral\u00fdch ostru\u017ein propleten\u00fdch s jemn\u00fdm n\u00e1dechem sko\u0159ice, h\u0159eb\u00ed\u010dku a vanilky \u2013 dokonale vyv\u00e1\u017eenou sm\u011bs, kter\u00e1 v\u00e1s okam\u017eit\u011b p\u0159enese do v\u00e1no\u010dn\u00edho \u010dasu. D\u0159ev\u011bn\u00fd knot sv\u00ed\u010dky p\u0159i ho\u0159en\u00ed prask\u00e1 jako skute\u010dn\u00fd krb a vytv\u00e1\u0159\u00ed \u00fatulnou, h\u0159ejivou atmosf\u00e9ru, d\u00edky kter\u00e9 se budete c\u00edtit jako doma, a\u0165 jste kdekoliv. Pr\u00e9miov\u00fd vosk zaji\u0161\u0165uje rovnom\u011brn\u00e9 ho\u0159en\u00ed a dlouhou v\u00fddr\u017e, tak\u017ee si m\u016f\u017eete u\u017e\u00edvat hodiny n\u00e1dhern\u00e9 v\u016fn\u011b i tlumen\u00e9ho sv\u011btla. Elegantn\u00ed sklen\u011bn\u00e1 n\u00e1doba s d\u0159ev\u011bn\u00fdm v\u00ed\u010dkem p\u016fsob\u00ed luxusn\u011b a stane se ozdobou ka\u017ed\u00e9ho interi\u00e9ru.\u00a0<b>Spiced Blackberry<\/b>\u00a0je ide\u00e1ln\u00ed volbou pro chv\u00edle odpo\u010dinku i jako v\u00e1no\u010dn\u00ed d\u00e1rek, kter\u00fd pot\u011b\u0161\u00ed ka\u017ed\u00e9ho milovn\u00edka sv\u00ed\u010dek, designu a sv\u00e1te\u010dn\u00edho kouzla.<\/p>\n<p><strong>Vosk:<\/strong>\u00a0Vysoce kvalitn\u00ed paraf\u00edn a s\u00f3jov\u00e9 vosky jsou sm\u00edch\u00e1ny s vysoce koncentrovan\u00fdmi vonn\u00fdmi l\u00e1tkami a vytv\u00e1\u0159ej\u00ed kr\u00e1sn\u00fd plamen bez nep\u0159\u00edjemn\u00fdch zbytk\u016f.<br \/>\n<strong>V\u016fn\u011b:\u00a0<\/strong>Pe\u010dliv\u011b vybr\u00e1na a testov\u00e1na, aby sv\u00ed\u010dka naplnila m\u00edstnost svou dlouhotrvaj\u00edc\u00ed v\u016fn\u00ed.<br \/>\n<strong>N\u00e1doba:<\/strong> Roz\u0161\u00ed\u0159en\u00fd design vytv\u00e1\u0159\u00ed v\u011bt\u0161\u00ed otvor pro pln\u011b roztaven\u00fd vosk a vytv\u00e1\u0159\u00ed tak konzistentn\u011bj\u0161\u00ed z\u00e1\u017eitek z v\u016fn\u011b. V\u00ed\u010dko s efektem d\u0159eva je sou\u010d\u00e1st\u00ed balen\u00ed.<br \/>\n<strong>Knot:\u00a0<\/strong>Pluswick\u00ae Innovation, n\u00e1\u0161 exkluzivn\u00ed patentovan\u00fd d\u0159ev\u011bn\u00fd knot, vytv\u00e1\u0159\u00ed zvuk praskaj\u00edc\u00edho ohn\u011b. Knoty jsou ru\u010dn\u011b vyr\u00e1b\u011bny pro ka\u017edou sv\u00ed\u010dku a vytv\u00e1\u0159ej\u00ed tak velkorys\u00fd vosk s rychl\u00fdm uvol\u0148ov\u00e1n\u00edm v\u016fn\u011b.<\/p>\n","protected":false},"excerpt":{"rendered":"<p>Zahalte sv\u016fj domov do v\u016fn\u011b sv\u00e1te\u010dn\u00edho kouzla.\u00a0<b>WoodWick Spiced Blackberry<\/b>\u00a0v sob\u011b spojuje sladkost \u0161\u0165avnat\u00fdch ostru\u017ein s h\u0159ejiv\u00fdm ko\u0159en\u00edm, kter\u00e9 vytv\u00e1\u0159\u00ed atmosf\u00e9ru tepla a pohody. Elegantn\u00ed sv\u00ed\u010dka s praskaj\u00edc\u00edm d\u0159ev\u011bn\u00fdm knotem prom\u011bn\u00ed zimn\u00ed ve\u010dery v okam\u017eiky klidu a radosti.<\/p>\n","protected":false},"featured_media":7213,"comment_status":"open","ping_status":"closed","template":"","meta":[],"product_brand":[2030],"product_cat":[2031],"product_tag":[997,2090,466,752,317],"class_list":{"0":"post-7187","1":"product","2":"type-product","3":"status-publish","4":"has-post-thumbnail","6":"product_brand-woodwick","7":"product_cat-vonne-svicky-woodwick","8":"product_tag-drogerie","9":"product_tag-ostruziny","10":"product_tag-svicka","11":"product_tag-vonne-svicky","12":"product_tag-vune","14":"first","15":"instock","16":"sale","17":"taxable","18":"shipping-taxable","19":"purchasable","20":"product-type-simple"},"jetpack_sharing_enabled":true,"_links":{"self":[{"href":"https:\/\/etev7e.pef.czu.cz\/zs2223\/wp-json\/wp\/v2\/product\/7187","targetHints":{"allow":["GET"]}}],"collection":[{"href":"https:\/\/etev7e.pef.czu.cz\/zs2223\/wp-json\/wp\/v2\/product"}],"about":[{"href":"https:\/\/etev7e.pef.czu.cz\/zs2223\/wp-json\/wp\/v2\/types\/product"}],"replies":[{"embeddable":true,"href":"https:\/\/etev7e.pef.czu.cz\/zs2223\/wp-json\/wp\/v2\/comments?post=7187"}],"wp:featuredmedia":[{"embeddable":true,"href":"https:\/\/etev7e.pef.czu.cz\/zs2223\/wp-json\/wp\/v2\/media\/7213"}],"wp:attachment":[{"href":"https:\/\/etev7e.pef.czu.cz\/zs2223\/wp-json\/wp\/v2\/media?parent=7187"}],"wp:term":[{"taxonomy":"product_brand","embeddable":true,"href":"https:\/\/etev7e.pef.czu.cz\/zs2223\/wp-json\/wp\/v2\/product_brand?post=7187"},{"taxonomy":"product_cat","embeddable":true,"href":"https:\/\/etev7e.pef.czu.cz\/zs2223\/wp-json\/wp\/v2\/product_cat?post=7187"},{"taxonomy":"product_tag","embeddable":true,"href":"https:\/\/etev7e.pef.czu.cz\/zs2223\/wp-json\/wp\/v2\/product_tag?post=7187"}],"curies":[{"name":"wp","href":"https:\/\/api.w.org\/{rel}","templated":true}]}}