{"id":7221,"date":"2025-11-06T13:06:19","date_gmt":"2025-11-06T12:06:19","guid":{"rendered":"https:\/\/etev7e.pef.czu.cz\/zs2223\/?post_type=product&#038;p=7221"},"modified":"2025-11-10T18:29:55","modified_gmt":"2025-11-10T17:29:55","slug":"dracaena-marginata","status":"publish","type":"product","link":"https:\/\/etev7e.pef.czu.cz\/zs2223\/produkt\/dracaena-marginata\/","title":{"rendered":"Dracaena Marginata"},"content":{"rendered":"<p id=\"yui_3_18_1_1_1762429952341_31\" dir=\"ltr\">Dracaena, v \u010desk\u00e9m prost\u0159ed\u00ed zn\u00e1m\u00e1 pod n\u00e1zvem dra\u010dinec lemovan\u00fd, je pokojov\u00e1 rostlina p\u016fvodem z Madagaskaru. Je charakteristick\u00e1 pro sv\u016fj \u0161t\u00edhl\u00fd kmen, ze kter\u00e9ho vyr\u016fstaj\u00ed \u00fazk\u00e9 a \u0161pi\u010dat\u00e9 listy, kter\u00e9 jsou zbarven\u00e9 do zelena s \u010derven\u00fdm lemov\u00e1n\u00edm. Mimoto je zn\u00e1m\u00e1 svou schopnost\u00ed \u010distit vzduch, jeliko\u017e um\u00ed odstra\u0148ovat toxiny, kter\u00fdmi jsou benzen \u010di formaldehyd. Nen\u00ed vhodnou volbou do prost\u0159ed\u00ed se zv\u00ed\u0159aty, jeliko\u017e je pro n\u011b jedovat\u00e1.<\/p>\n<p dir=\"ltr\">Tato rostlina je vhodn\u00e1 pro p\u011bstitele za\u010d\u00e1te\u010dn\u00edky, jeliko\u017e nen\u00ed n\u00e1ro\u010dn\u00e1 na \u00fadr\u017ebu. Up\u0159ednost\u0148uje nep\u0159\u00edm\u00e9 sv\u011btlo, ale snese i slab\u0161\u00ed osv\u011btlen\u00ed. Preferuje m\u00edrnou z\u00e1livku, ide\u00e1ln\u011b aby byla p\u016fda mezi jednotliv\u00fdmi zal\u00e9v\u00e1n\u00edmi lehce vyschl\u00e1, tak aby nedo\u0161lo k p\u0159emok\u0159en\u00ed. M\u00e1 r\u00e1da lehk\u00fd substr\u00e1t, kter\u00fd neudus\u00ed jej\u00ed ko\u0159eny.<\/p>\n","protected":false},"excerpt":{"rendered":"<p>V\u00fd\u0161ka rostliny:\u00a0 80 cm<br \/>\nTyp: jednokmenn\u00e1<\/p>\n","protected":false},"featured_media":7224,"comment_status":"open","ping_status":"closed","template":"","meta":[],"product_brand":[],"product_cat":[2057],"product_tag":[1425,2049,2042,1439],"class_list":{"0":"post-7221","1":"product","2":"type-product","3":"status-publish","4":"has-post-thumbnail","6":"product_cat-pokojove-rostliny-2025","7":"product_tag-cistic-vzduchu","8":"product_tag-dracinec","9":"product_tag-nenarocna","10":"product_tag-odolna-rostlina","12":"first","13":"instock","14":"sale","15":"taxable","16":"shipping-taxable","17":"purchasable","18":"product-type-simple"},"jetpack_sharing_enabled":true,"_links":{"self":[{"href":"https:\/\/etev7e.pef.czu.cz\/zs2223\/wp-json\/wp\/v2\/product\/7221","targetHints":{"allow":["GET"]}}],"collection":[{"href":"https:\/\/etev7e.pef.czu.cz\/zs2223\/wp-json\/wp\/v2\/product"}],"about":[{"href":"https:\/\/etev7e.pef.czu.cz\/zs2223\/wp-json\/wp\/v2\/types\/product"}],"replies":[{"embeddable":true,"href":"https:\/\/etev7e.pef.czu.cz\/zs2223\/wp-json\/wp\/v2\/comments?post=7221"}],"wp:featuredmedia":[{"embeddable":true,"href":"https:\/\/etev7e.pef.czu.cz\/zs2223\/wp-json\/wp\/v2\/media\/7224"}],"wp:attachment":[{"href":"https:\/\/etev7e.pef.czu.cz\/zs2223\/wp-json\/wp\/v2\/media?parent=7221"}],"wp:term":[{"taxonomy":"product_brand","embeddable":true,"href":"https:\/\/etev7e.pef.czu.cz\/zs2223\/wp-json\/wp\/v2\/product_brand?post=7221"},{"taxonomy":"product_cat","embeddable":true,"href":"https:\/\/etev7e.pef.czu.cz\/zs2223\/wp-json\/wp\/v2\/product_cat?post=7221"},{"taxonomy":"product_tag","embeddable":true,"href":"https:\/\/etev7e.pef.czu.cz\/zs2223\/wp-json\/wp\/v2\/product_tag?post=7221"}],"curies":[{"name":"wp","href":"https:\/\/api.w.org\/{rel}","templated":true}]}}