{"id":7244,"date":"2025-11-06T13:38:22","date_gmt":"2025-11-06T12:38:22","guid":{"rendered":"https:\/\/etev7e.pef.czu.cz\/zs2223\/?post_type=product&#038;p=7244"},"modified":"2025-11-06T13:58:39","modified_gmt":"2025-11-06T12:58:39","slug":"off-duty-oversized-tricko","status":"publish","type":"product","link":"https:\/\/etev7e.pef.czu.cz\/zs2223\/produkt\/off-duty-oversized-tricko\/","title":{"rendered":"OFF-DUTY OVERSIZED TRI\u010cKO"},"content":{"rendered":"<p>Oversized tri\u010dko z m\u011bkk\u00e9 a lehk\u00e9 bavlny nab\u00edz\u00ed pohodl\u00ed a le\u017e\u00e9rn\u00ed styl vhodn\u00fd pro ka\u017edodenn\u00ed no\u0161en\u00ed i voln\u00fd \u010das. D\u00edky oversized st\u0159ihu poskytuje volnost pohybu a styl, p\u0159i\u010dem\u017e puff print \u201cExalted Team est. 2017\u201d na p\u0159edn\u00ed i zadn\u00ed stran\u011b dod\u00e1v\u00e1 tri\u010dku charakter. Jemn\u00e1, prody\u0161n\u00e1 vnit\u0159n\u00ed struktura a matn\u00fd povrch zaji\u0161\u0165uj\u00ed komfort i v hork\u00fdch dnech.<\/p>\n<table style=\"height: 288px\" width=\"593\">\n<tbody>\n<tr>\n<td width=\"201\"><strong>Velikost<\/strong><\/td>\n<td width=\"201\"><strong>Obvod hrudn\u00edku (cm)<\/strong><\/td>\n<td width=\"201\"><strong>Obvod pod prsy (cm)<\/strong><\/td>\n<\/tr>\n<tr>\n<td width=\"201\"><strong>XS<\/strong><\/td>\n<td width=\"201\"><strong>79-85<\/strong><\/td>\n<td width=\"201\"><strong>67-73<\/strong><\/td>\n<\/tr>\n<tr>\n<td width=\"201\"><strong>S<\/strong><\/td>\n<td width=\"201\"><strong>85-91<\/strong><\/td>\n<td width=\"201\"><strong>73-77<\/strong><\/td>\n<\/tr>\n<tr>\n<td width=\"201\"><strong>M<\/strong><\/td>\n<td width=\"201\"><strong>91-97<\/strong><\/td>\n<td width=\"201\"><strong>77-83<\/strong><\/td>\n<\/tr>\n<tr>\n<td width=\"201\"><strong>L<\/strong><\/td>\n<td width=\"201\"><strong>97-103<\/strong><\/td>\n<td width=\"201\"><strong>83-89<\/strong><\/td>\n<\/tr>\n<\/tbody>\n<\/table>\n","protected":false},"excerpt":{"rendered":"<p>Oversized tri\u010dko z m\u011bkk\u00e9 a lehk\u00e9 bavlny nab\u00edz\u00ed pohodl\u00ed a le\u017e\u00e9rn\u00ed styl vhodn\u00fd pro ka\u017edodenn\u00ed no\u0161en\u00ed i voln\u00fd \u010das. D\u00edky oversized st\u0159ihu poskytuje volnost pohybu a styl, p\u0159i\u010dem\u017e puff print \u201cExalted Team est. 2017\u201d na p\u0159edn\u00ed i zadn\u00ed stran\u011b dod\u00e1v\u00e1 tri\u010dku charakter. Jemn\u00e1, prody\u0161n\u00e1 vnit\u0159n\u00ed struktura a matn\u00fd povrch zaji\u0161\u0165uj\u00ed komfort i v hork\u00fdch dnech. [&hellip;]<\/p>\n","protected":false},"featured_media":7250,"comment_status":"open","ping_status":"closed","template":"","meta":[],"product_brand":[],"product_cat":[2062],"product_tag":[1974,75,350],"class_list":{"0":"post-7244","1":"product","2":"type-product","3":"status-publish","4":"has-post-thumbnail","6":"product_cat-sportovni-obleceni","7":"product_tag-cviceni","8":"product_tag-fitness","9":"product_tag-sport","11":"first","12":"instock","13":"taxable","14":"shipping-taxable","15":"purchasable","16":"product-type-simple"},"jetpack_sharing_enabled":true,"_links":{"self":[{"href":"https:\/\/etev7e.pef.czu.cz\/zs2223\/wp-json\/wp\/v2\/product\/7244","targetHints":{"allow":["GET"]}}],"collection":[{"href":"https:\/\/etev7e.pef.czu.cz\/zs2223\/wp-json\/wp\/v2\/product"}],"about":[{"href":"https:\/\/etev7e.pef.czu.cz\/zs2223\/wp-json\/wp\/v2\/types\/product"}],"replies":[{"embeddable":true,"href":"https:\/\/etev7e.pef.czu.cz\/zs2223\/wp-json\/wp\/v2\/comments?post=7244"}],"wp:featuredmedia":[{"embeddable":true,"href":"https:\/\/etev7e.pef.czu.cz\/zs2223\/wp-json\/wp\/v2\/media\/7250"}],"wp:attachment":[{"href":"https:\/\/etev7e.pef.czu.cz\/zs2223\/wp-json\/wp\/v2\/media?parent=7244"}],"wp:term":[{"taxonomy":"product_brand","embeddable":true,"href":"https:\/\/etev7e.pef.czu.cz\/zs2223\/wp-json\/wp\/v2\/product_brand?post=7244"},{"taxonomy":"product_cat","embeddable":true,"href":"https:\/\/etev7e.pef.czu.cz\/zs2223\/wp-json\/wp\/v2\/product_cat?post=7244"},{"taxonomy":"product_tag","embeddable":true,"href":"https:\/\/etev7e.pef.czu.cz\/zs2223\/wp-json\/wp\/v2\/product_tag?post=7244"}],"curies":[{"name":"wp","href":"https:\/\/api.w.org\/{rel}","templated":true}]}}