{"id":7257,"date":"2025-11-06T13:50:21","date_gmt":"2025-11-06T12:50:21","guid":{"rendered":"https:\/\/etev7e.pef.czu.cz\/zs2223\/?post_type=product&#038;p=7257"},"modified":"2025-11-06T13:57:22","modified_gmt":"2025-11-06T12:57:22","slug":"elysia-glow-motion-sortky","status":"publish","type":"product","link":"https:\/\/etev7e.pef.czu.cz\/zs2223\/produkt\/elysia-glow-motion-sortky\/","title":{"rendered":"ELYSIA GLOW MOTION \u0160ORTKY"},"content":{"rendered":"<p>Kra\u0165asy kombinuj\u00ed komfort a styl s neviditeln\u00fdm scrunch efektem, kter\u00fd zv\u00fdraz\u0148uje k\u0159ivky bez \u0159asen\u00ed. Maj\u00ed vy\u0161\u0161\u00ed pas a bez p\u0159edn\u00edho \u0161vu, tak\u017ee nehroz\u00ed \u017e\u00e1dn\u00e9 za\u0159ez\u00e1v\u00e1n\u00ed. Materi\u00e1l je hladk\u00fd, jemn\u00fd a elastick\u00fd, ide\u00e1ln\u00ed pro letn\u00ed obdob\u00ed, tr\u00e9nink i ka\u017edodenn\u00ed aktivity. Pocit materi\u00e1lu p\u0159ipom\u00edn\u00e1 druhou k\u016f\u017ei, poskytuj\u00edc\u00ed lehk\u00fd a p\u0159irozen\u00fd komfort.<\/p>\n<table>\n<tbody>\n<tr>\n<td width=\"201\"><strong>Velikost<\/strong><\/td>\n<td width=\"201\"><strong>Obvod pasu (cm)<\/strong><\/td>\n<td width=\"201\"><strong>Obvod bok\u016f (cm)<\/strong><\/td>\n<\/tr>\n<tr>\n<td width=\"201\"><strong>XS<\/strong><\/td>\n<td width=\"201\"><strong>62-68<\/strong><\/td>\n<td width=\"201\"><strong>89-95<\/strong><\/td>\n<\/tr>\n<tr>\n<td width=\"201\"><strong>S<\/strong><\/td>\n<td width=\"201\"><strong>68-74<\/strong><\/td>\n<td width=\"201\"><strong>95-101<\/strong><\/td>\n<\/tr>\n<tr>\n<td width=\"201\"><strong>M<\/strong><\/td>\n<td width=\"201\"><strong>74-80<\/strong><\/td>\n<td width=\"201\"><strong>101-107<\/strong><\/td>\n<\/tr>\n<tr>\n<td width=\"201\"><strong>L<\/strong><\/td>\n<td width=\"201\"><strong>80-86<\/strong><\/td>\n<td width=\"201\"><strong>107-113<\/strong><\/td>\n<\/tr>\n<\/tbody>\n<\/table>\n","protected":false},"excerpt":{"rendered":"<p>Kra\u0165asy kombinuj\u00ed komfort a styl s neviditeln\u00fdm scrunch efektem, kter\u00fd zv\u00fdraz\u0148uje k\u0159ivky bez \u0159asen\u00ed. Maj\u00ed vy\u0161\u0161\u00ed pas a bez p\u0159edn\u00edho \u0161vu, tak\u017ee nehroz\u00ed \u017e\u00e1dn\u00e9 za\u0159ez\u00e1v\u00e1n\u00ed. Materi\u00e1l je hladk\u00fd, jemn\u00fd a elastick\u00fd, ide\u00e1ln\u00ed pro letn\u00ed obdob\u00ed, tr\u00e9nink i ka\u017edodenn\u00ed aktivity. Pocit materi\u00e1lu p\u0159ipom\u00edn\u00e1 druhou k\u016f\u017ei, poskytuj\u00edc\u00ed lehk\u00fd a p\u0159irozen\u00fd komfort. Velikost Obvod pasu (cm) Obvod bok\u016f [&hellip;]<\/p>\n","protected":false},"featured_media":7258,"comment_status":"open","ping_status":"closed","template":"","meta":[],"product_brand":[],"product_cat":[2062],"product_tag":[1974,75,350],"class_list":{"0":"post-7257","1":"product","2":"type-product","3":"status-publish","4":"has-post-thumbnail","6":"product_cat-sportovni-obleceni","7":"product_tag-cviceni","8":"product_tag-fitness","9":"product_tag-sport","11":"first","12":"instock","13":"taxable","14":"shipping-taxable","15":"purchasable","16":"product-type-simple"},"jetpack_sharing_enabled":true,"_links":{"self":[{"href":"https:\/\/etev7e.pef.czu.cz\/zs2223\/wp-json\/wp\/v2\/product\/7257","targetHints":{"allow":["GET"]}}],"collection":[{"href":"https:\/\/etev7e.pef.czu.cz\/zs2223\/wp-json\/wp\/v2\/product"}],"about":[{"href":"https:\/\/etev7e.pef.czu.cz\/zs2223\/wp-json\/wp\/v2\/types\/product"}],"replies":[{"embeddable":true,"href":"https:\/\/etev7e.pef.czu.cz\/zs2223\/wp-json\/wp\/v2\/comments?post=7257"}],"wp:featuredmedia":[{"embeddable":true,"href":"https:\/\/etev7e.pef.czu.cz\/zs2223\/wp-json\/wp\/v2\/media\/7258"}],"wp:attachment":[{"href":"https:\/\/etev7e.pef.czu.cz\/zs2223\/wp-json\/wp\/v2\/media?parent=7257"}],"wp:term":[{"taxonomy":"product_brand","embeddable":true,"href":"https:\/\/etev7e.pef.czu.cz\/zs2223\/wp-json\/wp\/v2\/product_brand?post=7257"},{"taxonomy":"product_cat","embeddable":true,"href":"https:\/\/etev7e.pef.czu.cz\/zs2223\/wp-json\/wp\/v2\/product_cat?post=7257"},{"taxonomy":"product_tag","embeddable":true,"href":"https:\/\/etev7e.pef.czu.cz\/zs2223\/wp-json\/wp\/v2\/product_tag?post=7257"}],"curies":[{"name":"wp","href":"https:\/\/api.w.org\/{rel}","templated":true}]}}