{"id":7259,"date":"2025-11-06T13:55:46","date_gmt":"2025-11-06T12:55:46","guid":{"rendered":"https:\/\/etev7e.pef.czu.cz\/zs2223\/?post_type=product&#038;p=7259"},"modified":"2025-11-06T13:56:46","modified_gmt":"2025-11-06T12:56:46","slug":"impact-bezesve-leginy-2-0","status":"publish","type":"product","link":"https:\/\/etev7e.pef.czu.cz\/zs2223\/produkt\/impact-bezesve-leginy-2-0\/","title":{"rendered":"IMPACT BEZE\u0160V\u00c9 LEG\u00cdNY 2.0"},"content":{"rendered":"<p>Beze\u0161v\u00e9 leg\u00edny p\u0159edstavuj\u00ed druhou generaci na\u0161eho nejobl\u00edben\u011bj\u0161\u00edho modelu. Nov\u00fd st\u0159ih nab\u00edz\u00ed vylep\u0161en\u00fd scrunch efekt, kter\u00fd p\u0159irozen\u011b zv\u00fdraz\u0148uje h\u00fd\u017ed\u011b, a \u010dist\u00fd, elegantn\u00ed design s men\u0161\u00edm logem. Leg\u00edny maj\u00ed ni\u017e\u0161\u00ed pas a beze\u0161vou konstrukci. Tvaruj\u00edc\u00ed st\u0159ih podtrhuje siluetu a poskytuje vysokou elasticitu vhodnou pro tr\u00e9nink i ka\u017edodenn\u00ed no\u0161en\u00ed. Materi\u00e1l je hladk\u00fd, matn\u00fd a p\u016fsob\u00ed jako druh\u00e1 k\u016f\u017ee, zaji\u0161\u0165uj\u00edc\u00ed maxim\u00e1ln\u00ed komfort.<\/p>\n<table>\n<tbody>\n<tr>\n<td width=\"201\">Velikost<\/td>\n<td width=\"201\">Obvod pasu (cm)<\/td>\n<td width=\"201\">Obvod bok\u016f (cm)<\/td>\n<\/tr>\n<tr>\n<td width=\"201\">XS<\/td>\n<td width=\"201\"><strong>62-68<\/strong><\/td>\n<td width=\"201\"><strong>89-95<\/strong><\/td>\n<\/tr>\n<tr>\n<td width=\"201\">S<\/td>\n<td width=\"201\"><strong>68-74<\/strong><\/td>\n<td width=\"201\"><strong>95-101<\/strong><\/td>\n<\/tr>\n<tr>\n<td width=\"201\">M<\/td>\n<td width=\"201\"><strong>74-80<\/strong><\/td>\n<td width=\"201\"><strong>101-107<\/strong><\/td>\n<\/tr>\n<tr>\n<td width=\"201\">L<\/td>\n<td width=\"201\"><strong>80-86<\/strong><\/td>\n<td width=\"201\"><strong>107-113<\/strong><\/td>\n<\/tr>\n<\/tbody>\n<\/table>\n","protected":false},"excerpt":{"rendered":"<p>Beze\u0161v\u00e9 leg\u00edny p\u0159edstavuj\u00ed druhou generaci na\u0161eho nejobl\u00edben\u011bj\u0161\u00edho modelu. Nov\u00fd st\u0159ih nab\u00edz\u00ed vylep\u0161en\u00fd scrunch efekt, kter\u00fd p\u0159irozen\u011b zv\u00fdraz\u0148uje h\u00fd\u017ed\u011b, a \u010dist\u00fd, elegantn\u00ed design s men\u0161\u00edm logem. Leg\u00edny maj\u00ed ni\u017e\u0161\u00ed pas a beze\u0161vou konstrukci. Tvaruj\u00edc\u00ed st\u0159ih podtrhuje siluetu a poskytuje vysokou elasticitu vhodnou pro tr\u00e9nink i ka\u017edodenn\u00ed no\u0161en\u00ed. Materi\u00e1l je hladk\u00fd, matn\u00fd a p\u016fsob\u00ed jako druh\u00e1 k\u016f\u017ee, [&hellip;]<\/p>\n","protected":false},"featured_media":7262,"comment_status":"open","ping_status":"closed","template":"","meta":[],"product_brand":[],"product_cat":[2062],"product_tag":[1974,75,350],"class_list":{"0":"post-7259","1":"product","2":"type-product","3":"status-publish","4":"has-post-thumbnail","6":"product_cat-sportovni-obleceni","7":"product_tag-cviceni","8":"product_tag-fitness","9":"product_tag-sport","11":"first","12":"instock","13":"taxable","14":"shipping-taxable","15":"purchasable","16":"product-type-simple"},"jetpack_sharing_enabled":true,"_links":{"self":[{"href":"https:\/\/etev7e.pef.czu.cz\/zs2223\/wp-json\/wp\/v2\/product\/7259","targetHints":{"allow":["GET"]}}],"collection":[{"href":"https:\/\/etev7e.pef.czu.cz\/zs2223\/wp-json\/wp\/v2\/product"}],"about":[{"href":"https:\/\/etev7e.pef.czu.cz\/zs2223\/wp-json\/wp\/v2\/types\/product"}],"replies":[{"embeddable":true,"href":"https:\/\/etev7e.pef.czu.cz\/zs2223\/wp-json\/wp\/v2\/comments?post=7259"}],"wp:featuredmedia":[{"embeddable":true,"href":"https:\/\/etev7e.pef.czu.cz\/zs2223\/wp-json\/wp\/v2\/media\/7262"}],"wp:attachment":[{"href":"https:\/\/etev7e.pef.czu.cz\/zs2223\/wp-json\/wp\/v2\/media?parent=7259"}],"wp:term":[{"taxonomy":"product_brand","embeddable":true,"href":"https:\/\/etev7e.pef.czu.cz\/zs2223\/wp-json\/wp\/v2\/product_brand?post=7259"},{"taxonomy":"product_cat","embeddable":true,"href":"https:\/\/etev7e.pef.czu.cz\/zs2223\/wp-json\/wp\/v2\/product_cat?post=7259"},{"taxonomy":"product_tag","embeddable":true,"href":"https:\/\/etev7e.pef.czu.cz\/zs2223\/wp-json\/wp\/v2\/product_tag?post=7259"}],"curies":[{"name":"wp","href":"https:\/\/api.w.org\/{rel}","templated":true}]}}