{"id":7371,"date":"2025-11-07T17:28:38","date_gmt":"2025-11-07T16:28:38","guid":{"rendered":"https:\/\/etev7e.pef.czu.cz\/zs2223\/?post_type=product&#038;p=7371"},"modified":"2025-11-10T18:19:02","modified_gmt":"2025-11-10T17:19:02","slug":"zelena-vejce-s-nizsim-obsahem-cholesterolu-10-ks","status":"publish","type":"product","link":"https:\/\/etev7e.pef.czu.cz\/zs2223\/produkt\/zelena-vejce-s-nizsim-obsahem-cholesterolu-10-ks\/","title":{"rendered":"Zelen\u00e1 vejce s ni\u017e\u0161\u00edm obsahem cholesterolu &#8211; 10 ks"},"content":{"rendered":"<p>Objev vz\u00e1cn\u00e1 zelen\u00e1 vejce plemen Araucana z na\u0161eho voln\u00e9ho chovu v Mod\u0159anech. Ka\u017ed\u00e9 vejce je jedine\u010dn\u00e9 \u00a0svou olivovou barvou i jemnou chut\u00ed. Maj\u00ed vy\u0161\u0161\u00ed pod\u00edl b\u00edlku a p\u0159irozen\u011b ni\u017e\u0161\u00ed obsah cholesterolu, tak\u017ee se nemus\u00edte tolik ob\u00e1vat, kolik vajec sn\u00ed\u0161 \ud83d\ude04<br \/>\n<strong><em>Balen\u00ed obsahuje 10 \u010derstv\u00fdch vajec s minim\u00e1ln\u00ed trvanlivost\u00ed 28 dn\u00ed, ide\u00e1ln\u00edch pro ka\u017edodenn\u00ed pou\u017eit\u00ed \u2013 na sn\u00eddani, pe\u010den\u00ed, m\u00edchan\u00e1 vaj\u00ed\u010dka nebo va\u0159en\u00ed. Jsou prost\u011b takov\u00e1, jak\u00e1 maj\u00ed b\u00fdt &#8211; poctiv\u00e1, zdrav\u00e1 a chutn\u00e1.<\/em><\/strong><\/p>\n","protected":false},"excerpt":{"rendered":"<p><span style=\"font-weight: 400\">Vz\u00e1cn\u00e1 vejce plemen Araucana, kter\u00e9 sn\u00e1\u0161ej\u00ed kr\u00e1sn\u011b zelen\u00e1 olivov\u00e1 vejce.<\/span><\/p>\n<p><strong>Maj\u00ed jemn\u011bj\u0161\u00ed chu\u0165, vy\u0161\u0161\u00ed pod\u00edl b\u00edlku a p\u0159irozen\u011b ni\u017e\u0161\u00ed obsah cholesterolu.<\/strong><\/p>\n<p><span style=\"font-weight: 400\">\u2192 Symbol zdrav\u00ed a v\u00fdjime\u010dnosti. Pro v\u0161echny, kte\u0159\u00ed cht\u011bj\u00ed na tal\u00ed\u0159i n\u011bco speci\u00e1ln\u00edho<\/span><\/p>\n","protected":false},"featured_media":7374,"comment_status":"open","ping_status":"closed","template":"","meta":[],"product_brand":[2300],"product_cat":[2108,2105],"product_tag":[2128,2127,2129,2113],"class_list":{"0":"post-7371","1":"product","2":"type-product","3":"status-publish","4":"has-post-thumbnail","6":"product_brand-vejcezkurniku","7":"product_cat-cerstva-domaci-vejce","8":"product_cat-vejce-z-kurniku","9":"product_tag-araukana","10":"product_tag-bez-cholesterolu","11":"product_tag-zdrava-vejce","12":"product_tag-zelena-vejce","14":"first","15":"instock","16":"sale","17":"taxable","18":"shipping-taxable","19":"purchasable","20":"product-type-simple"},"jetpack_sharing_enabled":true,"_links":{"self":[{"href":"https:\/\/etev7e.pef.czu.cz\/zs2223\/wp-json\/wp\/v2\/product\/7371","targetHints":{"allow":["GET"]}}],"collection":[{"href":"https:\/\/etev7e.pef.czu.cz\/zs2223\/wp-json\/wp\/v2\/product"}],"about":[{"href":"https:\/\/etev7e.pef.czu.cz\/zs2223\/wp-json\/wp\/v2\/types\/product"}],"replies":[{"embeddable":true,"href":"https:\/\/etev7e.pef.czu.cz\/zs2223\/wp-json\/wp\/v2\/comments?post=7371"}],"wp:featuredmedia":[{"embeddable":true,"href":"https:\/\/etev7e.pef.czu.cz\/zs2223\/wp-json\/wp\/v2\/media\/7374"}],"wp:attachment":[{"href":"https:\/\/etev7e.pef.czu.cz\/zs2223\/wp-json\/wp\/v2\/media?parent=7371"}],"wp:term":[{"taxonomy":"product_brand","embeddable":true,"href":"https:\/\/etev7e.pef.czu.cz\/zs2223\/wp-json\/wp\/v2\/product_brand?post=7371"},{"taxonomy":"product_cat","embeddable":true,"href":"https:\/\/etev7e.pef.czu.cz\/zs2223\/wp-json\/wp\/v2\/product_cat?post=7371"},{"taxonomy":"product_tag","embeddable":true,"href":"https:\/\/etev7e.pef.czu.cz\/zs2223\/wp-json\/wp\/v2\/product_tag?post=7371"}],"curies":[{"name":"wp","href":"https:\/\/api.w.org\/{rel}","templated":true}]}}