{"id":7387,"date":"2025-11-07T17:48:15","date_gmt":"2025-11-07T16:48:15","guid":{"rendered":"https:\/\/etev7e.pef.czu.cz\/zs2223\/?post_type=product&#038;p=7387"},"modified":"2025-11-10T18:18:22","modified_gmt":"2025-11-10T17:18:22","slug":"nasadova-vejce-hedvabnicek","status":"publish","type":"product","link":"https:\/\/etev7e.pef.czu.cz\/zs2223\/produkt\/nasadova-vejce-hedvabnicek\/","title":{"rendered":"N\u00e1sadov\u00e1 vejce hedv\u00e1bni\u010dek"},"content":{"rendered":"<p>Balen\u00ed obsahuje 8 vajec, kombinace b\u00edl\u00fdch a modr\u00fdch slepi\u010dek. Barvu konkr\u00e9tn\u00edho vaj\u00ed\u010dka nelze vybrat (ka\u017ed\u00fd bal\u00ed\u010dek je tak mal\u00fdm p\u0159ekvapen\u00edm z farmy).<\/p>\n<p>Ide\u00e1ln\u00ed pro chovatele, mal\u00e9 farm\u00e1\u0159e nebo nad\u0161ence, kte\u0159\u00ed cht\u011bj\u00ed vypiplat vlastn\u00ed hejno od prvn\u00edho p\u00edpnut\u00ed. Sleduj, jak se mal\u00e1 ku\u0159\u00e1tka probouz\u00ed k \u017eivotu a vychutnej si radost z vlastn\u00edho farm\u00e1\u0159sk\u00e9ho projektu!<\/p>\n<p>&nbsp;<\/p>\n","protected":false},"excerpt":{"rendered":"<p><span style=\"font-weight: 400\">Vyku\u0165 si vlastn\u00ed chlupat\u00fd kurn\u00edk!<\/span><\/p>\n<p><span style=\"font-weight: 400\">Nab\u00edz\u00edme n\u00e1sadov\u00e1 vejce \u010distokrevn\u00fdch plemen hedv\u00e1bni\u010dek. Slepi\u010dek s jemn\u00fdm pe\u0159\u00edm, klidnou povahou a velk\u00fdm srdcem.<\/span><\/p>\n<p><span style=\"font-weight: 400\">Pe\u010dliv\u011b t\u0159\u00edd\u011bn\u00e1, \u010derstv\u00e1, vhodn\u00e1 pro l\u00edhnut\u00ed v inkub\u00e1toru nebo pod kvo\u010dnou.<\/span><\/p>\n","protected":false},"featured_media":7388,"comment_status":"open","ping_status":"closed","template":"","meta":[],"product_brand":[2300],"product_cat":[2117,2105],"product_tag":[2120,2121,2118,2119],"class_list":{"0":"post-7387","1":"product","2":"type-product","3":"status-publish","4":"has-post-thumbnail","6":"product_brand-vejcezkurniku","7":"product_cat-nasadova-vejce","8":"product_cat-vejce-z-kurniku","9":"product_tag-hedvabnicky","10":"product_tag-lihnuti","11":"product_tag-nasadova-vejce","12":"product_tag-okrasne-slepice","14":"first","15":"instock","16":"taxable","17":"shipping-taxable","18":"purchasable","19":"product-type-simple"},"jetpack_sharing_enabled":true,"_links":{"self":[{"href":"https:\/\/etev7e.pef.czu.cz\/zs2223\/wp-json\/wp\/v2\/product\/7387","targetHints":{"allow":["GET"]}}],"collection":[{"href":"https:\/\/etev7e.pef.czu.cz\/zs2223\/wp-json\/wp\/v2\/product"}],"about":[{"href":"https:\/\/etev7e.pef.czu.cz\/zs2223\/wp-json\/wp\/v2\/types\/product"}],"replies":[{"embeddable":true,"href":"https:\/\/etev7e.pef.czu.cz\/zs2223\/wp-json\/wp\/v2\/comments?post=7387"}],"wp:featuredmedia":[{"embeddable":true,"href":"https:\/\/etev7e.pef.czu.cz\/zs2223\/wp-json\/wp\/v2\/media\/7388"}],"wp:attachment":[{"href":"https:\/\/etev7e.pef.czu.cz\/zs2223\/wp-json\/wp\/v2\/media?parent=7387"}],"wp:term":[{"taxonomy":"product_brand","embeddable":true,"href":"https:\/\/etev7e.pef.czu.cz\/zs2223\/wp-json\/wp\/v2\/product_brand?post=7387"},{"taxonomy":"product_cat","embeddable":true,"href":"https:\/\/etev7e.pef.czu.cz\/zs2223\/wp-json\/wp\/v2\/product_cat?post=7387"},{"taxonomy":"product_tag","embeddable":true,"href":"https:\/\/etev7e.pef.czu.cz\/zs2223\/wp-json\/wp\/v2\/product_tag?post=7387"}],"curies":[{"name":"wp","href":"https:\/\/api.w.org\/{rel}","templated":true}]}}