{"id":7408,"date":"2025-11-07T18:51:55","date_gmt":"2025-11-07T17:51:55","guid":{"rendered":"https:\/\/etev7e.pef.czu.cz\/zs2223\/?post_type=product&#038;p=7408"},"modified":"2025-11-09T11:37:14","modified_gmt":"2025-11-09T10:37:14","slug":"julinka","status":"publish","type":"product","link":"https:\/\/etev7e.pef.czu.cz\/zs2223\/produkt\/julinka\/","title":{"rendered":"J\u016flinka"},"content":{"rendered":"<p><b>Barva<\/b><span style=\"font-weight: 400\">: baby pink<\/span><\/p>\n<p><b>Materi\u00e1l<\/b><span style=\"font-weight: 400\">: vysoce kvalitn\u00ed um\u011bl\u00e1 hmota a l\u00e1tka<\/span><\/p>\n<p><b>Varianty: <\/b><span style=\"font-weight: 400\">b\u00edl\u00e1, \u017elut\u00e1, oran\u017eov\u00e1<\/span><\/p>\n<p><b>Styl<\/b><span style=\"font-weight: 400\">: jemn\u00fd, romantick\u00fd, modern\u00ed<\/span><\/p>\n<p><b>\u00dadr\u017eba<\/b><span style=\"font-weight: 400\">: sta\u010d\u00ed ot\u0159\u00edt prach<\/span><\/p>\n","protected":false},"excerpt":{"rendered":"<p><span style=\"font-weight: 400\">P\u0159ineste do sv\u00e9ho domova jemn\u00fd n\u00e1dech romantiky s na\u0161\u00ed um\u011blou kytkou p\u0159ipom\u00ednaj\u00edc\u00ed prysky\u0159n\u00edk v n\u011b\u017en\u00e9 baby pink barv\u011b. D\u00edky realistick\u00e9mu tvaru okv\u011btn\u00edch l\u00edstk\u016f a p\u0159irozen\u00e9 textu\u0159e p\u016fsob\u00ed kytka sv\u011b\u017ee a elegantn\u011b \u2013 bez jak\u00e9koli p\u00e9\u010de.<\/span><\/p>\n<p><span style=\"font-weight: 400\">Ide\u00e1ln\u00ed pro minimalistick\u00e9 interi\u00e9ry, pracovny, ob\u00fdvac\u00ed pokoje nebo jako dekorace do v\u00e1z a aran\u017em\u00e1. U\u017eijte si kr\u00e1su kv\u011btiny ka\u017ed\u00fd den, ani\u017e byste museli myslet na zal\u00e9v\u00e1n\u00ed \u010di sv\u011btlo.<\/span><\/p>\n","protected":false},"featured_media":7410,"comment_status":"open","ping_status":"closed","template":"","meta":[],"product_brand":[],"product_cat":[2133],"product_tag":[237],"class_list":{"0":"post-7408","1":"product","2":"type-product","3":"status-publish","4":"has-post-thumbnail","6":"product_cat-dekorace","7":"product_tag-doplnky","9":"first","10":"instock","11":"sale","12":"taxable","13":"shipping-taxable","14":"purchasable","15":"product-type-simple"},"jetpack_sharing_enabled":true,"_links":{"self":[{"href":"https:\/\/etev7e.pef.czu.cz\/zs2223\/wp-json\/wp\/v2\/product\/7408","targetHints":{"allow":["GET"]}}],"collection":[{"href":"https:\/\/etev7e.pef.czu.cz\/zs2223\/wp-json\/wp\/v2\/product"}],"about":[{"href":"https:\/\/etev7e.pef.czu.cz\/zs2223\/wp-json\/wp\/v2\/types\/product"}],"replies":[{"embeddable":true,"href":"https:\/\/etev7e.pef.czu.cz\/zs2223\/wp-json\/wp\/v2\/comments?post=7408"}],"wp:featuredmedia":[{"embeddable":true,"href":"https:\/\/etev7e.pef.czu.cz\/zs2223\/wp-json\/wp\/v2\/media\/7410"}],"wp:attachment":[{"href":"https:\/\/etev7e.pef.czu.cz\/zs2223\/wp-json\/wp\/v2\/media?parent=7408"}],"wp:term":[{"taxonomy":"product_brand","embeddable":true,"href":"https:\/\/etev7e.pef.czu.cz\/zs2223\/wp-json\/wp\/v2\/product_brand?post=7408"},{"taxonomy":"product_cat","embeddable":true,"href":"https:\/\/etev7e.pef.czu.cz\/zs2223\/wp-json\/wp\/v2\/product_cat?post=7408"},{"taxonomy":"product_tag","embeddable":true,"href":"https:\/\/etev7e.pef.czu.cz\/zs2223\/wp-json\/wp\/v2\/product_tag?post=7408"}],"curies":[{"name":"wp","href":"https:\/\/api.w.org\/{rel}","templated":true}]}}