{"id":7417,"date":"2025-11-07T20:33:29","date_gmt":"2025-11-07T19:33:29","guid":{"rendered":"https:\/\/etev7e.pef.czu.cz\/zs2223\/?post_type=product&#038;p=7417"},"modified":"2025-11-07T20:42:58","modified_gmt":"2025-11-07T19:42:58","slug":"bavlnene-povleceni","status":"publish","type":"product","link":"https:\/\/etev7e.pef.czu.cz\/zs2223\/produkt\/bavlnene-povleceni\/","title":{"rendered":"Bavln\u011bn\u00e9 povle\u010den\u00ed"},"content":{"rendered":"<p>Rozm\u011br povlaku na pe\u0159inu je 200 x 200 cm a rozm\u011br povlaku na pol\u0161t\u00e1\u0159 je 70 x 90 cm.\u00a0Hmotnost: 140 g\/m\u00b2. Povle\u010den\u00ed je vyrobeno ze 100% bavlny a m\u00e1 uzav\u00edr\u00e1n\u00ed na zip. Vyrobeno: v \u010cesk\u00e9 republice (Praha). Barva povle\u010den\u00ed je kr\u00e9mov\u00e9 cappuccino. Perte maxim\u00e1ln\u011b na 60\u00b0C, \u017eehlete maxim\u00e1ln\u011b do 180\u00b0C. Nepou\u017e\u00edvejte chemick\u00e9 \u010disti\u010de \u010di b\u011blidla.\u00a0P\u0159ed prvn\u00edm pou\u017eit\u00edm vyperte.\u00a0Povle\u010den\u00ed je vhodn\u00e9 do su\u0161i\u010dky. V balen\u00ed je jeden potah na pol\u0161t\u00e1\u0159 a jeden potah na pe\u0159inu.<\/p>\n","protected":false},"excerpt":{"rendered":"<p dir=\"ltr\"><strong>U\u017eijte si dokonal\u00fd sp\u00e1nek v bavln\u011bn\u00e9m povle\u010den\u00ed, kter\u00e9 je m\u011bkk\u00e9, prody\u0161n\u00e9 a stylov\u00e9! P\u0159esn\u011b takov\u00e9, jak\u00e9 va\u0161e postel pot\u0159ebuje.<\/strong><\/p>\n","protected":false},"featured_media":7418,"comment_status":"open","ping_status":"closed","template":"","meta":[],"product_brand":[2136],"product_cat":[2137,2139,2138,2141],"product_tag":[2153,2152,2155,2156,2154],"class_list":{"0":"post-7417","1":"product","2":"type-product","3":"status-publish","4":"has-post-thumbnail","6":"product_brand-cozy-co","7":"product_cat-domov-a-bydleni","8":"product_cat-lozni-pradlo","9":"product_cat-loznice","10":"product_cat-povleceni","11":"product_tag-100-bavlna","12":"product_tag-ceska-vyroba","13":"product_tag-kremove-cappuccino-barva","14":"product_tag-podzimni-pohoda","15":"product_tag-prirodni-material","17":"first","18":"instock","19":"sale","20":"taxable","21":"shipping-taxable","22":"purchasable","23":"product-type-simple"},"jetpack_sharing_enabled":true,"_links":{"self":[{"href":"https:\/\/etev7e.pef.czu.cz\/zs2223\/wp-json\/wp\/v2\/product\/7417","targetHints":{"allow":["GET"]}}],"collection":[{"href":"https:\/\/etev7e.pef.czu.cz\/zs2223\/wp-json\/wp\/v2\/product"}],"about":[{"href":"https:\/\/etev7e.pef.czu.cz\/zs2223\/wp-json\/wp\/v2\/types\/product"}],"replies":[{"embeddable":true,"href":"https:\/\/etev7e.pef.czu.cz\/zs2223\/wp-json\/wp\/v2\/comments?post=7417"}],"wp:featuredmedia":[{"embeddable":true,"href":"https:\/\/etev7e.pef.czu.cz\/zs2223\/wp-json\/wp\/v2\/media\/7418"}],"wp:attachment":[{"href":"https:\/\/etev7e.pef.czu.cz\/zs2223\/wp-json\/wp\/v2\/media?parent=7417"}],"wp:term":[{"taxonomy":"product_brand","embeddable":true,"href":"https:\/\/etev7e.pef.czu.cz\/zs2223\/wp-json\/wp\/v2\/product_brand?post=7417"},{"taxonomy":"product_cat","embeddable":true,"href":"https:\/\/etev7e.pef.czu.cz\/zs2223\/wp-json\/wp\/v2\/product_cat?post=7417"},{"taxonomy":"product_tag","embeddable":true,"href":"https:\/\/etev7e.pef.czu.cz\/zs2223\/wp-json\/wp\/v2\/product_tag?post=7417"}],"curies":[{"name":"wp","href":"https:\/\/api.w.org\/{rel}","templated":true}]}}