{"id":7426,"date":"2025-11-07T20:46:56","date_gmt":"2025-11-07T19:46:56","guid":{"rendered":"https:\/\/etev7e.pef.czu.cz\/zs2223\/?post_type=product&#038;p=7426"},"modified":"2025-11-07T20:46:56","modified_gmt":"2025-11-07T19:46:56","slug":"mekka-pletena-deka","status":"publish","type":"product","link":"https:\/\/etev7e.pef.czu.cz\/zs2223\/produkt\/mekka-pletena-deka\/","title":{"rendered":"M\u011bkk\u00e1 pleten\u00e1 deka"},"content":{"rendered":"<p>Rozm\u011br pleten\u00e9 deky je 130 x 170 cm. Deka je vyrobena ze 100% vlny. Vyrobeno v \u010cesk\u00e9 republice (Praha). Hmotnost: 750 g\/m<sup>2<\/sup>Barva je deky je tmav\u011b hn\u011bd\u00e1. Deku perte na\u00a040\u00b0C. Nepou\u017e\u00edvejte chemick\u00e9 p\u0159\u00edpravky \u010di b\u011blidla.\u00a0P\u0159ed prvn\u00edm pou\u017eit\u00edm vyperte. Deka je vhodn\u00e1 do su\u0161i\u010dky. V balen\u00ed je jeden kus deky.<\/p>\n","protected":false},"excerpt":{"rendered":"<p><strong>U\u017eijte si tepl\u00e9 a \u00fatuln\u00e9 chv\u00edle s m\u011bkkou pletenou dekou, kter\u00e1 je ide\u00e1ln\u00ed pro odpo\u010dinek a pohodl\u00ed p\u0159\u00edmo v posteli, \u010dten\u00ed kn\u00ed\u017eky nebo sledov\u00e1n\u00ed obl\u00edben\u00e9ho filmu.<\/strong><\/p>\n","protected":false},"featured_media":7427,"comment_status":"open","ping_status":"closed","template":"","meta":[],"product_brand":[2136],"product_cat":[2137,2139,2138,2142],"product_tag":[2158,2152,1881,71,2160,2159,2157],"class_list":{"0":"post-7426","1":"product","2":"type-product","3":"status-publish","4":"has-post-thumbnail","6":"product_brand-cozy-co","7":"product_cat-domov-a-bydleni","8":"product_cat-lozni-pradlo","9":"product_cat-loznice","10":"product_cat-prehozy-na-postel","11":"product_tag-100-vlna","12":"product_tag-ceska-vyroba","13":"product_tag-designovy","14":"product_tag-elegantni","15":"product_tag-hrejivy","16":"product_tag-loznice","17":"product_tag-pleteny-prehoz","19":"first","20":"instock","21":"sale","22":"taxable","23":"shipping-taxable","24":"purchasable","25":"product-type-simple"},"jetpack_sharing_enabled":true,"_links":{"self":[{"href":"https:\/\/etev7e.pef.czu.cz\/zs2223\/wp-json\/wp\/v2\/product\/7426","targetHints":{"allow":["GET"]}}],"collection":[{"href":"https:\/\/etev7e.pef.czu.cz\/zs2223\/wp-json\/wp\/v2\/product"}],"about":[{"href":"https:\/\/etev7e.pef.czu.cz\/zs2223\/wp-json\/wp\/v2\/types\/product"}],"replies":[{"embeddable":true,"href":"https:\/\/etev7e.pef.czu.cz\/zs2223\/wp-json\/wp\/v2\/comments?post=7426"}],"wp:featuredmedia":[{"embeddable":true,"href":"https:\/\/etev7e.pef.czu.cz\/zs2223\/wp-json\/wp\/v2\/media\/7427"}],"wp:attachment":[{"href":"https:\/\/etev7e.pef.czu.cz\/zs2223\/wp-json\/wp\/v2\/media?parent=7426"}],"wp:term":[{"taxonomy":"product_brand","embeddable":true,"href":"https:\/\/etev7e.pef.czu.cz\/zs2223\/wp-json\/wp\/v2\/product_brand?post=7426"},{"taxonomy":"product_cat","embeddable":true,"href":"https:\/\/etev7e.pef.czu.cz\/zs2223\/wp-json\/wp\/v2\/product_cat?post=7426"},{"taxonomy":"product_tag","embeddable":true,"href":"https:\/\/etev7e.pef.czu.cz\/zs2223\/wp-json\/wp\/v2\/product_tag?post=7426"}],"curies":[{"name":"wp","href":"https:\/\/api.w.org\/{rel}","templated":true}]}}