{"id":7438,"date":"2025-11-08T17:06:37","date_gmt":"2025-11-08T16:06:37","guid":{"rendered":"https:\/\/etev7e.pef.czu.cz\/zs2223\/?post_type=product&#038;p=7438"},"modified":"2025-11-11T20:19:54","modified_gmt":"2025-11-11T19:19:54","slug":"joga-podlozka-moonlight-black","status":"publish","type":"product","link":"https:\/\/etev7e.pef.czu.cz\/zs2223\/produkt\/joga-podlozka-moonlight-black\/","title":{"rendered":"J\u00f3ga podlo\u017eka \u2013 Moonlight Black"},"content":{"rendered":"<p>Elegantn\u00ed a minimalistick\u00e1 j\u00f3gov\u00e1 podlo\u017eka v \u010dern\u00e9 barv\u011b s jemn\u00fdm motivem m\u011bs\u00edce. Povrch je p\u0159\u00edjemn\u00fd na dotek, neklouzav\u00fd a vhodn\u00fd pro v\u0161echny druhy j\u00f3gy, pilates i stre\u010dinku. M\u011bs\u00ed\u010dn\u00ed motiv je decentn\u00ed v \u0161ed\u00fdch t\u00f3nech, tak\u017ee p\u016fsob\u00ed p\u0159irozen\u011b a neru\u0161\u00ed p\u0159i cvi\u010den\u00ed. Podlo\u017eka je lehk\u00e1, snadno se \u010dist\u00ed, d\u00edky sv\u00e9 tlou\u0161\u0165ce poskytuje dostate\u010dnou oporu pro klouby i p\u00e1te\u0159 a je tak\u00e9 snadno skladn\u00e1 a vejde se i do sportovn\u00ed ta\u0161ky nebo v\u011bt\u0161\u00ed kabelky.<\/p>\n","protected":false},"excerpt":{"rendered":"<p>\u010cern\u00e1 j\u00f3gov\u00e1 podlo\u017eka s jemn\u00fdm motivem m\u011bs\u00edce v \u0161ed\u00fdch t\u00f3nech.<\/p>\n","protected":false},"featured_media":7472,"comment_status":"open","ping_status":"closed","template":"","meta":[],"product_brand":[2181],"product_cat":[2179,2180,2063],"product_tag":[463,1030,2182,2184,1942,2183,1975],"class_list":{"0":"post-7438","1":"product","2":"type-product","3":"status-publish","4":"has-post-thumbnail","6":"product_brand-moon-balance","7":"product_cat-joga-vybaveni","8":"product_cat-podlozky-na-jogu","9":"product_cat-vychozi","10":"product_tag-cerna","11":"product_tag-joga","12":"product_tag-meditace","13":"product_tag-mesicni-motiv","14":"product_tag-minimalisticky-design","15":"product_tag-podlozka","16":"product_tag-protiskluzova","18":"first","19":"instock","20":"sale","21":"taxable","22":"shipping-taxable","23":"purchasable","24":"product-type-simple"},"jetpack_sharing_enabled":true,"_links":{"self":[{"href":"https:\/\/etev7e.pef.czu.cz\/zs2223\/wp-json\/wp\/v2\/product\/7438","targetHints":{"allow":["GET"]}}],"collection":[{"href":"https:\/\/etev7e.pef.czu.cz\/zs2223\/wp-json\/wp\/v2\/product"}],"about":[{"href":"https:\/\/etev7e.pef.czu.cz\/zs2223\/wp-json\/wp\/v2\/types\/product"}],"replies":[{"embeddable":true,"href":"https:\/\/etev7e.pef.czu.cz\/zs2223\/wp-json\/wp\/v2\/comments?post=7438"}],"wp:featuredmedia":[{"embeddable":true,"href":"https:\/\/etev7e.pef.czu.cz\/zs2223\/wp-json\/wp\/v2\/media\/7472"}],"wp:attachment":[{"href":"https:\/\/etev7e.pef.czu.cz\/zs2223\/wp-json\/wp\/v2\/media?parent=7438"}],"wp:term":[{"taxonomy":"product_brand","embeddable":true,"href":"https:\/\/etev7e.pef.czu.cz\/zs2223\/wp-json\/wp\/v2\/product_brand?post=7438"},{"taxonomy":"product_cat","embeddable":true,"href":"https:\/\/etev7e.pef.czu.cz\/zs2223\/wp-json\/wp\/v2\/product_cat?post=7438"},{"taxonomy":"product_tag","embeddable":true,"href":"https:\/\/etev7e.pef.czu.cz\/zs2223\/wp-json\/wp\/v2\/product_tag?post=7438"}],"curies":[{"name":"wp","href":"https:\/\/api.w.org\/{rel}","templated":true}]}}