{"id":7450,"date":"2025-11-08T00:34:35","date_gmt":"2025-11-07T23:34:35","guid":{"rendered":"https:\/\/etev7e.pef.czu.cz\/zs2223\/?post_type=product&#038;p=7450"},"modified":"2025-11-08T00:34:35","modified_gmt":"2025-11-07T23:34:35","slug":"auria-marquise-bangle","status":"publish","type":"product","link":"https:\/\/etev7e.pef.czu.cz\/zs2223\/produkt\/auria-marquise-bangle\/","title":{"rendered":"Auria &#8222;Marquise Bangle&#8220;"},"content":{"rendered":"<p class=\"p3\"><span class=\"s2\">Sofistikovan\u00fd pevn\u00fd n\u00e1ramek s asymetrick\u00fdm diamantov\u00fdm motivem, p\u0159ipom\u00ednaj\u00edc\u00edm n\u011b\u017en\u00e1 mot\u00fdl\u00ed k\u0159\u00eddla. Designov\u00fd \u0161perk pro modern\u00ed \u017eenu, kter\u00e1 miluje luxusn\u00ed detaily.<\/span><\/p>\n","protected":false},"excerpt":{"rendered":"<p>Elegantn\u00ed pevn\u00fd n\u00e1ramek s jemn\u00fdm diamantov\u00fdm motivem inspirovan\u00fdm mot\u00fdl\u00edmi k\u0159\u00eddly.<\/p>\n","protected":false},"featured_media":7451,"comment_status":"open","ping_status":"closed","template":"","meta":[],"product_brand":[2170],"product_cat":[2169],"product_tag":[144,2172,142,149],"class_list":{"0":"post-7450","1":"product","2":"type-product","3":"status-publish","4":"has-post-thumbnail","6":"product_brand-auria","7":"product_cat-sperky-auria-cz","8":"product_tag-diamant","9":"product_tag-luxusni","10":"product_tag-naramek","11":"product_tag-zlute-zlato","13":"first","14":"instock","15":"sale","16":"taxable","17":"shipping-taxable","18":"purchasable","19":"product-type-simple"},"jetpack_sharing_enabled":true,"_links":{"self":[{"href":"https:\/\/etev7e.pef.czu.cz\/zs2223\/wp-json\/wp\/v2\/product\/7450","targetHints":{"allow":["GET"]}}],"collection":[{"href":"https:\/\/etev7e.pef.czu.cz\/zs2223\/wp-json\/wp\/v2\/product"}],"about":[{"href":"https:\/\/etev7e.pef.czu.cz\/zs2223\/wp-json\/wp\/v2\/types\/product"}],"replies":[{"embeddable":true,"href":"https:\/\/etev7e.pef.czu.cz\/zs2223\/wp-json\/wp\/v2\/comments?post=7450"}],"wp:featuredmedia":[{"embeddable":true,"href":"https:\/\/etev7e.pef.czu.cz\/zs2223\/wp-json\/wp\/v2\/media\/7451"}],"wp:attachment":[{"href":"https:\/\/etev7e.pef.czu.cz\/zs2223\/wp-json\/wp\/v2\/media?parent=7450"}],"wp:term":[{"taxonomy":"product_brand","embeddable":true,"href":"https:\/\/etev7e.pef.czu.cz\/zs2223\/wp-json\/wp\/v2\/product_brand?post=7450"},{"taxonomy":"product_cat","embeddable":true,"href":"https:\/\/etev7e.pef.czu.cz\/zs2223\/wp-json\/wp\/v2\/product_cat?post=7450"},{"taxonomy":"product_tag","embeddable":true,"href":"https:\/\/etev7e.pef.czu.cz\/zs2223\/wp-json\/wp\/v2\/product_tag?post=7450"}],"curies":[{"name":"wp","href":"https:\/\/api.w.org\/{rel}","templated":true}]}}