{"id":7496,"date":"2025-11-08T17:49:18","date_gmt":"2025-11-08T16:49:18","guid":{"rendered":"https:\/\/etev7e.pef.czu.cz\/zs2223\/?post_type=product&#038;p=7496"},"modified":"2025-11-10T22:03:55","modified_gmt":"2025-11-10T21:03:55","slug":"zeny-ktere-behaly-s-vlky-clarissa-pinkola-estes-ph-d","status":"publish","type":"product","link":"https:\/\/etev7e.pef.czu.cz\/zs2223\/produkt\/zeny-ktere-behaly-s-vlky-clarissa-pinkola-estes-ph-d\/","title":{"rendered":"\u017deny, kter\u00e9 b\u011bhaly s vlky &#8211; Clarissa Pinkola Est\u00e9s, Ph.D."},"content":{"rendered":"<p>Divo\u0161ka je podle Est\u00e9s ohro\u017een\u00fdm druhem \u2013 tlak spole\u010dnosti, kter\u00e1 \u017eeny formuje do p\u0159edem dan\u00fdch rol\u00ed, \u010dasto potla\u010duje jejich p\u0159irozen\u00e9 dary a instinkty. Kniha proto prost\u0159ednictv\u00edm m\u00fdt\u016f, poh\u00e1dek a p\u0159\u00edb\u011bh\u016f (mnoh\u00e9 z nich poch\u00e1zej\u00ed z autor\u010dina rodinn\u00e9ho d\u011bdictv\u00ed) pom\u00e1h\u00e1 \u017een\u00e1m znovu nav\u00e1zat spojen\u00ed se svou divokou, zdravou p\u0159irozenost\u00ed. V t\u011bchto p\u0159\u00edb\u011bz\u00edch a doprovodn\u00fdch koment\u00e1\u0159\u00edch se \u010dten\u00e1\u0159ky setk\u00e1vaj\u00ed s prototypem Divo\u0161ky a objevuj\u00ed, jak osvobozuj\u00edc\u00ed a kr\u00e1sn\u00e9 je b\u00fdt odv\u00e1\u017enou, autentickou a instinktivn\u00ed \u017eenou.<\/p>\n","protected":false},"excerpt":{"rendered":"<p>Divo\u0161ka je podle Est\u00e9s ohro\u017een\u00fdm druhem \u2013 tlak spole\u010dnosti, kter\u00e1 \u017eeny formuje do p\u0159edem dan\u00fdch rol\u00ed, \u010dasto potla\u010duje jejich p\u0159irozen\u00e9 dary a instinkty. Kniha proto prost\u0159ednictv\u00edm m\u00fdt\u016f, poh\u00e1dek a p\u0159\u00edb\u011bh\u016f (mnoh\u00e9 z nich poch\u00e1zej\u00ed z autor\u010dina rodinn\u00e9ho d\u011bdictv\u00ed) pom\u00e1h\u00e1 \u017een\u00e1m znovu nav\u00e1zat spojen\u00ed se svou divokou, zdravou p\u0159irozenost\u00ed. V t\u011bchto p\u0159\u00edb\u011bz\u00edch a doprovodn\u00fdch koment\u00e1\u0159\u00edch se [&hellip;]<\/p>\n","protected":false},"featured_media":7500,"comment_status":"open","ping_status":"closed","template":"","meta":[],"product_brand":[],"product_cat":[2194],"product_tag":[2195,328],"class_list":{"0":"post-7496","1":"product","2":"type-product","3":"status-publish","4":"has-post-thumbnail","6":"product_cat-knihy-2025","7":"product_tag-duchovni-literatura","8":"product_tag-psychologie","10":"first","11":"instock","12":"sale","13":"taxable","14":"shipping-taxable","15":"purchasable","16":"product-type-variable"},"jetpack_sharing_enabled":true,"_links":{"self":[{"href":"https:\/\/etev7e.pef.czu.cz\/zs2223\/wp-json\/wp\/v2\/product\/7496","targetHints":{"allow":["GET"]}}],"collection":[{"href":"https:\/\/etev7e.pef.czu.cz\/zs2223\/wp-json\/wp\/v2\/product"}],"about":[{"href":"https:\/\/etev7e.pef.czu.cz\/zs2223\/wp-json\/wp\/v2\/types\/product"}],"replies":[{"embeddable":true,"href":"https:\/\/etev7e.pef.czu.cz\/zs2223\/wp-json\/wp\/v2\/comments?post=7496"}],"wp:featuredmedia":[{"embeddable":true,"href":"https:\/\/etev7e.pef.czu.cz\/zs2223\/wp-json\/wp\/v2\/media\/7500"}],"wp:attachment":[{"href":"https:\/\/etev7e.pef.czu.cz\/zs2223\/wp-json\/wp\/v2\/media?parent=7496"}],"wp:term":[{"taxonomy":"product_brand","embeddable":true,"href":"https:\/\/etev7e.pef.czu.cz\/zs2223\/wp-json\/wp\/v2\/product_brand?post=7496"},{"taxonomy":"product_cat","embeddable":true,"href":"https:\/\/etev7e.pef.czu.cz\/zs2223\/wp-json\/wp\/v2\/product_cat?post=7496"},{"taxonomy":"product_tag","embeddable":true,"href":"https:\/\/etev7e.pef.czu.cz\/zs2223\/wp-json\/wp\/v2\/product_tag?post=7496"}],"curies":[{"name":"wp","href":"https:\/\/api.w.org\/{rel}","templated":true}]}}