{"id":7505,"date":"2025-11-08T18:10:58","date_gmt":"2025-11-08T17:10:58","guid":{"rendered":"https:\/\/etev7e.pef.czu.cz\/zs2223\/?post_type=product&#038;p=7505"},"modified":"2025-11-08T18:27:55","modified_gmt":"2025-11-08T17:27:55","slug":"harry-potter-a-fenixuv-rad","status":"publish","type":"product","link":"https:\/\/etev7e.pef.czu.cz\/zs2223\/produkt\/harry-potter-a-fenixuv-rad\/","title":{"rendered":"Harry Potter a F\u00e9nix\u016fv \u0159\u00e1d"},"content":{"rendered":"<p>P\u00e1t\u00fd d\u00edl slavn\u00e9 s\u00e9rie sleduje dobrodru\u017estv\u00ed\u00a0Harryho Pottera\u00a0b\u011bhem jeho p\u00e1t\u00e9ho ro\u010dn\u00edku v\u00a0Hogwarts, kde\u00a0temn\u00e9 \u010dasy za\u010d\u00ednaj\u00ed m\u00edt st\u00e1le v\u011bt\u0161\u00ed dopad. Po \u00fatoku mozkomor\u016f na jeho bratrance Dudleyho si Harry uv\u011bdomuje, \u017ee\u00a0Voldemort je ochoten ud\u011blat cokoli, aby ho na\u0161el. Mnoz\u00ed kouzeln\u00edci jeho n\u00e1vrat pop\u00edraj\u00ed, ale Harry nen\u00ed s\u00e1m \u2013 na\u00a0Grimmauldov\u011b n\u00e1m\u011bst\u00ed\u00a0se sch\u00e1z\u00ed tajn\u00fd\u00a0F\u00e9nix\u016fv \u0159\u00e1d, jeho\u017e \u010dlenov\u00e9 bojuj\u00ed proti temn\u00fdm sil\u00e1m. Ve \u0161kole Harry \u010del\u00ed p\u0159\u00edsn\u00e9mu dozoru\u00a0profesorky Umbridgeov\u00e9\u00a0a mus\u00ed se od\u00a0profesora Snapea\u00a0nau\u010dit, jak chr\u00e1nit svou mysl p\u0159ed Voldemortov\u00fdmi \u00fatoky. Krom\u011b \u0161koln\u00edch povinnost\u00ed a tajn\u00fdch v\u00fdcvik\u016f mus\u00ed Harry \u0159e\u0161it i vlastn\u00ed strach a p\u0159ich\u00e1zej\u00edc\u00ed temnotu, zat\u00edmco P\u00e1n zla den ode dne s\u00edl\u00ed. Tento d\u00edl zd\u016fraz\u0148uje\u00a0odvahu, p\u0159\u00e1telstv\u00ed a odpor v\u016f\u010di zlu, a z\u00e1rove\u0148 ukazuje, jak n\u00e1ro\u010dn\u00e9 je dosp\u00edv\u00e1n\u00ed v nebezpe\u010dn\u00e9m sv\u011bt\u011b magie.<\/p>\n","protected":false},"excerpt":{"rendered":"<p>P\u00e1t\u00fd d\u00edl slavn\u00e9 s\u00e9rie sleduje dobrodru\u017estv\u00ed\u00a0Harryho Pottera\u00a0b\u011bhem jeho p\u00e1t\u00e9ho ro\u010dn\u00edku v\u00a0Hogwarts, kde\u00a0temn\u00e9 \u010dasy za\u010d\u00ednaj\u00ed m\u00edt st\u00e1le v\u011bt\u0161\u00ed dopad. Po \u00fatoku mozkomor\u016f na jeho bratrance Dudleyho si Harry uv\u011bdomuje, \u017ee\u00a0Voldemort je ochoten ud\u011blat cokoli, aby ho na\u0161el. Mnoz\u00ed kouzeln\u00edci jeho n\u00e1vrat pop\u00edraj\u00ed, ale Harry nen\u00ed s\u00e1m \u2013 na\u00a0Grimmauldov\u011b n\u00e1m\u011bst\u00ed\u00a0se sch\u00e1z\u00ed tajn\u00fd\u00a0F\u00e9nix\u016fv \u0159\u00e1d, jeho\u017e \u010dlenov\u00e9 bojuj\u00ed proti [&hellip;]<\/p>\n","protected":false},"featured_media":7517,"comment_status":"open","ping_status":"closed","template":"","meta":[],"product_brand":[],"product_cat":[2194],"product_tag":[1115,2198,2197,2196],"class_list":{"0":"post-7505","1":"product","2":"type-product","3":"status-publish","4":"has-post-thumbnail","6":"product_cat-knihy-2025","7":"product_tag-fantasy","8":"product_tag-kouzelnici","9":"product_tag-magie","10":"product_tag-young-adult","12":"first","13":"instock","14":"sale","15":"taxable","16":"shipping-taxable","17":"purchasable","18":"product-type-simple"},"jetpack_sharing_enabled":true,"_links":{"self":[{"href":"https:\/\/etev7e.pef.czu.cz\/zs2223\/wp-json\/wp\/v2\/product\/7505","targetHints":{"allow":["GET"]}}],"collection":[{"href":"https:\/\/etev7e.pef.czu.cz\/zs2223\/wp-json\/wp\/v2\/product"}],"about":[{"href":"https:\/\/etev7e.pef.czu.cz\/zs2223\/wp-json\/wp\/v2\/types\/product"}],"replies":[{"embeddable":true,"href":"https:\/\/etev7e.pef.czu.cz\/zs2223\/wp-json\/wp\/v2\/comments?post=7505"}],"wp:featuredmedia":[{"embeddable":true,"href":"https:\/\/etev7e.pef.czu.cz\/zs2223\/wp-json\/wp\/v2\/media\/7517"}],"wp:attachment":[{"href":"https:\/\/etev7e.pef.czu.cz\/zs2223\/wp-json\/wp\/v2\/media?parent=7505"}],"wp:term":[{"taxonomy":"product_brand","embeddable":true,"href":"https:\/\/etev7e.pef.czu.cz\/zs2223\/wp-json\/wp\/v2\/product_brand?post=7505"},{"taxonomy":"product_cat","embeddable":true,"href":"https:\/\/etev7e.pef.czu.cz\/zs2223\/wp-json\/wp\/v2\/product_cat?post=7505"},{"taxonomy":"product_tag","embeddable":true,"href":"https:\/\/etev7e.pef.czu.cz\/zs2223\/wp-json\/wp\/v2\/product_tag?post=7505"}],"curies":[{"name":"wp","href":"https:\/\/api.w.org\/{rel}","templated":true}]}}