{"id":7578,"date":"2025-11-09T12:42:45","date_gmt":"2025-11-09T11:42:45","guid":{"rendered":"https:\/\/etev7e.pef.czu.cz\/zs2223\/?post_type=product&#038;p=7578"},"modified":"2025-11-09T12:42:45","modified_gmt":"2025-11-09T11:42:45","slug":"matcha-rain","status":"publish","type":"product","link":"https:\/\/etev7e.pef.czu.cz\/zs2223\/produkt\/matcha-rain\/","title":{"rendered":"Matcha Rain"},"content":{"rendered":"<p>\u010cist\u00e1, minimalistick\u00e1 a uklid\u0148uj\u00edc\u00ed \u201ezelen\u00e1\u201c kompozice. Jisk\u0159iv\u00fd bergamot a zelen\u00fd \u010daj matcha se snoub\u00ed s f\u00edkov\u00fdm listem a b\u00edl\u00fdm pi\u017emem. Skv\u011bl\u00e9 do kancel\u00e1\u0159e i na voln\u00fd \u010das po cel\u00fd rok.<\/p>\n<p>Slo\u017een\u00ed v\u016fn\u011b:<br \/>\n&#8211; Hlava: bergamot, zelen\u00e1 mandarinka<br \/>\n&#8211; Srdce: zelen\u00fd \u010daj (matcha), f\u00edkov\u00fd list, mate<br \/>\n&#8211; Z\u00e1klad: b\u00edl\u00e9 pi\u017emo, cedrov\u00e9 d\u0159evo, ambrette<\/p>\n","protected":false},"excerpt":{"rendered":"<p>\u201eLehkost a harmonie \u2013 ide\u00e1ln\u00ed do kancel\u00e1\u0159e i na voln\u00fd \u010das. Minimalistick\u00e1 zelen\u00e1 v\u016fn\u011b: bergamot, \u010daj a b\u00edl\u00e9 pi\u017emo.<br \/>\nRodina v\u016fn\u00ed: zelen\u011b\u2011\u010dajov\u00e1<\/p>\n","protected":false},"featured_media":7579,"comment_status":"open","ping_status":"closed","template":"","meta":[],"product_brand":[2223],"product_cat":[1367],"product_tag":[1096,1099,330,716,1091,317],"class_list":{"0":"post-7578","1":"product","2":"type-product","3":"status-publish","4":"has-post-thumbnail","6":"product_brand-eau-de-parfum","7":"product_cat-parfemy-7","8":"product_tag-damske-parfemy","9":"product_tag-panske-parfemy","10":"product_tag-parfemy","11":"product_tag-premiova-kvalita","12":"product_tag-unisex","13":"product_tag-vune","15":"first","16":"instock","17":"taxable","18":"shipping-taxable","19":"purchasable","20":"product-type-simple"},"jetpack_sharing_enabled":true,"_links":{"self":[{"href":"https:\/\/etev7e.pef.czu.cz\/zs2223\/wp-json\/wp\/v2\/product\/7578","targetHints":{"allow":["GET"]}}],"collection":[{"href":"https:\/\/etev7e.pef.czu.cz\/zs2223\/wp-json\/wp\/v2\/product"}],"about":[{"href":"https:\/\/etev7e.pef.czu.cz\/zs2223\/wp-json\/wp\/v2\/types\/product"}],"replies":[{"embeddable":true,"href":"https:\/\/etev7e.pef.czu.cz\/zs2223\/wp-json\/wp\/v2\/comments?post=7578"}],"wp:featuredmedia":[{"embeddable":true,"href":"https:\/\/etev7e.pef.czu.cz\/zs2223\/wp-json\/wp\/v2\/media\/7579"}],"wp:attachment":[{"href":"https:\/\/etev7e.pef.czu.cz\/zs2223\/wp-json\/wp\/v2\/media?parent=7578"}],"wp:term":[{"taxonomy":"product_brand","embeddable":true,"href":"https:\/\/etev7e.pef.czu.cz\/zs2223\/wp-json\/wp\/v2\/product_brand?post=7578"},{"taxonomy":"product_cat","embeddable":true,"href":"https:\/\/etev7e.pef.czu.cz\/zs2223\/wp-json\/wp\/v2\/product_cat?post=7578"},{"taxonomy":"product_tag","embeddable":true,"href":"https:\/\/etev7e.pef.czu.cz\/zs2223\/wp-json\/wp\/v2\/product_tag?post=7578"}],"curies":[{"name":"wp","href":"https:\/\/api.w.org\/{rel}","templated":true}]}}